{"id":3462,"date":"2020-07-03T17:40:00","date_gmt":"2020-07-03T15:40:00","guid":{"rendered":"https:\/\/feuerwehr-rehau.de\/?post_type=einsatz&#038;p=3462"},"modified":"2020-07-04T09:09:19","modified_gmt":"2020-07-04T07:09:19","slug":"brand-wohnung-2","status":"publish","type":"einsatz","link":"https:\/\/feuerwehr-rehau.de\/?einsatz=brand-wohnung-2","title":{"rendered":"Brand Wohnung"},"content":{"rendered":"\n<p>Einem Rauchwarnmelder sowie der aufmerksamen Nachbarschaft ist es zu verdanken, dass der Brand eines Toasters glimpflich ausging<\/p>\n\n\n\n<p>Als die ersten Kr\u00e4fte der Feuerwehr Rehau eintrafen, drang Rauch aus einem gekippten Fenster und der Rauchwarnmelder im 1. OG des Mehrfamilienhauses piepste. Der bereits auf Anfahrt ausger\u00fcstete Atemschutztrupp ging mittels CAFS-Rohr vor und verschaffte sich Zutritt zu der Brandwohnung. Gleichzeitig wurde mittels DLK ein weiterer Zugangsweg \u00fcber den Balkon geschaffen. Nachdem der Toaster in der K\u00fcche ins Freie gebracht worden war, wurde die Wohnung mittels L\u00fcfter rauchfrei gemacht.<\/p>\n\n\n\n<figure class=\"wp-block-gallery columns-4 is-cropped wp-block-gallery-1 is-layout-flex wp-block-gallery-is-layout-flex\"><ul class=\"blocks-gallery-grid\"><li class=\"blocks-gallery-item\"><figure><a href=\"https:\/\/feuerwehr-rehau.de\/wp-content\/uploads\/2020\/07\/eZy_watermark_03-07-2020_06-17-19.jpg\"><img decoding=\"async\" width=\"1600\" height=\"1200\" src=\"https:\/\/feuerwehr-rehau.de\/wp-content\/uploads\/2020\/07\/eZy_watermark_03-07-2020_06-17-19.jpg\" alt=\"\" data-id=\"3463\" data-full-url=\"https:\/\/feuerwehr-rehau.de\/wp-content\/uploads\/2020\/07\/eZy_watermark_03-07-2020_06-17-19.jpg\" data-link=\"https:\/\/feuerwehr-rehau.de\/?attachment_id=3463\" class=\"wp-image-3463\" srcset=\"https:\/\/feuerwehr-rehau.de\/wp-content\/uploads\/2020\/07\/eZy_watermark_03-07-2020_06-17-19.jpg 1600w, https:\/\/feuerwehr-rehau.de\/wp-content\/uploads\/2020\/07\/eZy_watermark_03-07-2020_06-17-19-1536x1152.jpg 1536w\" sizes=\"(max-width: 1600px) 100vw, 1600px\" \/><\/a><\/figure><\/li><li class=\"blocks-gallery-item\"><figure><a href=\"https:\/\/feuerwehr-rehau.de\/wp-content\/uploads\/2020\/07\/eZy_watermark_03-07-2020_06-16-32.jpg\"><img decoding=\"async\" width=\"900\" height=\"1600\" src=\"https:\/\/feuerwehr-rehau.de\/wp-content\/uploads\/2020\/07\/eZy_watermark_03-07-2020_06-16-32.jpg\" alt=\"\" data-id=\"3464\" data-full-url=\"https:\/\/feuerwehr-rehau.de\/wp-content\/uploads\/2020\/07\/eZy_watermark_03-07-2020_06-16-32.jpg\" data-link=\"https:\/\/feuerwehr-rehau.de\/?attachment_id=3464\" class=\"wp-image-3464\" srcset=\"https:\/\/feuerwehr-rehau.de\/wp-content\/uploads\/2020\/07\/eZy_watermark_03-07-2020_06-16-32.jpg 900w, https:\/\/feuerwehr-rehau.de\/wp-content\/uploads\/2020\/07\/eZy_watermark_03-07-2020_06-16-32-864x1536.jpg 864w\" sizes=\"(max-width: 900px) 100vw, 900px\" \/><\/a><\/figure><\/li><li class=\"blocks-gallery-item\"><figure><a href=\"https:\/\/feuerwehr-rehau.de\/wp-content\/uploads\/2020\/07\/eZy_watermark_03-07-2020_06-15-56.jpg\"><img decoding=\"async\" width=\"1600\" height=\"1200\" src=\"https:\/\/feuerwehr-rehau.de\/wp-content\/uploads\/2020\/07\/eZy_watermark_03-07-2020_06-15-56.jpg\" alt=\"\" data-id=\"3465\" data-full-url=\"https:\/\/feuerwehr-rehau.de\/wp-content\/uploads\/2020\/07\/eZy_watermark_03-07-2020_06-15-56.jpg\" data-link=\"https:\/\/feuerwehr-rehau.de\/?attachment_id=3465\" class=\"wp-image-3465\" srcset=\"https:\/\/feuerwehr-rehau.de\/wp-content\/uploads\/2020\/07\/eZy_watermark_03-07-2020_06-15-56.jpg 1600w, https:\/\/feuerwehr-rehau.de\/wp-content\/uploads\/2020\/07\/eZy_watermark_03-07-2020_06-15-56-1536x1152.jpg 1536w\" sizes=\"(max-width: 1600px) 100vw, 1600px\" \/><\/a><\/figure><\/li><li class=\"blocks-gallery-item\"><figure><a href=\"https:\/\/feuerwehr-rehau.de\/wp-content\/uploads\/2020\/07\/eZy_watermark_03-07-2020_06-15-14.jpg\"><img decoding=\"async\" width=\"1600\" height=\"1200\" src=\"https:\/\/feuerwehr-rehau.de\/wp-content\/uploads\/2020\/07\/eZy_watermark_03-07-2020_06-15-14.jpg\" alt=\"\" data-id=\"3466\" data-full-url=\"https:\/\/feuerwehr-rehau.de\/wp-content\/uploads\/2020\/07\/eZy_watermark_03-07-2020_06-15-14.jpg\" data-link=\"https:\/\/feuerwehr-rehau.de\/?attachment_id=3466\" class=\"wp-image-3466\" srcset=\"https:\/\/feuerwehr-rehau.de\/wp-content\/uploads\/2020\/07\/eZy_watermark_03-07-2020_06-15-14.jpg 1600w, https:\/\/feuerwehr-rehau.de\/wp-content\/uploads\/2020\/07\/eZy_watermark_03-07-2020_06-15-14-1536x1152.jpg 1536w\" sizes=\"(max-width: 1600px) 100vw, 1600px\" \/><\/a><\/figure><\/li><\/ul><\/figure>\n","protected":false},"author":72,"featured_media":3466,"template":"","meta":{"einsatz_weight":1,"footnotes":""},"categories":[1,509],"tags":[],"einsatzart":[446],"fahrzeug":[455,448,456,454,449,459],"exteinsatzmittel":[463,452],"alarmierungsart":[],"evw_unit":[],"class_list":{"0":"post-3462","1":"einsatz","2":"type-einsatz","3":"status-publish","4":"has-post-thumbnail","6":"category-allgemein","7":"category-archiv_","8":"einsatzart-brandeinsatz","9":"fahrzeug-dlk-23-12","10":"fahrzeug-elw-1","11":"fahrzeug-hlf-1620","12":"fahrzeug-lf-2016-p750-cafs","13":"fahrzeug-mzf","14":"fahrzeug-tlf-2450-cafs","15":"exteinsatzmittel-land-2","16":"exteinsatzmittel-land-21","17":"czr-hentry"},"_links":{"self":[{"href":"https:\/\/feuerwehr-rehau.de\/index.php?rest_route=\/wp\/v2\/einsatz\/3462","targetHints":{"allow":["GET"]}}],"collection":[{"href":"https:\/\/feuerwehr-rehau.de\/index.php?rest_route=\/wp\/v2\/einsatz"}],"about":[{"href":"https:\/\/feuerwehr-rehau.de\/index.php?rest_route=\/wp\/v2\/types\/einsatz"}],"author":[{"embeddable":true,"href":"https:\/\/feuerwehr-rehau.de\/index.php?rest_route=\/wp\/v2\/users\/72"}],"version-history":[{"count":4,"href":"https:\/\/feuerwehr-rehau.de\/index.php?rest_route=\/wp\/v2\/einsatz\/3462\/revisions"}],"predecessor-version":[{"id":3471,"href":"https:\/\/feuerwehr-rehau.de\/index.php?rest_route=\/wp\/v2\/einsatz\/3462\/revisions\/3471"}],"wp:featuredmedia":[{"embeddable":true,"href":"https:\/\/feuerwehr-rehau.de\/index.php?rest_route=\/wp\/v2\/media\/3466"}],"wp:attachment":[{"href":"https:\/\/feuerwehr-rehau.de\/index.php?rest_route=%2Fwp%2Fv2%2Fmedia&parent=3462"}],"wp:term":[{"taxonomy":"category","embeddable":true,"href":"https:\/\/feuerwehr-rehau.de\/index.php?rest_route=%2Fwp%2Fv2%2Fcategories&post=3462"},{"taxonomy":"post_tag","embeddable":true,"href":"https:\/\/feuerwehr-rehau.de\/index.php?rest_route=%2Fwp%2Fv2%2Ftags&post=3462"},{"taxonomy":"einsatzart","embeddable":true,"href":"https:\/\/feuerwehr-rehau.de\/index.php?rest_route=%2Fwp%2Fv2%2Feinsatzart&post=3462"},{"taxonomy":"fahrzeug","embeddable":true,"href":"https:\/\/feuerwehr-rehau.de\/index.php?rest_route=%2Fwp%2Fv2%2Ffahrzeug&post=3462"},{"taxonomy":"exteinsatzmittel","embeddable":true,"href":"https:\/\/feuerwehr-rehau.de\/index.php?rest_route=%2Fwp%2Fv2%2Fexteinsatzmittel&post=3462"},{"taxonomy":"alarmierungsart","embeddable":true,"href":"https:\/\/feuerwehr-rehau.de\/index.php?rest_route=%2Fwp%2Fv2%2Falarmierungsart&post=3462"},{"taxonomy":"evw_unit","embeddable":true,"href":"https:\/\/feuerwehr-rehau.de\/index.php?rest_route=%2Fwp%2Fv2%2Fevw_unit&post=3462"}],"curies":[{"name":"wp","href":"https:\/\/api.w.org\/{rel}","templated":true}]}}

<p>Einem Rauchwarnmelder sowie der aufmerksamen Nachbarschaft ist es zu verdanken, dass der Brand eines Toasters glimpflich ausging</p>



<p>Als die ersten Kräfte der Feuerwehr Rehau eintrafen, drang Rauch aus einem gekippten Fenster und der Rauchwarnmelder im 1. OG des Mehrfamilienhauses piepste. Der bereits auf Anfahrt ausgerüstete Atemschutztrupp ging mittels CAFS-Rohr vor und verschaffte sich Zutritt zu der Brandwohnung. Gleichzeitig wurde mittels DLK ein weiterer Zugangsweg über den Balkon geschaffen. Nachdem der Toaster in der Küche ins Freie gebracht worden war, wurde die Wohnung mittels Lüfter rauchfrei gemacht.</p>



<figure class="wp-block-gallery columns-4 is-cropped wp-block-gallery-1 is-layout-flex wp-block-gallery-is-layout-flex"><ul class="blocks-gallery-grid"><li class="blocks-gallery-item"><figure><a href="https://feuerwehr-rehau.de/wp-content/uploads/2020/07/eZy_watermark_03-07-2020_06-17-19.jpg"><img decoding="async" width="1600" height="1200" src="https://feuerwehr-rehau.de/wp-content/uploads/2020/07/eZy_watermark_03-07-2020_06-17-19.jpg" alt="" data-id="3463" data-full-url="https://feuerwehr-rehau.de/wp-content/uploads/2020/07/eZy_watermark_03-07-2020_06-17-19.jpg" data-link="https://feuerwehr-rehau.de/?attachment_id=3463" class="wp-image-3463" srcset="https://feuerwehr-rehau.de/wp-content/uploads/2020/07/eZy_watermark_03-07-2020_06-17-19.jpg 1600w, https://feuerwehr-rehau.de/wp-content/uploads/2020/07/eZy_watermark_03-07-2020_06-17-19-1536x1152.jpg 1536w" sizes="(max-width: 1600px) 100vw, 1600px" /></a></figure></li><li class="blocks-gallery-item"><figure><a href="https://feuerwehr-rehau.de/wp-content/uploads/2020/07/eZy_watermark_03-07-2020_06-16-32.jpg"><img decoding="async" width="900" height="1600" src="https://feuerwehr-rehau.de/wp-content/uploads/2020/07/eZy_watermark_03-07-2020_06-16-32.jpg" alt="" data-id="3464" data-full-url="https://feuerwehr-rehau.de/wp-content/uploads/2020/07/eZy_watermark_03-07-2020_06-16-32.jpg" data-link="https://feuerwehr-rehau.de/?attachment_id=3464" class="wp-image-3464" srcset="https://feuerwehr-rehau.de/wp-content/uploads/2020/07/eZy_watermark_03-07-2020_06-16-32.jpg 900w, https://feuerwehr-rehau.de/wp-content/uploads/2020/07/eZy_watermark_03-07-2020_06-16-32-864x1536.jpg 864w" sizes="(max-width: 900px) 100vw, 900px" /></a></figure></li><li class="blocks-gallery-item"><figure><a href="https://feuerwehr-rehau.de/wp-content/uploads/2020/07/eZy_watermark_03-07-2020_06-15-56.jpg"><img decoding="async" width="1600" height="1200" src="https://feuerwehr-rehau.de/wp-content/uploads/2020/07/eZy_watermark_03-07-2020_06-15-56.jpg" alt="" data-id="3465" data-full-url="https://feuerwehr-rehau.de/wp-content/uploads/2020/07/eZy_watermark_03-07-2020_06-15-56.jpg" data-link="https://feuerwehr-rehau.de/?attachment_id=3465" class="wp-image-3465" srcset="https://feuerwehr-rehau.de/wp-content/uploads/2020/07/eZy_watermark_03-07-2020_06-15-56.jpg 1600w, https://feuerwehr-rehau.de/wp-content/uploads/2020/07/eZy_watermark_03-07-2020_06-15-56-1536x1152.jpg 1536w" sizes="(max-width: 1600px) 100vw, 1600px" /></a></figure></li><li class="blocks-gallery-item"><figure><a href="https://feuerwehr-rehau.de/wp-content/uploads/2020/07/eZy_watermark_03-07-2020_06-15-14.jpg"><img decoding="async" width="1600" height="1200" src="https://feuerwehr-rehau.de/wp-content/uploads/2020/07/eZy_watermark_03-07-2020_06-15-14.jpg" alt="" data-id="3466" data-full-url="https://feuerwehr-rehau.de/wp-content/uploads/2020/07/eZy_watermark_03-07-2020_06-15-14.jpg" data-link="https://feuerwehr-rehau.de/?attachment_id=3466" class="wp-image-3466" srcset="https://feuerwehr-rehau.de/wp-content/uploads/2020/07/eZy_watermark_03-07-2020_06-15-14.jpg 1600w, https://feuerwehr-rehau.de/wp-content/uploads/2020/07/eZy_watermark_03-07-2020_06-15-14-1536x1152.jpg 1536w" sizes="(max-width: 1600px) 100vw, 1600px" /></a></figure></li></ul></figure>
