{"id":4002,"date":"2020-12-27T17:38:00","date_gmt":"2020-12-27T16:38:00","guid":{"rendered":"https:\/\/feuerwehr-rehau.de\/?post_type=einsatz&#038;p=4002"},"modified":"2020-12-28T21:33:40","modified_gmt":"2020-12-28T20:33:40","slug":"brand-zimmer-2","status":"publish","type":"einsatz","link":"https:\/\/feuerwehr-rehau.de\/?einsatz=brand-zimmer-2","title":{"rendered":"Brand Zimmer"},"content":{"rendered":"\n<p>Zu einem Zimmerbrand im OT Fa\u00dfmannsreuth wurde die Feuerwehr Rehau alarmiert. <\/p>\n\n\n\n<p>Laut erster Lagemeldung des bereits vor Ort eintreffenden Kreisbrandinspektors handelt es sich um einen brennenden PC im 1. OG. <\/p>\n\n\n\n<p>Nach Ankunft des L\u00f6schzuges gingen sofort 2 Trupps unter PA ins massiv verrauchte Wohnhaus vor und begannen mit der Brandbek\u00e4mpfung. Zur gleichen Zeit wurde die DLK in Stellung gebracht, um einen m\u00f6glichen Zugang \u00fcber ein Fenster zu gew\u00e4hren. <\/p>\n\n\n\n<p>Nach kurzer Zeit konnte bereits durch einen ATS Trupp &#8222;Feuer aus&#8220; gemeldet werden. Umfangreiche Nachl\u00f6sch- und sucharbeiten unter Atemschutz, aufgrund einer angrenzenden Scheune ohne Brandmauer dazwischen, sowie die Bel\u00fcftung des gesamten Wohnhauses zogen den Einsatz in die L\u00e4nge. <\/p>\n\n\n\n<figure class=\"wp-block-gallery columns-2 is-cropped wp-block-gallery-1 is-layout-flex wp-block-gallery-is-layout-flex\"><ul class=\"blocks-gallery-grid\"><li class=\"blocks-gallery-item\"><figure><a href=\"https:\/\/feuerwehr-rehau.de\/wp-content\/uploads\/2020\/12\/IMG_20201227_190308-scaled.jpg\"><img decoding=\"async\" width=\"200\" height=\"200\" src=\"https:\/\/feuerwehr-rehau.de\/wp-content\/uploads\/2020\/12\/IMG_20201227_190308-200x200.jpg\" alt=\"\" data-id=\"4011\" data-full-url=\"https:\/\/feuerwehr-rehau.de\/wp-content\/uploads\/2020\/12\/IMG_20201227_190308-scaled.jpg\" data-link=\"https:\/\/feuerwehr-rehau.de\/?attachment_id=4011\" class=\"wp-image-4011\"\/><\/a><\/figure><\/li><li class=\"blocks-gallery-item\"><figure><a href=\"https:\/\/feuerwehr-rehau.de\/wp-content\/uploads\/2020\/12\/IMG_20201227_190725_BURST007-scaled.jpg\"><img decoding=\"async\" width=\"200\" height=\"200\" src=\"https:\/\/feuerwehr-rehau.de\/wp-content\/uploads\/2020\/12\/IMG_20201227_190725_BURST007-200x200.jpg\" alt=\"\" data-id=\"4012\" data-full-url=\"https:\/\/feuerwehr-rehau.de\/wp-content\/uploads\/2020\/12\/IMG_20201227_190725_BURST007-scaled.jpg\" data-link=\"https:\/\/feuerwehr-rehau.de\/?attachment_id=4012\" class=\"wp-image-4012\"\/><\/a><\/figure><\/li><\/ul><\/figure>\n","protected":false},"author":72,"featured_media":4013,"template":"","meta":{"einsatz_weight":1,"footnotes":""},"categories":[509],"tags":[],"einsatzart":[446],"fahrzeug":[455,448,456,559,454,449,459],"exteinsatzmittel":[517,529,473,463,452],"alarmierungsart":[],"evw_unit":[],"class_list":{"0":"post-4002","1":"einsatz","2":"type-einsatz","3":"status-publish","4":"has-post-thumbnail","6":"category-archiv_","7":"einsatzart-brandeinsatz","8":"fahrzeug-dlk-23-12","9":"fahrzeug-elw-1","10":"fahrzeug-hlf-1620","11":"fahrzeug-klaf","12":"fahrzeug-lf-2016-p750-cafs","13":"fahrzeug-mzf","14":"fahrzeug-tlf-2450-cafs","15":"exteinsatzmittel-feuerwehr-fassmannsreuth","16":"exteinsatzmittel-feuerwehr-prex","17":"exteinsatzmittel-feuerwehr-regnitzlosau","18":"exteinsatzmittel-land-2","19":"exteinsatzmittel-land-21","20":"czr-hentry"},"_links":{"self":[{"href":"https:\/\/feuerwehr-rehau.de\/index.php?rest_route=\/wp\/v2\/einsatz\/4002","targetHints":{"allow":["GET"]}}],"collection":[{"href":"https:\/\/feuerwehr-rehau.de\/index.php?rest_route=\/wp\/v2\/einsatz"}],"about":[{"href":"https:\/\/feuerwehr-rehau.de\/index.php?rest_route=\/wp\/v2\/types\/einsatz"}],"author":[{"embeddable":true,"href":"https:\/\/feuerwehr-rehau.de\/index.php?rest_route=\/wp\/v2\/users\/72"}],"version-history":[{"count":6,"href":"https:\/\/feuerwehr-rehau.de\/index.php?rest_route=\/wp\/v2\/einsatz\/4002\/revisions"}],"predecessor-version":[{"id":4017,"href":"https:\/\/feuerwehr-rehau.de\/index.php?rest_route=\/wp\/v2\/einsatz\/4002\/revisions\/4017"}],"wp:featuredmedia":[{"embeddable":true,"href":"https:\/\/feuerwehr-rehau.de\/index.php?rest_route=\/wp\/v2\/media\/4013"}],"wp:attachment":[{"href":"https:\/\/feuerwehr-rehau.de\/index.php?rest_route=%2Fwp%2Fv2%2Fmedia&parent=4002"}],"wp:term":[{"taxonomy":"category","embeddable":true,"href":"https:\/\/feuerwehr-rehau.de\/index.php?rest_route=%2Fwp%2Fv2%2Fcategories&post=4002"},{"taxonomy":"post_tag","embeddable":true,"href":"https:\/\/feuerwehr-rehau.de\/index.php?rest_route=%2Fwp%2Fv2%2Ftags&post=4002"},{"taxonomy":"einsatzart","embeddable":true,"href":"https:\/\/feuerwehr-rehau.de\/index.php?rest_route=%2Fwp%2Fv2%2Feinsatzart&post=4002"},{"taxonomy":"fahrzeug","embeddable":true,"href":"https:\/\/feuerwehr-rehau.de\/index.php?rest_route=%2Fwp%2Fv2%2Ffahrzeug&post=4002"},{"taxonomy":"exteinsatzmittel","embeddable":true,"href":"https:\/\/feuerwehr-rehau.de\/index.php?rest_route=%2Fwp%2Fv2%2Fexteinsatzmittel&post=4002"},{"taxonomy":"alarmierungsart","embeddable":true,"href":"https:\/\/feuerwehr-rehau.de\/index.php?rest_route=%2Fwp%2Fv2%2Falarmierungsart&post=4002"},{"taxonomy":"evw_unit","embeddable":true,"href":"https:\/\/feuerwehr-rehau.de\/index.php?rest_route=%2Fwp%2Fv2%2Fevw_unit&post=4002"}],"curies":[{"name":"wp","href":"https:\/\/api.w.org\/{rel}","templated":true}]}}

<p>Zu einem Zimmerbrand im OT Faßmannsreuth wurde die Feuerwehr Rehau alarmiert. </p>



<p>Laut erster Lagemeldung des bereits vor Ort eintreffenden Kreisbrandinspektors handelt es sich um einen brennenden PC im 1. OG. </p>



<p>Nach Ankunft des Löschzuges gingen sofort 2 Trupps unter PA ins massiv verrauchte Wohnhaus vor und begannen mit der Brandbekämpfung. Zur gleichen Zeit wurde die DLK in Stellung gebracht, um einen möglichen Zugang über ein Fenster zu gewähren. </p>



<p>Nach kurzer Zeit konnte bereits durch einen ATS Trupp &#8222;Feuer aus&#8220; gemeldet werden. Umfangreiche Nachlösch- und sucharbeiten unter Atemschutz, aufgrund einer angrenzenden Scheune ohne Brandmauer dazwischen, sowie die Belüftung des gesamten Wohnhauses zogen den Einsatz in die Länge. </p>



<figure class="wp-block-gallery columns-2 is-cropped wp-block-gallery-1 is-layout-flex wp-block-gallery-is-layout-flex"><ul class="blocks-gallery-grid"><li class="blocks-gallery-item"><figure><a href="https://feuerwehr-rehau.de/wp-content/uploads/2020/12/IMG_20201227_190308-scaled.jpg"><img decoding="async" width="200" height="200" src="https://feuerwehr-rehau.de/wp-content/uploads/2020/12/IMG_20201227_190308-200x200.jpg" alt="" data-id="4011" data-full-url="https://feuerwehr-rehau.de/wp-content/uploads/2020/12/IMG_20201227_190308-scaled.jpg" data-link="https://feuerwehr-rehau.de/?attachment_id=4011" class="wp-image-4011"/></a></figure></li><li class="blocks-gallery-item"><figure><a href="https://feuerwehr-rehau.de/wp-content/uploads/2020/12/IMG_20201227_190725_BURST007-scaled.jpg"><img decoding="async" width="200" height="200" src="https://feuerwehr-rehau.de/wp-content/uploads/2020/12/IMG_20201227_190725_BURST007-200x200.jpg" alt="" data-id="4012" data-full-url="https://feuerwehr-rehau.de/wp-content/uploads/2020/12/IMG_20201227_190725_BURST007-scaled.jpg" data-link="https://feuerwehr-rehau.de/?attachment_id=4012" class="wp-image-4012"/></a></figure></li></ul></figure>
