{"id":5225,"date":"2022-01-12T18:01:00","date_gmt":"2022-01-12T17:01:00","guid":{"rendered":"https:\/\/feuerwehr-rehau.de\/?post_type=einsatz&#038;p=5225"},"modified":"2022-01-12T20:06:37","modified_gmt":"2022-01-12T19:06:37","slug":"brand-zimmer-personen-in-gefahr","status":"publish","type":"einsatz","link":"https:\/\/feuerwehr-rehau.de\/?einsatz=brand-zimmer-personen-in-gefahr","title":{"rendered":"Brand Zimmer &#8211; Personen in Gefahr"},"content":{"rendered":"\n<p>Zu einem Zimmerbrand mit Personen in Gefahr wurden die Kr\u00e4fte der Feuerwehr Rehau heute in die Unlitzstra\u00dfe alarmiert. <\/p>\n\n\n\n<p>Nach eintreffen des Rehauer L\u00f6schzuges ging sofort ein Trupp unter schwerem PA ins 3. OG vor und verschaffte sich gewaltsam Zutritt zur Wohnung. Ein zweiter Trupp, sowie der Sicherungstrupp, r\u00fcsteten sich sofort mit aus und blieben auf Bereitschaft am Wohnhaus.<\/p>\n\n\n\n<p>Nach Erkundung durch den Angriffstrupp wurde schnell Entwarnung gegeben. Es befanden sich keine Personen in der Wohnung und der Grund f\u00fcr die ausgel\u00f6sten Heimrauchmelder war angebranntes Essen auf dem Herd.<\/p>\n\n\n\n<p>Nach umfangreichen Bel\u00fcftungsma\u00dfnahmen wurde die Einsatzstelle an den Wohnungseigent\u00fcmer \u00fcbergeben.<\/p>\n\n\n\n<figure class=\"wp-block-gallery columns-1 is-cropped wp-block-gallery-1 is-layout-flex wp-block-gallery-is-layout-flex\"><ul class=\"blocks-gallery-grid\"><li class=\"blocks-gallery-item\"><figure><a href=\"https:\/\/feuerwehr-rehau.de\/wp-content\/uploads\/2022\/01\/IMG_20220112_182148_edit_635439889951476-scaled.jpg\"><img decoding=\"async\" width=\"2500\" height=\"1875\" src=\"https:\/\/feuerwehr-rehau.de\/wp-content\/uploads\/2022\/01\/IMG_20220112_182148_edit_635439889951476-2500x1875.jpg\" alt=\"\" data-id=\"5226\" data-full-url=\"https:\/\/feuerwehr-rehau.de\/wp-content\/uploads\/2022\/01\/IMG_20220112_182148_edit_635439889951476-scaled.jpg\" data-link=\"https:\/\/feuerwehr-rehau.de\/?attachment_id=5226\" class=\"wp-image-5226\" srcset=\"https:\/\/feuerwehr-rehau.de\/wp-content\/uploads\/2022\/01\/IMG_20220112_182148_edit_635439889951476-2500x1875.jpg 2500w, https:\/\/feuerwehr-rehau.de\/wp-content\/uploads\/2022\/01\/IMG_20220112_182148_edit_635439889951476-1600x1200.jpg 1600w, https:\/\/feuerwehr-rehau.de\/wp-content\/uploads\/2022\/01\/IMG_20220112_182148_edit_635439889951476-1536x1152.jpg 1536w, https:\/\/feuerwehr-rehau.de\/wp-content\/uploads\/2022\/01\/IMG_20220112_182148_edit_635439889951476-2048x1536.jpg 2048w\" sizes=\"(max-width: 2500px) 100vw, 2500px\" \/><\/a><\/figure><\/li><\/ul><\/figure>\n","protected":false},"author":72,"featured_media":5226,"template":"","meta":{"einsatz_weight":1,"footnotes":""},"categories":[509],"tags":[],"einsatzart":[446],"fahrzeug":[455,448,456,454,449],"exteinsatzmittel":[504,463,452],"alarmierungsart":[],"evw_unit":[564,563],"class_list":{"0":"post-5225","1":"einsatz","2":"type-einsatz","3":"status-publish","4":"has-post-thumbnail","6":"category-archiv_","7":"einsatzart-brandeinsatz","8":"fahrzeug-dlk-23-12","9":"fahrzeug-elw-1","10":"fahrzeug-hlf-1620","11":"fahrzeug-lf-2016-p750-cafs","12":"fahrzeug-mzf","13":"exteinsatzmittel-feuerwehr-kautendorf","14":"exteinsatzmittel-land-2","15":"exteinsatzmittel-land-21","16":"evw_unit-polizei","17":"evw_unit-rettungsdienst","18":"czr-hentry"},"_links":{"self":[{"href":"https:\/\/feuerwehr-rehau.de\/index.php?rest_route=\/wp\/v2\/einsatz\/5225","targetHints":{"allow":["GET"]}}],"collection":[{"href":"https:\/\/feuerwehr-rehau.de\/index.php?rest_route=\/wp\/v2\/einsatz"}],"about":[{"href":"https:\/\/feuerwehr-rehau.de\/index.php?rest_route=\/wp\/v2\/types\/einsatz"}],"author":[{"embeddable":true,"href":"https:\/\/feuerwehr-rehau.de\/index.php?rest_route=\/wp\/v2\/users\/72"}],"version-history":[{"count":2,"href":"https:\/\/feuerwehr-rehau.de\/index.php?rest_route=\/wp\/v2\/einsatz\/5225\/revisions"}],"predecessor-version":[{"id":5230,"href":"https:\/\/feuerwehr-rehau.de\/index.php?rest_route=\/wp\/v2\/einsatz\/5225\/revisions\/5230"}],"wp:featuredmedia":[{"embeddable":true,"href":"https:\/\/feuerwehr-rehau.de\/index.php?rest_route=\/wp\/v2\/media\/5226"}],"wp:attachment":[{"href":"https:\/\/feuerwehr-rehau.de\/index.php?rest_route=%2Fwp%2Fv2%2Fmedia&parent=5225"}],"wp:term":[{"taxonomy":"category","embeddable":true,"href":"https:\/\/feuerwehr-rehau.de\/index.php?rest_route=%2Fwp%2Fv2%2Fcategories&post=5225"},{"taxonomy":"post_tag","embeddable":true,"href":"https:\/\/feuerwehr-rehau.de\/index.php?rest_route=%2Fwp%2Fv2%2Ftags&post=5225"},{"taxonomy":"einsatzart","embeddable":true,"href":"https:\/\/feuerwehr-rehau.de\/index.php?rest_route=%2Fwp%2Fv2%2Feinsatzart&post=5225"},{"taxonomy":"fahrzeug","embeddable":true,"href":"https:\/\/feuerwehr-rehau.de\/index.php?rest_route=%2Fwp%2Fv2%2Ffahrzeug&post=5225"},{"taxonomy":"exteinsatzmittel","embeddable":true,"href":"https:\/\/feuerwehr-rehau.de\/index.php?rest_route=%2Fwp%2Fv2%2Fexteinsatzmittel&post=5225"},{"taxonomy":"alarmierungsart","embeddable":true,"href":"https:\/\/feuerwehr-rehau.de\/index.php?rest_route=%2Fwp%2Fv2%2Falarmierungsart&post=5225"},{"taxonomy":"evw_unit","embeddable":true,"href":"https:\/\/feuerwehr-rehau.de\/index.php?rest_route=%2Fwp%2Fv2%2Fevw_unit&post=5225"}],"curies":[{"name":"wp","href":"https:\/\/api.w.org\/{rel}","templated":true}]}}

<p>Zu einem Zimmerbrand mit Personen in Gefahr wurden die Kräfte der Feuerwehr Rehau heute in die Unlitzstraße alarmiert. </p>



<p>Nach eintreffen des Rehauer Löschzuges ging sofort ein Trupp unter schwerem PA ins 3. OG vor und verschaffte sich gewaltsam Zutritt zur Wohnung. Ein zweiter Trupp, sowie der Sicherungstrupp, rüsteten sich sofort mit aus und blieben auf Bereitschaft am Wohnhaus.</p>



<p>Nach Erkundung durch den Angriffstrupp wurde schnell Entwarnung gegeben. Es befanden sich keine Personen in der Wohnung und der Grund für die ausgelösten Heimrauchmelder war angebranntes Essen auf dem Herd.</p>



<p>Nach umfangreichen Belüftungsmaßnahmen wurde die Einsatzstelle an den Wohnungseigentümer übergeben.</p>



<figure class="wp-block-gallery columns-1 is-cropped wp-block-gallery-1 is-layout-flex wp-block-gallery-is-layout-flex"><ul class="blocks-gallery-grid"><li class="blocks-gallery-item"><figure><a href="https://feuerwehr-rehau.de/wp-content/uploads/2022/01/IMG_20220112_182148_edit_635439889951476-scaled.jpg"><img decoding="async" width="2500" height="1875" src="https://feuerwehr-rehau.de/wp-content/uploads/2022/01/IMG_20220112_182148_edit_635439889951476-2500x1875.jpg" alt="" data-id="5226" data-full-url="https://feuerwehr-rehau.de/wp-content/uploads/2022/01/IMG_20220112_182148_edit_635439889951476-scaled.jpg" data-link="https://feuerwehr-rehau.de/?attachment_id=5226" class="wp-image-5226" srcset="https://feuerwehr-rehau.de/wp-content/uploads/2022/01/IMG_20220112_182148_edit_635439889951476-2500x1875.jpg 2500w, https://feuerwehr-rehau.de/wp-content/uploads/2022/01/IMG_20220112_182148_edit_635439889951476-1600x1200.jpg 1600w, https://feuerwehr-rehau.de/wp-content/uploads/2022/01/IMG_20220112_182148_edit_635439889951476-1536x1152.jpg 1536w, https://feuerwehr-rehau.de/wp-content/uploads/2022/01/IMG_20220112_182148_edit_635439889951476-2048x1536.jpg 2048w" sizes="(max-width: 2500px) 100vw, 2500px" /></a></figure></li></ul></figure>
