{"id":5597,"date":"2022-05-31T15:16:00","date_gmt":"2022-05-31T13:16:00","guid":{"rendered":"https:\/\/feuerwehr-rehau.de\/?post_type=einsatz&#038;p=5597"},"modified":"2022-06-01T10:50:37","modified_gmt":"2022-06-01T08:50:37","slug":"brand-wald-2","status":"publish","type":"einsatz","link":"https:\/\/feuerwehr-rehau.de\/?einsatz=brand-wald-2","title":{"rendered":"Brand Wald <1000 qm"},"content":{"rendered":"\n<p>Erneut kam es in einem Waldgebiet nahe der Kastanienallee zu einem Brand einer ca zwei Quadratmeter kleinen Fl\u00e4che. Mittels C-Rohr und Netzmittel gro\u00dffl\u00e4chig abgel\u00f6scht.<\/p>\n\n\n\n<figure class=\"wp-block-gallery columns-2 is-cropped wp-block-gallery-1 is-layout-flex wp-block-gallery-is-layout-flex\"><ul class=\"blocks-gallery-grid\"><li class=\"blocks-gallery-item\"><figure><a href=\"https:\/\/feuerwehr-rehau.de\/wp-content\/uploads\/2022\/06\/768-1024_438300766412807.jpg\"><img decoding=\"async\" width=\"768\" height=\"1024\" src=\"https:\/\/feuerwehr-rehau.de\/wp-content\/uploads\/2022\/06\/768-1024_438300766412807.jpg\" alt=\"\" data-id=\"5598\" data-full-url=\"https:\/\/feuerwehr-rehau.de\/wp-content\/uploads\/2022\/06\/768-1024_438300766412807.jpg\" data-link=\"https:\/\/feuerwehr-rehau.de\/?attachment_id=5598\" class=\"wp-image-5598\"\/><\/a><\/figure><\/li><li class=\"blocks-gallery-item\"><figure><a href=\"https:\/\/feuerwehr-rehau.de\/wp-content\/uploads\/2022\/06\/1024-768_438300721768536.jpg\"><img decoding=\"async\" width=\"1024\" height=\"768\" src=\"https:\/\/feuerwehr-rehau.de\/wp-content\/uploads\/2022\/06\/1024-768_438300721768536.jpg\" alt=\"\" data-id=\"5599\" data-full-url=\"https:\/\/feuerwehr-rehau.de\/wp-content\/uploads\/2022\/06\/1024-768_438300721768536.jpg\" data-link=\"https:\/\/feuerwehr-rehau.de\/?attachment_id=5599\" class=\"wp-image-5599\"\/><\/a><\/figure><\/li><\/ul><\/figure>\n","protected":false},"author":72,"featured_media":5598,"template":"","meta":{"einsatz_weight":1,"footnotes":""},"categories":[509],"tags":[],"einsatzart":[446],"fahrzeug":[448,454],"exteinsatzmittel":[452],"alarmierungsart":[],"evw_unit":[564],"class_list":{"0":"post-5597","1":"einsatz","2":"type-einsatz","3":"status-publish","4":"has-post-thumbnail","6":"category-archiv_","7":"einsatzart-brandeinsatz","8":"fahrzeug-elw-1","9":"fahrzeug-lf-2016-p750-cafs","10":"exteinsatzmittel-land-21","11":"evw_unit-polizei","12":"czr-hentry"},"_links":{"self":[{"href":"https:\/\/feuerwehr-rehau.de\/index.php?rest_route=\/wp\/v2\/einsatz\/5597","targetHints":{"allow":["GET"]}}],"collection":[{"href":"https:\/\/feuerwehr-rehau.de\/index.php?rest_route=\/wp\/v2\/einsatz"}],"about":[{"href":"https:\/\/feuerwehr-rehau.de\/index.php?rest_route=\/wp\/v2\/types\/einsatz"}],"author":[{"embeddable":true,"href":"https:\/\/feuerwehr-rehau.de\/index.php?rest_route=\/wp\/v2\/users\/72"}],"version-history":[{"count":1,"href":"https:\/\/feuerwehr-rehau.de\/index.php?rest_route=\/wp\/v2\/einsatz\/5597\/revisions"}],"predecessor-version":[{"id":5600,"href":"https:\/\/feuerwehr-rehau.de\/index.php?rest_route=\/wp\/v2\/einsatz\/5597\/revisions\/5600"}],"wp:featuredmedia":[{"embeddable":true,"href":"https:\/\/feuerwehr-rehau.de\/index.php?rest_route=\/wp\/v2\/media\/5598"}],"wp:attachment":[{"href":"https:\/\/feuerwehr-rehau.de\/index.php?rest_route=%2Fwp%2Fv2%2Fmedia&parent=5597"}],"wp:term":[{"taxonomy":"category","embeddable":true,"href":"https:\/\/feuerwehr-rehau.de\/index.php?rest_route=%2Fwp%2Fv2%2Fcategories&post=5597"},{"taxonomy":"post_tag","embeddable":true,"href":"https:\/\/feuerwehr-rehau.de\/index.php?rest_route=%2Fwp%2Fv2%2Ftags&post=5597"},{"taxonomy":"einsatzart","embeddable":true,"href":"https:\/\/feuerwehr-rehau.de\/index.php?rest_route=%2Fwp%2Fv2%2Feinsatzart&post=5597"},{"taxonomy":"fahrzeug","embeddable":true,"href":"https:\/\/feuerwehr-rehau.de\/index.php?rest_route=%2Fwp%2Fv2%2Ffahrzeug&post=5597"},{"taxonomy":"exteinsatzmittel","embeddable":true,"href":"https:\/\/feuerwehr-rehau.de\/index.php?rest_route=%2Fwp%2Fv2%2Fexteinsatzmittel&post=5597"},{"taxonomy":"alarmierungsart","embeddable":true,"href":"https:\/\/feuerwehr-rehau.de\/index.php?rest_route=%2Fwp%2Fv2%2Falarmierungsart&post=5597"},{"taxonomy":"evw_unit","embeddable":true,"href":"https:\/\/feuerwehr-rehau.de\/index.php?rest_route=%2Fwp%2Fv2%2Fevw_unit&post=5597"}],"curies":[{"name":"wp","href":"https:\/\/api.w.org\/{rel}","templated":true}]}}

<p>Erneut kam es in einem Waldgebiet nahe der Kastanienallee zu einem Brand einer ca zwei Quadratmeter kleinen Fläche. Mittels C-Rohr und Netzmittel großflächig abgelöscht.</p>



<figure class="wp-block-gallery columns-2 is-cropped wp-block-gallery-1 is-layout-flex wp-block-gallery-is-layout-flex"><ul class="blocks-gallery-grid"><li class="blocks-gallery-item"><figure><a href="https://feuerwehr-rehau.de/wp-content/uploads/2022/06/768-1024_438300766412807.jpg"><img decoding="async" width="768" height="1024" src="https://feuerwehr-rehau.de/wp-content/uploads/2022/06/768-1024_438300766412807.jpg" alt="" data-id="5598" data-full-url="https://feuerwehr-rehau.de/wp-content/uploads/2022/06/768-1024_438300766412807.jpg" data-link="https://feuerwehr-rehau.de/?attachment_id=5598" class="wp-image-5598"/></a></figure></li><li class="blocks-gallery-item"><figure><a href="https://feuerwehr-rehau.de/wp-content/uploads/2022/06/1024-768_438300721768536.jpg"><img decoding="async" width="1024" height="768" src="https://feuerwehr-rehau.de/wp-content/uploads/2022/06/1024-768_438300721768536.jpg" alt="" data-id="5599" data-full-url="https://feuerwehr-rehau.de/wp-content/uploads/2022/06/1024-768_438300721768536.jpg" data-link="https://feuerwehr-rehau.de/?attachment_id=5599" class="wp-image-5599"/></a></figure></li></ul></figure>
