{"id":5934,"date":"2022-09-12T17:17:00","date_gmt":"2022-09-12T15:17:00","guid":{"rendered":"https:\/\/feuerwehr-rehau.de\/?post_type=einsatz&#038;p=5934"},"modified":"2022-09-16T17:07:31","modified_gmt":"2022-09-16T15:07:31","slug":"rauchentwicklung-im-gebaeude-4","status":"publish","type":"einsatz","link":"https:\/\/feuerwehr-rehau.de\/?einsatz=rauchentwicklung-im-gebaeude-4","title":{"rendered":"Rauchentwicklung im Geb\u00e4ude"},"content":{"rendered":"\n<p>Angebranntes Essen urs\u00e4chlich f\u00fcr Brandgeruch. Mittels WBK kontrolliert und anschlie\u00dfend an Wohnungseigent\u00fcmer \u00fcbergeben. <\/p>\n","protected":false},"author":72,"featured_media":1522,"template":"","meta":{"einsatz_weight":1,"footnotes":""},"categories":[509],"tags":[],"einsatzart":[446],"fahrzeug":[455,448,454],"exteinsatzmittel":[463,452],"alarmierungsart":[],"evw_unit":[564,563],"class_list":{"0":"post-5934","1":"einsatz","2":"type-einsatz","3":"status-publish","4":"has-post-thumbnail","6":"category-archiv_","7":"einsatzart-brandeinsatz","8":"fahrzeug-dlk-23-12","9":"fahrzeug-elw-1","10":"fahrzeug-lf-2016-p750-cafs","11":"exteinsatzmittel-land-2","12":"exteinsatzmittel-land-21","13":"evw_unit-polizei","14":"evw_unit-rettungsdienst","15":"czr-hentry"},"_links":{"self":[{"href":"https:\/\/feuerwehr-rehau.de\/index.php?rest_route=\/wp\/v2\/einsatz\/5934","targetHints":{"allow":["GET"]}}],"collection":[{"href":"https:\/\/feuerwehr-rehau.de\/index.php?rest_route=\/wp\/v2\/einsatz"}],"about":[{"href":"https:\/\/feuerwehr-rehau.de\/index.php?rest_route=\/wp\/v2\/types\/einsatz"}],"author":[{"embeddable":true,"href":"https:\/\/feuerwehr-rehau.de\/index.php?rest_route=\/wp\/v2\/users\/72"}],"version-history":[{"count":1,"href":"https:\/\/feuerwehr-rehau.de\/index.php?rest_route=\/wp\/v2\/einsatz\/5934\/revisions"}],"predecessor-version":[{"id":5935,"href":"https:\/\/feuerwehr-rehau.de\/index.php?rest_route=\/wp\/v2\/einsatz\/5934\/revisions\/5935"}],"wp:featuredmedia":[{"embeddable":true,"href":"https:\/\/feuerwehr-rehau.de\/index.php?rest_route=\/wp\/v2\/media\/1522"}],"wp:attachment":[{"href":"https:\/\/feuerwehr-rehau.de\/index.php?rest_route=%2Fwp%2Fv2%2Fmedia&parent=5934"}],"wp:term":[{"taxonomy":"category","embeddable":true,"href":"https:\/\/feuerwehr-rehau.de\/index.php?rest_route=%2Fwp%2Fv2%2Fcategories&post=5934"},{"taxonomy":"post_tag","embeddable":true,"href":"https:\/\/feuerwehr-rehau.de\/index.php?rest_route=%2Fwp%2Fv2%2Ftags&post=5934"},{"taxonomy":"einsatzart","embeddable":true,"href":"https:\/\/feuerwehr-rehau.de\/index.php?rest_route=%2Fwp%2Fv2%2Feinsatzart&post=5934"},{"taxonomy":"fahrzeug","embeddable":true,"href":"https:\/\/feuerwehr-rehau.de\/index.php?rest_route=%2Fwp%2Fv2%2Ffahrzeug&post=5934"},{"taxonomy":"exteinsatzmittel","embeddable":true,"href":"https:\/\/feuerwehr-rehau.de\/index.php?rest_route=%2Fwp%2Fv2%2Fexteinsatzmittel&post=5934"},{"taxonomy":"alarmierungsart","embeddable":true,"href":"https:\/\/feuerwehr-rehau.de\/index.php?rest_route=%2Fwp%2Fv2%2Falarmierungsart&post=5934"},{"taxonomy":"evw_unit","embeddable":true,"href":"https:\/\/feuerwehr-rehau.de\/index.php?rest_route=%2Fwp%2Fv2%2Fevw_unit&post=5934"}],"curies":[{"name":"wp","href":"https:\/\/api.w.org\/{rel}","templated":true}]}}

Rauchentwicklung im Gebäude

<p>Angebranntes Essen ursächlich für Brandgeruch. Mittels WBK kontrolliert und anschließend an Wohnungseigentümer übergeben. </p>
