{"id":7090,"date":"2024-05-09T19:31:00","date_gmt":"2024-05-09T17:31:00","guid":{"rendered":"https:\/\/feuerwehr-rehau.de\/?post_type=einsatz&#038;p=7090"},"modified":"2024-05-23T10:31:07","modified_gmt":"2024-05-23T08:31:07","slug":"strasse-reinigen-12","status":"publish","type":"einsatz","link":"https:\/\/feuerwehr-rehau.de\/?einsatz=strasse-reinigen-12","title":{"rendered":"Stra\u00dfe reinigen"},"content":{"rendered":"\n<p>L\u00e4ngere \u00d6lspur im Bereich Hofer Stra\u00dfe. Im Kurvenbereich mittels \u00d6lbinder abgestreut und anschlie\u00dfend Beschilderung aufgebaut.<\/p>\n\n\n\n<figure class=\"wp-block-gallery has-nested-images columns-default is-cropped wp-block-gallery-1 is-layout-flex wp-block-gallery-is-layout-flex\">\n<figure class=\"wp-block-image size-large\"><img decoding=\"async\" width=\"774\" height=\"960\" data-id=\"7091\" src=\"https:\/\/feuerwehr-rehau.de\/wp-content\/uploads\/2024\/05\/FB_IMG_1716452947081.jpg\" alt=\"\" class=\"wp-image-7091\"\/><\/figure>\n\n\n\n<figure class=\"wp-block-image size-large\"><img decoding=\"async\" width=\"770\" height=\"960\" data-id=\"7092\" src=\"https:\/\/feuerwehr-rehau.de\/wp-content\/uploads\/2024\/05\/FB_IMG_1716452944714.jpg\" alt=\"\" class=\"wp-image-7092\"\/><\/figure>\n<\/figure>\n","protected":false},"author":72,"featured_media":7091,"template":"","meta":{"einsatz_weight":1,"footnotes":""},"categories":[509],"tags":[],"einsatzart":[445],"fahrzeug":[448,456,458],"exteinsatzmittel":[452],"alarmierungsart":[],"evw_unit":[564],"class_list":{"0":"post-7090","1":"einsatz","2":"type-einsatz","3":"status-publish","4":"has-post-thumbnail","6":"category-archiv_","7":"einsatzart-technische-hilfeleistung","8":"fahrzeug-elw-1","9":"fahrzeug-hlf-1620","10":"fahrzeug-sw-2000","11":"exteinsatzmittel-land-21","12":"evw_unit-polizei","13":"czr-hentry"},"_links":{"self":[{"href":"https:\/\/feuerwehr-rehau.de\/index.php?rest_route=\/wp\/v2\/einsatz\/7090","targetHints":{"allow":["GET"]}}],"collection":[{"href":"https:\/\/feuerwehr-rehau.de\/index.php?rest_route=\/wp\/v2\/einsatz"}],"about":[{"href":"https:\/\/feuerwehr-rehau.de\/index.php?rest_route=\/wp\/v2\/types\/einsatz"}],"author":[{"embeddable":true,"href":"https:\/\/feuerwehr-rehau.de\/index.php?rest_route=\/wp\/v2\/users\/72"}],"version-history":[{"count":1,"href":"https:\/\/feuerwehr-rehau.de\/index.php?rest_route=\/wp\/v2\/einsatz\/7090\/revisions"}],"predecessor-version":[{"id":7097,"href":"https:\/\/feuerwehr-rehau.de\/index.php?rest_route=\/wp\/v2\/einsatz\/7090\/revisions\/7097"}],"wp:featuredmedia":[{"embeddable":true,"href":"https:\/\/feuerwehr-rehau.de\/index.php?rest_route=\/wp\/v2\/media\/7091"}],"wp:attachment":[{"href":"https:\/\/feuerwehr-rehau.de\/index.php?rest_route=%2Fwp%2Fv2%2Fmedia&parent=7090"}],"wp:term":[{"taxonomy":"category","embeddable":true,"href":"https:\/\/feuerwehr-rehau.de\/index.php?rest_route=%2Fwp%2Fv2%2Fcategories&post=7090"},{"taxonomy":"post_tag","embeddable":true,"href":"https:\/\/feuerwehr-rehau.de\/index.php?rest_route=%2Fwp%2Fv2%2Ftags&post=7090"},{"taxonomy":"einsatzart","embeddable":true,"href":"https:\/\/feuerwehr-rehau.de\/index.php?rest_route=%2Fwp%2Fv2%2Feinsatzart&post=7090"},{"taxonomy":"fahrzeug","embeddable":true,"href":"https:\/\/feuerwehr-rehau.de\/index.php?rest_route=%2Fwp%2Fv2%2Ffahrzeug&post=7090"},{"taxonomy":"exteinsatzmittel","embeddable":true,"href":"https:\/\/feuerwehr-rehau.de\/index.php?rest_route=%2Fwp%2Fv2%2Fexteinsatzmittel&post=7090"},{"taxonomy":"alarmierungsart","embeddable":true,"href":"https:\/\/feuerwehr-rehau.de\/index.php?rest_route=%2Fwp%2Fv2%2Falarmierungsart&post=7090"},{"taxonomy":"evw_unit","embeddable":true,"href":"https:\/\/feuerwehr-rehau.de\/index.php?rest_route=%2Fwp%2Fv2%2Fevw_unit&post=7090"}],"curies":[{"name":"wp","href":"https:\/\/api.w.org\/{rel}","templated":true}]}}

Straße reinigen

<p>Längere Ölspur im Bereich Hofer Straße. Im Kurvenbereich mittels Ölbinder abgestreut und anschließend Beschilderung aufgebaut.</p>



<figure class="wp-block-gallery has-nested-images columns-default is-cropped wp-block-gallery-1 is-layout-flex wp-block-gallery-is-layout-flex">
<figure class="wp-block-image size-large"><img decoding="async" width="774" height="960" data-id="7091" src="https://feuerwehr-rehau.de/wp-content/uploads/2024/05/FB_IMG_1716452947081.jpg" alt="" class="wp-image-7091"/></figure>



<figure class="wp-block-image size-large"><img decoding="async" width="770" height="960" data-id="7092" src="https://feuerwehr-rehau.de/wp-content/uploads/2024/05/FB_IMG_1716452944714.jpg" alt="" class="wp-image-7092"/></figure>
</figure>
