{"id":7342,"date":"2024-08-25T16:05:00","date_gmt":"2024-08-25T14:05:00","guid":{"rendered":"https:\/\/feuerwehr-rehau.de\/?post_type=einsatz&#038;p=7342"},"modified":"2024-08-29T09:10:38","modified_gmt":"2024-08-29T07:10:38","slug":"brand-gartenhuette-11","status":"publish","type":"einsatz","link":"https:\/\/feuerwehr-rehau.de\/?einsatz=brand-gartenhuette-11","title":{"rendered":"Brand Gartenh\u00fctte"},"content":{"rendered":"\n<p>Brand von Gestr\u00fcpp und \u00c4sten hinter einer Gartenh\u00fctte. Bei Eintreffen der ersten Kr\u00e4fte wurde das Feuer bereits durch Anwohner abgel\u00f6scht. <\/p>\n\n\n\n<p>Durch die Feuerwehr Rehau wurde der Bereich von ca. 4 qm mit Netzmittel eingedeckt und anschlie\u00dfend die Einsatzstelle an die Polizei \u00fcbergeben.<\/p>\n","protected":false},"author":72,"featured_media":7085,"template":"","meta":{"einsatz_weight":1,"footnotes":""},"categories":[509],"tags":[],"einsatzart":[446],"fahrzeug":[448,456,454,459],"exteinsatzmittel":[486,463,452],"alarmierungsart":[],"evw_unit":[564,563],"class_list":{"0":"post-7342","1":"einsatz","2":"type-einsatz","3":"status-publish","4":"has-post-thumbnail","6":"category-archiv_","7":"einsatzart-brandeinsatz","8":"fahrzeug-elw-1","9":"fahrzeug-hlf-1620","10":"fahrzeug-lf-2016-p750-cafs","11":"fahrzeug-tlf-2450-cafs","12":"exteinsatzmittel-feuerwehr-pilgramsreuth","13":"exteinsatzmittel-land-2","14":"exteinsatzmittel-land-21","15":"evw_unit-polizei","16":"evw_unit-rettungsdienst","17":"czr-hentry"},"_links":{"self":[{"href":"https:\/\/feuerwehr-rehau.de\/index.php?rest_route=\/wp\/v2\/einsatz\/7342","targetHints":{"allow":["GET"]}}],"collection":[{"href":"https:\/\/feuerwehr-rehau.de\/index.php?rest_route=\/wp\/v2\/einsatz"}],"about":[{"href":"https:\/\/feuerwehr-rehau.de\/index.php?rest_route=\/wp\/v2\/types\/einsatz"}],"author":[{"embeddable":true,"href":"https:\/\/feuerwehr-rehau.de\/index.php?rest_route=\/wp\/v2\/users\/72"}],"version-history":[{"count":1,"href":"https:\/\/feuerwehr-rehau.de\/index.php?rest_route=\/wp\/v2\/einsatz\/7342\/revisions"}],"predecessor-version":[{"id":7343,"href":"https:\/\/feuerwehr-rehau.de\/index.php?rest_route=\/wp\/v2\/einsatz\/7342\/revisions\/7343"}],"wp:featuredmedia":[{"embeddable":true,"href":"https:\/\/feuerwehr-rehau.de\/index.php?rest_route=\/wp\/v2\/media\/7085"}],"wp:attachment":[{"href":"https:\/\/feuerwehr-rehau.de\/index.php?rest_route=%2Fwp%2Fv2%2Fmedia&parent=7342"}],"wp:term":[{"taxonomy":"category","embeddable":true,"href":"https:\/\/feuerwehr-rehau.de\/index.php?rest_route=%2Fwp%2Fv2%2Fcategories&post=7342"},{"taxonomy":"post_tag","embeddable":true,"href":"https:\/\/feuerwehr-rehau.de\/index.php?rest_route=%2Fwp%2Fv2%2Ftags&post=7342"},{"taxonomy":"einsatzart","embeddable":true,"href":"https:\/\/feuerwehr-rehau.de\/index.php?rest_route=%2Fwp%2Fv2%2Feinsatzart&post=7342"},{"taxonomy":"fahrzeug","embeddable":true,"href":"https:\/\/feuerwehr-rehau.de\/index.php?rest_route=%2Fwp%2Fv2%2Ffahrzeug&post=7342"},{"taxonomy":"exteinsatzmittel","embeddable":true,"href":"https:\/\/feuerwehr-rehau.de\/index.php?rest_route=%2Fwp%2Fv2%2Fexteinsatzmittel&post=7342"},{"taxonomy":"alarmierungsart","embeddable":true,"href":"https:\/\/feuerwehr-rehau.de\/index.php?rest_route=%2Fwp%2Fv2%2Falarmierungsart&post=7342"},{"taxonomy":"evw_unit","embeddable":true,"href":"https:\/\/feuerwehr-rehau.de\/index.php?rest_route=%2Fwp%2Fv2%2Fevw_unit&post=7342"}],"curies":[{"name":"wp","href":"https:\/\/api.w.org\/{rel}","templated":true}]}}

Brand Gartenhütte

<p>Brand von Gestrüpp und Ästen hinter einer Gartenhütte. Bei Eintreffen der ersten Kräfte wurde das Feuer bereits durch Anwohner abgelöscht. </p>



<p>Durch die Feuerwehr Rehau wurde der Bereich von ca. 4 qm mit Netzmittel eingedeckt und anschließend die Einsatzstelle an die Polizei übergeben.</p>
