{"id":7540,"date":"2024-10-26T16:33:00","date_gmt":"2024-10-26T14:33:00","guid":{"rendered":"https:\/\/feuerwehr-rehau.de\/?post_type=einsatz&#038;p=7540"},"modified":"2024-10-29T00:07:04","modified_gmt":"2024-10-28T23:07:04","slug":"verkehrsunfall-mit-pkw-6","status":"publish","type":"einsatz","link":"https:\/\/feuerwehr-rehau.de\/?einsatz=verkehrsunfall-mit-pkw-6","title":{"rendered":"Verkehrsunfall mit PKW"},"content":{"rendered":"\n<p>Ein PKW krachte aus unbekannter Ursache in die Mittelleitplanke, drehte sich anschlie\u00dfend um die eigene Achse, und landete im Stra\u00dfengraben. Verletzt wurde niemand. Die Feuerwehr Rehau sicherte die Unfallstelle, \u00fcbernahm eine Verkehrsabsicherung und nahm ausgelaufene Betriebsmittel auf. <\/p>\n\n\n\n<figure class=\"wp-block-gallery has-nested-images columns-default is-cropped wp-block-gallery-1 is-layout-flex wp-block-gallery-is-layout-flex\">\n<figure class=\"wp-block-image size-large\"><img decoding=\"async\" width=\"1875\" height=\"2500\" data-id=\"7544\" src=\"https:\/\/feuerwehr-rehau.de\/wp-content\/uploads\/2024\/10\/24-10-26-16-57-02-0677-1-1875x2500.jpg\" alt=\"\" class=\"wp-image-7544\" srcset=\"https:\/\/feuerwehr-rehau.de\/wp-content\/uploads\/2024\/10\/24-10-26-16-57-02-0677-1-1875x2500.jpg 1875w, https:\/\/feuerwehr-rehau.de\/wp-content\/uploads\/2024\/10\/24-10-26-16-57-02-0677-1-1200x1600.jpg 1200w, https:\/\/feuerwehr-rehau.de\/wp-content\/uploads\/2024\/10\/24-10-26-16-57-02-0677-1-1152x1536.jpg 1152w, https:\/\/feuerwehr-rehau.de\/wp-content\/uploads\/2024\/10\/24-10-26-16-57-02-0677-1-1536x2048.jpg 1536w, https:\/\/feuerwehr-rehau.de\/wp-content\/uploads\/2024\/10\/24-10-26-16-57-02-0677-1-scaled.jpg 1920w\" sizes=\"(max-width: 1875px) 100vw, 1875px\" \/><\/figure>\n\n\n\n<figure class=\"wp-block-image size-large\"><img decoding=\"async\" width=\"2500\" height=\"1875\" data-id=\"7542\" src=\"https:\/\/feuerwehr-rehau.de\/wp-content\/uploads\/2024\/10\/24-10-26-17-15-44-0687-2500x1875.jpg\" alt=\"\" class=\"wp-image-7542\" srcset=\"https:\/\/feuerwehr-rehau.de\/wp-content\/uploads\/2024\/10\/24-10-26-17-15-44-0687-2500x1875.jpg 2500w, https:\/\/feuerwehr-rehau.de\/wp-content\/uploads\/2024\/10\/24-10-26-17-15-44-0687-1600x1200.jpg 1600w, https:\/\/feuerwehr-rehau.de\/wp-content\/uploads\/2024\/10\/24-10-26-17-15-44-0687-1536x1152.jpg 1536w, https:\/\/feuerwehr-rehau.de\/wp-content\/uploads\/2024\/10\/24-10-26-17-15-44-0687-2048x1536.jpg 2048w\" sizes=\"(max-width: 2500px) 100vw, 2500px\" \/><\/figure>\n\n\n\n<figure class=\"wp-block-image size-large\"><img decoding=\"async\" width=\"2500\" height=\"1875\" data-id=\"7545\" src=\"https:\/\/feuerwehr-rehau.de\/wp-content\/uploads\/2024\/10\/24-10-26-16-55-19-0662-2500x1875.jpg\" alt=\"\" class=\"wp-image-7545\" srcset=\"https:\/\/feuerwehr-rehau.de\/wp-content\/uploads\/2024\/10\/24-10-26-16-55-19-0662-2500x1875.jpg 2500w, https:\/\/feuerwehr-rehau.de\/wp-content\/uploads\/2024\/10\/24-10-26-16-55-19-0662-1600x1200.jpg 1600w, https:\/\/feuerwehr-rehau.de\/wp-content\/uploads\/2024\/10\/24-10-26-16-55-19-0662-1536x1152.jpg 1536w, https:\/\/feuerwehr-rehau.de\/wp-content\/uploads\/2024\/10\/24-10-26-16-55-19-0662-2048x1536.jpg 2048w\" sizes=\"(max-width: 2500px) 100vw, 2500px\" \/><\/figure>\n<\/figure>\n","protected":false},"author":184,"featured_media":7541,"template":"","meta":{"einsatz_weight":1,"footnotes":""},"categories":[509],"tags":[],"einsatzart":[445],"fahrzeug":[448,456,458,461],"exteinsatzmittel":[452],"alarmierungsart":[],"evw_unit":[564,563],"class_list":{"0":"post-7540","1":"einsatz","2":"type-einsatz","3":"status-publish","4":"has-post-thumbnail","6":"category-archiv_","7":"einsatzart-technische-hilfeleistung","8":"fahrzeug-elw-1","9":"fahrzeug-hlf-1620","10":"fahrzeug-sw-2000","11":"fahrzeug-vsa","12":"exteinsatzmittel-land-21","13":"evw_unit-polizei","14":"evw_unit-rettungsdienst","15":"czr-hentry"},"_links":{"self":[{"href":"https:\/\/feuerwehr-rehau.de\/index.php?rest_route=\/wp\/v2\/einsatz\/7540","targetHints":{"allow":["GET"]}}],"collection":[{"href":"https:\/\/feuerwehr-rehau.de\/index.php?rest_route=\/wp\/v2\/einsatz"}],"about":[{"href":"https:\/\/feuerwehr-rehau.de\/index.php?rest_route=\/wp\/v2\/types\/einsatz"}],"author":[{"embeddable":true,"href":"https:\/\/feuerwehr-rehau.de\/index.php?rest_route=\/wp\/v2\/users\/184"}],"version-history":[{"count":2,"href":"https:\/\/feuerwehr-rehau.de\/index.php?rest_route=\/wp\/v2\/einsatz\/7540\/revisions"}],"predecessor-version":[{"id":7546,"href":"https:\/\/feuerwehr-rehau.de\/index.php?rest_route=\/wp\/v2\/einsatz\/7540\/revisions\/7546"}],"wp:featuredmedia":[{"embeddable":true,"href":"https:\/\/feuerwehr-rehau.de\/index.php?rest_route=\/wp\/v2\/media\/7541"}],"wp:attachment":[{"href":"https:\/\/feuerwehr-rehau.de\/index.php?rest_route=%2Fwp%2Fv2%2Fmedia&parent=7540"}],"wp:term":[{"taxonomy":"category","embeddable":true,"href":"https:\/\/feuerwehr-rehau.de\/index.php?rest_route=%2Fwp%2Fv2%2Fcategories&post=7540"},{"taxonomy":"post_tag","embeddable":true,"href":"https:\/\/feuerwehr-rehau.de\/index.php?rest_route=%2Fwp%2Fv2%2Ftags&post=7540"},{"taxonomy":"einsatzart","embeddable":true,"href":"https:\/\/feuerwehr-rehau.de\/index.php?rest_route=%2Fwp%2Fv2%2Feinsatzart&post=7540"},{"taxonomy":"fahrzeug","embeddable":true,"href":"https:\/\/feuerwehr-rehau.de\/index.php?rest_route=%2Fwp%2Fv2%2Ffahrzeug&post=7540"},{"taxonomy":"exteinsatzmittel","embeddable":true,"href":"https:\/\/feuerwehr-rehau.de\/index.php?rest_route=%2Fwp%2Fv2%2Fexteinsatzmittel&post=7540"},{"taxonomy":"alarmierungsart","embeddable":true,"href":"https:\/\/feuerwehr-rehau.de\/index.php?rest_route=%2Fwp%2Fv2%2Falarmierungsart&post=7540"},{"taxonomy":"evw_unit","embeddable":true,"href":"https:\/\/feuerwehr-rehau.de\/index.php?rest_route=%2Fwp%2Fv2%2Fevw_unit&post=7540"}],"curies":[{"name":"wp","href":"https:\/\/api.w.org\/{rel}","templated":true}]}}

<p>Ein PKW krachte aus unbekannter Ursache in die Mittelleitplanke, drehte sich anschließend um die eigene Achse, und landete im Straßengraben. Verletzt wurde niemand. Die Feuerwehr Rehau sicherte die Unfallstelle, übernahm eine Verkehrsabsicherung und nahm ausgelaufene Betriebsmittel auf. </p>



<figure class="wp-block-gallery has-nested-images columns-default is-cropped wp-block-gallery-1 is-layout-flex wp-block-gallery-is-layout-flex">
<figure class="wp-block-image size-large"><img decoding="async" width="1875" height="2500" data-id="7544" src="https://feuerwehr-rehau.de/wp-content/uploads/2024/10/24-10-26-16-57-02-0677-1-1875x2500.jpg" alt="" class="wp-image-7544" srcset="https://feuerwehr-rehau.de/wp-content/uploads/2024/10/24-10-26-16-57-02-0677-1-1875x2500.jpg 1875w, https://feuerwehr-rehau.de/wp-content/uploads/2024/10/24-10-26-16-57-02-0677-1-1200x1600.jpg 1200w, https://feuerwehr-rehau.de/wp-content/uploads/2024/10/24-10-26-16-57-02-0677-1-1152x1536.jpg 1152w, https://feuerwehr-rehau.de/wp-content/uploads/2024/10/24-10-26-16-57-02-0677-1-1536x2048.jpg 1536w, https://feuerwehr-rehau.de/wp-content/uploads/2024/10/24-10-26-16-57-02-0677-1-scaled.jpg 1920w" sizes="(max-width: 1875px) 100vw, 1875px" /></figure>



<figure class="wp-block-image size-large"><img decoding="async" width="2500" height="1875" data-id="7542" src="https://feuerwehr-rehau.de/wp-content/uploads/2024/10/24-10-26-17-15-44-0687-2500x1875.jpg" alt="" class="wp-image-7542" srcset="https://feuerwehr-rehau.de/wp-content/uploads/2024/10/24-10-26-17-15-44-0687-2500x1875.jpg 2500w, https://feuerwehr-rehau.de/wp-content/uploads/2024/10/24-10-26-17-15-44-0687-1600x1200.jpg 1600w, https://feuerwehr-rehau.de/wp-content/uploads/2024/10/24-10-26-17-15-44-0687-1536x1152.jpg 1536w, https://feuerwehr-rehau.de/wp-content/uploads/2024/10/24-10-26-17-15-44-0687-2048x1536.jpg 2048w" sizes="(max-width: 2500px) 100vw, 2500px" /></figure>



<figure class="wp-block-image size-large"><img decoding="async" width="2500" height="1875" data-id="7545" src="https://feuerwehr-rehau.de/wp-content/uploads/2024/10/24-10-26-16-55-19-0662-2500x1875.jpg" alt="" class="wp-image-7545" srcset="https://feuerwehr-rehau.de/wp-content/uploads/2024/10/24-10-26-16-55-19-0662-2500x1875.jpg 2500w, https://feuerwehr-rehau.de/wp-content/uploads/2024/10/24-10-26-16-55-19-0662-1600x1200.jpg 1600w, https://feuerwehr-rehau.de/wp-content/uploads/2024/10/24-10-26-16-55-19-0662-1536x1152.jpg 1536w, https://feuerwehr-rehau.de/wp-content/uploads/2024/10/24-10-26-16-55-19-0662-2048x1536.jpg 2048w" sizes="(max-width: 2500px) 100vw, 2500px" /></figure>
</figure>
