{"id":7581,"date":"2024-11-10T06:36:00","date_gmt":"2024-11-10T05:36:00","guid":{"rendered":"https:\/\/feuerwehr-rehau.de\/?post_type=einsatz&#038;p=7581"},"modified":"2024-11-10T09:45:34","modified_gmt":"2024-11-10T08:45:34","slug":"brand-bauernhof","status":"publish","type":"einsatz","link":"https:\/\/feuerwehr-rehau.de\/?einsatz=brand-bauernhof","title":{"rendered":"Brand Bauernhof"},"content":{"rendered":"\n<p>Wir wurden gegen 6:30 Uhr mit unserer DLK und Atemschutzpersonal nach Sch\u00f6nwald alarmiert, dort wurde ein brennender Bauernhof alarmiert. Ein Trupp der Feuerwehr Rehau unterst\u00fctzte beim abl\u00f6schen der Heuballen, ein anderer Trupp stellte den Sicherungstrupp. <\/p>\n\n\n\n<figure class=\"wp-block-gallery has-nested-images columns-default is-cropped wp-block-gallery-1 is-layout-flex wp-block-gallery-is-layout-flex\">\n<figure class=\"wp-block-image size-large\"><img decoding=\"async\" width=\"2500\" height=\"1875\" data-id=\"7623\" src=\"https:\/\/feuerwehr-rehau.de\/wp-content\/uploads\/2024\/11\/IMG_5864-10-2500x1875.jpg\" alt=\"\" class=\"wp-image-7623\" srcset=\"https:\/\/feuerwehr-rehau.de\/wp-content\/uploads\/2024\/11\/IMG_5864-10-2500x1875.jpg 2500w, https:\/\/feuerwehr-rehau.de\/wp-content\/uploads\/2024\/11\/IMG_5864-10-1600x1200.jpg 1600w, https:\/\/feuerwehr-rehau.de\/wp-content\/uploads\/2024\/11\/IMG_5864-10-1536x1152.jpg 1536w, https:\/\/feuerwehr-rehau.de\/wp-content\/uploads\/2024\/11\/IMG_5864-10-2048x1536.jpg 2048w\" sizes=\"(max-width: 2500px) 100vw, 2500px\" \/><\/figure>\n\n\n\n<figure class=\"wp-block-image size-large\"><img decoding=\"async\" width=\"1875\" height=\"2500\" data-id=\"7622\" src=\"https:\/\/feuerwehr-rehau.de\/wp-content\/uploads\/2024\/11\/IMG_5860-8-1875x2500.jpg\" alt=\"\" class=\"wp-image-7622\" srcset=\"https:\/\/feuerwehr-rehau.de\/wp-content\/uploads\/2024\/11\/IMG_5860-8-1875x2500.jpg 1875w, https:\/\/feuerwehr-rehau.de\/wp-content\/uploads\/2024\/11\/IMG_5860-8-1200x1600.jpg 1200w, https:\/\/feuerwehr-rehau.de\/wp-content\/uploads\/2024\/11\/IMG_5860-8-1152x1536.jpg 1152w, https:\/\/feuerwehr-rehau.de\/wp-content\/uploads\/2024\/11\/IMG_5860-8-1536x2048.jpg 1536w, https:\/\/feuerwehr-rehau.de\/wp-content\/uploads\/2024\/11\/IMG_5860-8-scaled.jpg 1920w\" sizes=\"(max-width: 1875px) 100vw, 1875px\" \/><\/figure>\n\n\n\n<figure class=\"wp-block-image size-large\"><img decoding=\"async\" width=\"2000\" height=\"1126\" data-id=\"7620\" src=\"https:\/\/feuerwehr-rehau.de\/wp-content\/uploads\/2024\/11\/24-11-10-07-50-04-c3bf-3.jpg\" alt=\"\" class=\"wp-image-7620\" srcset=\"https:\/\/feuerwehr-rehau.de\/wp-content\/uploads\/2024\/11\/24-11-10-07-50-04-c3bf-3.jpg 2000w, https:\/\/feuerwehr-rehau.de\/wp-content\/uploads\/2024\/11\/24-11-10-07-50-04-c3bf-3-1600x901.jpg 1600w, https:\/\/feuerwehr-rehau.de\/wp-content\/uploads\/2024\/11\/24-11-10-07-50-04-c3bf-3-1536x865.jpg 1536w\" sizes=\"(max-width: 2000px) 100vw, 2000px\" \/><\/figure>\n\n\n\n<figure class=\"wp-block-image size-large\"><img decoding=\"async\" width=\"1600\" height=\"900\" data-id=\"7621\" src=\"https:\/\/feuerwehr-rehau.de\/wp-content\/uploads\/2024\/11\/24-11-10-07-50-04-b2d8-2.jpg\" alt=\"\" class=\"wp-image-7621\" srcset=\"https:\/\/feuerwehr-rehau.de\/wp-content\/uploads\/2024\/11\/24-11-10-07-50-04-b2d8-2.jpg 1600w, https:\/\/feuerwehr-rehau.de\/wp-content\/uploads\/2024\/11\/24-11-10-07-50-04-b2d8-2-1536x864.jpg 1536w\" sizes=\"(max-width: 1600px) 100vw, 1600px\" \/><\/figure>\n<\/figure>\n\n\n\n<figure class=\"wp-block-gallery has-nested-images columns-default is-cropped wp-block-gallery-2 is-layout-flex wp-block-gallery-is-layout-flex\">\n<figure class=\"wp-block-image size-large\"><img decoding=\"async\" width=\"2048\" height=\"1536\" data-id=\"7624\" src=\"https:\/\/feuerwehr-rehau.de\/wp-content\/uploads\/2024\/11\/24-11-10-08-38-59-050d-1.jpg\" alt=\"\" class=\"wp-image-7624\" srcset=\"https:\/\/feuerwehr-rehau.de\/wp-content\/uploads\/2024\/11\/24-11-10-08-38-59-050d-1.jpg 2048w, https:\/\/feuerwehr-rehau.de\/wp-content\/uploads\/2024\/11\/24-11-10-08-38-59-050d-1-1600x1200.jpg 1600w, https:\/\/feuerwehr-rehau.de\/wp-content\/uploads\/2024\/11\/24-11-10-08-38-59-050d-1-1536x1152.jpg 1536w\" sizes=\"(max-width: 2048px) 100vw, 2048px\" \/><\/figure>\n<\/figure>\n\n\n\n<figure class=\"wp-block-image size-full\"><img decoding=\"async\" width=\"2000\" height=\"1126\" src=\"https:\/\/feuerwehr-rehau.de\/wp-content\/uploads\/2024\/11\/24-11-10-07-50-04-c3bf-3.jpg\" alt=\"\" class=\"wp-image-7620\" srcset=\"https:\/\/feuerwehr-rehau.de\/wp-content\/uploads\/2024\/11\/24-11-10-07-50-04-c3bf-3.jpg 2000w, https:\/\/feuerwehr-rehau.de\/wp-content\/uploads\/2024\/11\/24-11-10-07-50-04-c3bf-3-1600x901.jpg 1600w, https:\/\/feuerwehr-rehau.de\/wp-content\/uploads\/2024\/11\/24-11-10-07-50-04-c3bf-3-1536x865.jpg 1536w\" sizes=\"(max-width: 2000px) 100vw, 2000px\" \/><\/figure>\n","protected":false},"author":184,"featured_media":7584,"template":"","meta":{"einsatz_weight":1,"footnotes":""},"categories":[509],"tags":[],"einsatzart":[446],"fahrzeug":[455,448,454],"exteinsatzmittel":[494,593],"alarmierungsart":[],"evw_unit":[564],"class_list":{"0":"post-7581","1":"einsatz","2":"type-einsatz","3":"status-publish","4":"has-post-thumbnail","6":"category-archiv_","7":"einsatzart-brandeinsatz","8":"fahrzeug-dlk-23-12","9":"fahrzeug-elw-1","10":"fahrzeug-lf-2016-p750-cafs","11":"exteinsatzmittel-feuerwehr-schoenwald","12":"exteinsatzmittel-feuerwehr-unterweissenbach","13":"evw_unit-polizei","14":"czr-hentry"},"_links":{"self":[{"href":"https:\/\/feuerwehr-rehau.de\/index.php?rest_route=\/wp\/v2\/einsatz\/7581","targetHints":{"allow":["GET"]}}],"collection":[{"href":"https:\/\/feuerwehr-rehau.de\/index.php?rest_route=\/wp\/v2\/einsatz"}],"about":[{"href":"https:\/\/feuerwehr-rehau.de\/index.php?rest_route=\/wp\/v2\/types\/einsatz"}],"author":[{"embeddable":true,"href":"https:\/\/feuerwehr-rehau.de\/index.php?rest_route=\/wp\/v2\/users\/184"}],"version-history":[{"count":3,"href":"https:\/\/feuerwehr-rehau.de\/index.php?rest_route=\/wp\/v2\/einsatz\/7581\/revisions"}],"predecessor-version":[{"id":7626,"href":"https:\/\/feuerwehr-rehau.de\/index.php?rest_route=\/wp\/v2\/einsatz\/7581\/revisions\/7626"}],"wp:featuredmedia":[{"embeddable":true,"href":"https:\/\/feuerwehr-rehau.de\/index.php?rest_route=\/wp\/v2\/media\/7584"}],"wp:attachment":[{"href":"https:\/\/feuerwehr-rehau.de\/index.php?rest_route=%2Fwp%2Fv2%2Fmedia&parent=7581"}],"wp:term":[{"taxonomy":"category","embeddable":true,"href":"https:\/\/feuerwehr-rehau.de\/index.php?rest_route=%2Fwp%2Fv2%2Fcategories&post=7581"},{"taxonomy":"post_tag","embeddable":true,"href":"https:\/\/feuerwehr-rehau.de\/index.php?rest_route=%2Fwp%2Fv2%2Ftags&post=7581"},{"taxonomy":"einsatzart","embeddable":true,"href":"https:\/\/feuerwehr-rehau.de\/index.php?rest_route=%2Fwp%2Fv2%2Feinsatzart&post=7581"},{"taxonomy":"fahrzeug","embeddable":true,"href":"https:\/\/feuerwehr-rehau.de\/index.php?rest_route=%2Fwp%2Fv2%2Ffahrzeug&post=7581"},{"taxonomy":"exteinsatzmittel","embeddable":true,"href":"https:\/\/feuerwehr-rehau.de\/index.php?rest_route=%2Fwp%2Fv2%2Fexteinsatzmittel&post=7581"},{"taxonomy":"alarmierungsart","embeddable":true,"href":"https:\/\/feuerwehr-rehau.de\/index.php?rest_route=%2Fwp%2Fv2%2Falarmierungsart&post=7581"},{"taxonomy":"evw_unit","embeddable":true,"href":"https:\/\/feuerwehr-rehau.de\/index.php?rest_route=%2Fwp%2Fv2%2Fevw_unit&post=7581"}],"curies":[{"name":"wp","href":"https:\/\/api.w.org\/{rel}","templated":true}]}}

<p>Wir wurden gegen 6:30 Uhr mit unserer DLK und Atemschutzpersonal nach Schönwald alarmiert, dort wurde ein brennender Bauernhof alarmiert. Ein Trupp der Feuerwehr Rehau unterstützte beim ablöschen der Heuballen, ein anderer Trupp stellte den Sicherungstrupp. </p>



<figure class="wp-block-gallery has-nested-images columns-default is-cropped wp-block-gallery-1 is-layout-flex wp-block-gallery-is-layout-flex">
<figure class="wp-block-image size-large"><img decoding="async" width="2500" height="1875" data-id="7623" src="https://feuerwehr-rehau.de/wp-content/uploads/2024/11/IMG_5864-10-2500x1875.jpg" alt="" class="wp-image-7623" srcset="https://feuerwehr-rehau.de/wp-content/uploads/2024/11/IMG_5864-10-2500x1875.jpg 2500w, https://feuerwehr-rehau.de/wp-content/uploads/2024/11/IMG_5864-10-1600x1200.jpg 1600w, https://feuerwehr-rehau.de/wp-content/uploads/2024/11/IMG_5864-10-1536x1152.jpg 1536w, https://feuerwehr-rehau.de/wp-content/uploads/2024/11/IMG_5864-10-2048x1536.jpg 2048w" sizes="(max-width: 2500px) 100vw, 2500px" /></figure>



<figure class="wp-block-image size-large"><img decoding="async" width="1875" height="2500" data-id="7622" src="https://feuerwehr-rehau.de/wp-content/uploads/2024/11/IMG_5860-8-1875x2500.jpg" alt="" class="wp-image-7622" srcset="https://feuerwehr-rehau.de/wp-content/uploads/2024/11/IMG_5860-8-1875x2500.jpg 1875w, https://feuerwehr-rehau.de/wp-content/uploads/2024/11/IMG_5860-8-1200x1600.jpg 1200w, https://feuerwehr-rehau.de/wp-content/uploads/2024/11/IMG_5860-8-1152x1536.jpg 1152w, https://feuerwehr-rehau.de/wp-content/uploads/2024/11/IMG_5860-8-1536x2048.jpg 1536w, https://feuerwehr-rehau.de/wp-content/uploads/2024/11/IMG_5860-8-scaled.jpg 1920w" sizes="(max-width: 1875px) 100vw, 1875px" /></figure>



<figure class="wp-block-image size-large"><img decoding="async" width="2000" height="1126" data-id="7620" src="https://feuerwehr-rehau.de/wp-content/uploads/2024/11/24-11-10-07-50-04-c3bf-3.jpg" alt="" class="wp-image-7620" srcset="https://feuerwehr-rehau.de/wp-content/uploads/2024/11/24-11-10-07-50-04-c3bf-3.jpg 2000w, https://feuerwehr-rehau.de/wp-content/uploads/2024/11/24-11-10-07-50-04-c3bf-3-1600x901.jpg 1600w, https://feuerwehr-rehau.de/wp-content/uploads/2024/11/24-11-10-07-50-04-c3bf-3-1536x865.jpg 1536w" sizes="(max-width: 2000px) 100vw, 2000px" /></figure>



<figure class="wp-block-image size-large"><img decoding="async" width="1600" height="900" data-id="7621" src="https://feuerwehr-rehau.de/wp-content/uploads/2024/11/24-11-10-07-50-04-b2d8-2.jpg" alt="" class="wp-image-7621" srcset="https://feuerwehr-rehau.de/wp-content/uploads/2024/11/24-11-10-07-50-04-b2d8-2.jpg 1600w, https://feuerwehr-rehau.de/wp-content/uploads/2024/11/24-11-10-07-50-04-b2d8-2-1536x864.jpg 1536w" sizes="(max-width: 1600px) 100vw, 1600px" /></figure>
</figure>



<figure class="wp-block-gallery has-nested-images columns-default is-cropped wp-block-gallery-2 is-layout-flex wp-block-gallery-is-layout-flex">
<figure class="wp-block-image size-large"><img decoding="async" width="2048" height="1536" data-id="7624" src="https://feuerwehr-rehau.de/wp-content/uploads/2024/11/24-11-10-08-38-59-050d-1.jpg" alt="" class="wp-image-7624" srcset="https://feuerwehr-rehau.de/wp-content/uploads/2024/11/24-11-10-08-38-59-050d-1.jpg 2048w, https://feuerwehr-rehau.de/wp-content/uploads/2024/11/24-11-10-08-38-59-050d-1-1600x1200.jpg 1600w, https://feuerwehr-rehau.de/wp-content/uploads/2024/11/24-11-10-08-38-59-050d-1-1536x1152.jpg 1536w" sizes="(max-width: 2048px) 100vw, 2048px" /></figure>
</figure>



<figure class="wp-block-image size-full"><img decoding="async" width="2000" height="1126" src="https://feuerwehr-rehau.de/wp-content/uploads/2024/11/24-11-10-07-50-04-c3bf-3.jpg" alt="" class="wp-image-7620" srcset="https://feuerwehr-rehau.de/wp-content/uploads/2024/11/24-11-10-07-50-04-c3bf-3.jpg 2000w, https://feuerwehr-rehau.de/wp-content/uploads/2024/11/24-11-10-07-50-04-c3bf-3-1600x901.jpg 1600w, https://feuerwehr-rehau.de/wp-content/uploads/2024/11/24-11-10-07-50-04-c3bf-3-1536x865.jpg 1536w" sizes="(max-width: 2000px) 100vw, 2000px" /></figure>
