{"id":7644,"date":"2024-11-14T14:04:00","date_gmt":"2024-11-14T13:04:00","guid":{"rendered":"https:\/\/feuerwehr-rehau.de\/?post_type=einsatz&#038;p=7644"},"modified":"2024-11-25T17:41:36","modified_gmt":"2024-11-25T16:41:36","slug":"brand-kamin-4","status":"publish","type":"einsatz","link":"https:\/\/feuerwehr-rehau.de\/?einsatz=brand-kamin-4","title":{"rendered":"Brand Kamin"},"content":{"rendered":"\n<p>Beim Anz\u00fcndversuch kam es zur R\u00fcckdr\u00fcckung des Rauches. Kaminkehrer mit vor Ort. F\u00fcr Feuerwehr kein Eingreifen.<\/p>\n\n\n\n<figure class=\"wp-block-gallery has-nested-images columns-default is-cropped wp-block-gallery-1 is-layout-flex wp-block-gallery-is-layout-flex\">\n<figure class=\"wp-block-image size-large\"><a href=\"https:\/\/feuerwehr-rehau.de\/wp-content\/uploads\/2024\/11\/24-11-14-14-46-28-e7ae.jpg\"><img decoding=\"async\" width=\"2048\" height=\"1152\" data-id=\"7649\" src=\"https:\/\/feuerwehr-rehau.de\/wp-content\/uploads\/2024\/11\/24-11-14-14-46-28-e7ae.jpg\" alt=\"\" class=\"wp-image-7649\" srcset=\"https:\/\/feuerwehr-rehau.de\/wp-content\/uploads\/2024\/11\/24-11-14-14-46-28-e7ae.jpg 2048w, https:\/\/feuerwehr-rehau.de\/wp-content\/uploads\/2024\/11\/24-11-14-14-46-28-e7ae-1600x900.jpg 1600w, https:\/\/feuerwehr-rehau.de\/wp-content\/uploads\/2024\/11\/24-11-14-14-46-28-e7ae-1536x864.jpg 1536w\" sizes=\"(max-width: 2048px) 100vw, 2048px\" \/><\/a><\/figure>\n\n\n\n<figure class=\"wp-block-image size-full\"><a href=\"https:\/\/feuerwehr-rehau.de\/wp-content\/uploads\/2024\/11\/24-11-14-14-46-30-5e3c-1.jpg\"><img decoding=\"async\" width=\"2048\" height=\"1536\" data-id=\"7651\" src=\"https:\/\/feuerwehr-rehau.de\/wp-content\/uploads\/2024\/11\/24-11-14-14-46-30-5e3c-1.jpg\" alt=\"\" class=\"wp-image-7651\" srcset=\"https:\/\/feuerwehr-rehau.de\/wp-content\/uploads\/2024\/11\/24-11-14-14-46-30-5e3c-1.jpg 2048w, https:\/\/feuerwehr-rehau.de\/wp-content\/uploads\/2024\/11\/24-11-14-14-46-30-5e3c-1-1600x1200.jpg 1600w, https:\/\/feuerwehr-rehau.de\/wp-content\/uploads\/2024\/11\/24-11-14-14-46-30-5e3c-1-1536x1152.jpg 1536w\" sizes=\"(max-width: 2048px) 100vw, 2048px\" \/><\/a><\/figure>\n<\/figure>\n","protected":false},"author":72,"featured_media":7085,"template":"","meta":{"einsatz_weight":1,"footnotes":""},"categories":[509],"tags":[],"einsatzart":[446],"fahrzeug":[455,448,456,454],"exteinsatzmittel":[],"alarmierungsart":[],"evw_unit":[563],"class_list":{"0":"post-7644","1":"einsatz","2":"type-einsatz","3":"status-publish","4":"has-post-thumbnail","6":"category-archiv_","7":"einsatzart-brandeinsatz","8":"fahrzeug-dlk-23-12","9":"fahrzeug-elw-1","10":"fahrzeug-hlf-1620","11":"fahrzeug-lf-2016-p750-cafs","12":"evw_unit-rettungsdienst","13":"czr-hentry"},"_links":{"self":[{"href":"https:\/\/feuerwehr-rehau.de\/index.php?rest_route=\/wp\/v2\/einsatz\/7644","targetHints":{"allow":["GET"]}}],"collection":[{"href":"https:\/\/feuerwehr-rehau.de\/index.php?rest_route=\/wp\/v2\/einsatz"}],"about":[{"href":"https:\/\/feuerwehr-rehau.de\/index.php?rest_route=\/wp\/v2\/types\/einsatz"}],"author":[{"embeddable":true,"href":"https:\/\/feuerwehr-rehau.de\/index.php?rest_route=\/wp\/v2\/users\/72"}],"version-history":[{"count":4,"href":"https:\/\/feuerwehr-rehau.de\/index.php?rest_route=\/wp\/v2\/einsatz\/7644\/revisions"}],"predecessor-version":[{"id":7700,"href":"https:\/\/feuerwehr-rehau.de\/index.php?rest_route=\/wp\/v2\/einsatz\/7644\/revisions\/7700"}],"wp:featuredmedia":[{"embeddable":true,"href":"https:\/\/feuerwehr-rehau.de\/index.php?rest_route=\/wp\/v2\/media\/7085"}],"wp:attachment":[{"href":"https:\/\/feuerwehr-rehau.de\/index.php?rest_route=%2Fwp%2Fv2%2Fmedia&parent=7644"}],"wp:term":[{"taxonomy":"category","embeddable":true,"href":"https:\/\/feuerwehr-rehau.de\/index.php?rest_route=%2Fwp%2Fv2%2Fcategories&post=7644"},{"taxonomy":"post_tag","embeddable":true,"href":"https:\/\/feuerwehr-rehau.de\/index.php?rest_route=%2Fwp%2Fv2%2Ftags&post=7644"},{"taxonomy":"einsatzart","embeddable":true,"href":"https:\/\/feuerwehr-rehau.de\/index.php?rest_route=%2Fwp%2Fv2%2Feinsatzart&post=7644"},{"taxonomy":"fahrzeug","embeddable":true,"href":"https:\/\/feuerwehr-rehau.de\/index.php?rest_route=%2Fwp%2Fv2%2Ffahrzeug&post=7644"},{"taxonomy":"exteinsatzmittel","embeddable":true,"href":"https:\/\/feuerwehr-rehau.de\/index.php?rest_route=%2Fwp%2Fv2%2Fexteinsatzmittel&post=7644"},{"taxonomy":"alarmierungsart","embeddable":true,"href":"https:\/\/feuerwehr-rehau.de\/index.php?rest_route=%2Fwp%2Fv2%2Falarmierungsart&post=7644"},{"taxonomy":"evw_unit","embeddable":true,"href":"https:\/\/feuerwehr-rehau.de\/index.php?rest_route=%2Fwp%2Fv2%2Fevw_unit&post=7644"}],"curies":[{"name":"wp","href":"https:\/\/api.w.org\/{rel}","templated":true}]}}

<p>Beim Anzündversuch kam es zur Rückdrückung des Rauches. Kaminkehrer mit vor Ort. Für Feuerwehr kein Eingreifen.</p>



<figure class="wp-block-gallery has-nested-images columns-default is-cropped wp-block-gallery-1 is-layout-flex wp-block-gallery-is-layout-flex">
<figure class="wp-block-image size-large"><a href="https://feuerwehr-rehau.de/wp-content/uploads/2024/11/24-11-14-14-46-28-e7ae.jpg"><img decoding="async" width="2048" height="1152" data-id="7649" src="https://feuerwehr-rehau.de/wp-content/uploads/2024/11/24-11-14-14-46-28-e7ae.jpg" alt="" class="wp-image-7649" srcset="https://feuerwehr-rehau.de/wp-content/uploads/2024/11/24-11-14-14-46-28-e7ae.jpg 2048w, https://feuerwehr-rehau.de/wp-content/uploads/2024/11/24-11-14-14-46-28-e7ae-1600x900.jpg 1600w, https://feuerwehr-rehau.de/wp-content/uploads/2024/11/24-11-14-14-46-28-e7ae-1536x864.jpg 1536w" sizes="(max-width: 2048px) 100vw, 2048px" /></a></figure>



<figure class="wp-block-image size-full"><a href="https://feuerwehr-rehau.de/wp-content/uploads/2024/11/24-11-14-14-46-30-5e3c-1.jpg"><img decoding="async" width="2048" height="1536" data-id="7651" src="https://feuerwehr-rehau.de/wp-content/uploads/2024/11/24-11-14-14-46-30-5e3c-1.jpg" alt="" class="wp-image-7651" srcset="https://feuerwehr-rehau.de/wp-content/uploads/2024/11/24-11-14-14-46-30-5e3c-1.jpg 2048w, https://feuerwehr-rehau.de/wp-content/uploads/2024/11/24-11-14-14-46-30-5e3c-1-1600x1200.jpg 1600w, https://feuerwehr-rehau.de/wp-content/uploads/2024/11/24-11-14-14-46-30-5e3c-1-1536x1152.jpg 1536w" sizes="(max-width: 2048px) 100vw, 2048px" /></a></figure>
</figure>
