{"id":7682,"date":"2024-11-24T18:17:00","date_gmt":"2024-11-24T17:17:00","guid":{"rendered":"https:\/\/feuerwehr-rehau.de\/?post_type=einsatz&#038;p=7682"},"modified":"2024-11-25T17:32:44","modified_gmt":"2024-11-25T16:32:44","slug":"brand-industrie-9","status":"publish","type":"einsatz","link":"https:\/\/feuerwehr-rehau.de\/?einsatz=brand-industrie-9","title":{"rendered":"Brand Industrie"},"content":{"rendered":"\n<p>Am Sonntagabend wurden die Kr\u00e4fte der Feuerwehren Rehau, Kautendorf, Pilgramsreuth und Fohrenreuth zu einem gemeldeten Brand Industrie in einen Kunststoffverarbeitenden Betrieb in Rehau alarmiert. <\/p>\n\n\n\n<p>Vorher bekamen 2 Mitarbeiter der Firma einen Brandmeldeanlagenalarm auf ihr Diensthandy. Diese machten sich auf dem Weg in die Brauhausstra\u00dfe, dort angekommen stellten sie eine starke Rauchentwicklung aus dem Temperofen fest und alarmierten Rasch die Feuerwehr. <\/p>\n\n\n\n<p>Als das 1. L\u00f6schfahrzeug der Feuerwehr ankam, ging sofort ein Trupp unter Atemschutz in das Geb\u00e4ude vor, und begann mit den L\u00f6schma\u00dfnahmen im und am Ofen. Parallel r\u00fcstete sich ein zweiter Trupp aus, um das Geb\u00e4ude im inneren nach Verrauchung und gegebenenfalls Feuer zu erkunden, dieser stellte aber nichts dergleichen fest. <\/p>\n\n\n\n<p>Als die ersten L\u00f6schma\u00dfnahmen beendet waren, und somit auch die ersten L\u00f6scherfolge zusehen waren, entschloss man sich die T\u00fcre des Ofen\u00b4s, die im Inneren aus Holz bestand abzubauen, um so die Brandlast aus dem Geb\u00e4ude zu schaffen.<\/p>\n\n\n\n<p>Anschlie\u00dfend wurde das Geb\u00e4ude bel\u00fcftet und an den Hausmeister \u00fcbergeben, gegen 19:45 Uhr konnten wir die Einsatzstelle wieder verlassen.<\/p>\n\n\n\n<figure class=\"wp-block-gallery has-nested-images columns-default is-cropped wp-block-gallery-1 is-layout-flex wp-block-gallery-is-layout-flex\">\n<figure class=\"wp-block-image size-large\"><a href=\"https:\/\/feuerwehr-rehau.de\/wp-content\/uploads\/2024\/11\/20241124_183656-scaled.jpg\"><img decoding=\"async\" width=\"2500\" height=\"1875\" data-id=\"7690\" src=\"https:\/\/feuerwehr-rehau.de\/wp-content\/uploads\/2024\/11\/20241124_183656-2500x1875.jpg\" alt=\"\" class=\"wp-image-7690\" srcset=\"https:\/\/feuerwehr-rehau.de\/wp-content\/uploads\/2024\/11\/20241124_183656-2500x1875.jpg 2500w, https:\/\/feuerwehr-rehau.de\/wp-content\/uploads\/2024\/11\/20241124_183656-1600x1200.jpg 1600w, https:\/\/feuerwehr-rehau.de\/wp-content\/uploads\/2024\/11\/20241124_183656-1536x1152.jpg 1536w, https:\/\/feuerwehr-rehau.de\/wp-content\/uploads\/2024\/11\/20241124_183656-2048x1536.jpg 2048w\" sizes=\"(max-width: 2500px) 100vw, 2500px\" \/><\/a><\/figure>\n\n\n\n<figure class=\"wp-block-image size-large\"><a href=\"https:\/\/feuerwehr-rehau.de\/wp-content\/uploads\/2024\/11\/24-11-24-19-11-09-1107-scaled.jpg\"><img decoding=\"async\" width=\"1875\" height=\"2500\" data-id=\"7684\" src=\"https:\/\/feuerwehr-rehau.de\/wp-content\/uploads\/2024\/11\/24-11-24-19-11-09-1107-1875x2500.jpg\" alt=\"\" class=\"wp-image-7684\" srcset=\"https:\/\/feuerwehr-rehau.de\/wp-content\/uploads\/2024\/11\/24-11-24-19-11-09-1107-1875x2500.jpg 1875w, https:\/\/feuerwehr-rehau.de\/wp-content\/uploads\/2024\/11\/24-11-24-19-11-09-1107-1200x1600.jpg 1200w, https:\/\/feuerwehr-rehau.de\/wp-content\/uploads\/2024\/11\/24-11-24-19-11-09-1107-1152x1536.jpg 1152w, https:\/\/feuerwehr-rehau.de\/wp-content\/uploads\/2024\/11\/24-11-24-19-11-09-1107-1536x2048.jpg 1536w, https:\/\/feuerwehr-rehau.de\/wp-content\/uploads\/2024\/11\/24-11-24-19-11-09-1107-scaled.jpg 1920w\" sizes=\"(max-width: 1875px) 100vw, 1875px\" \/><\/a><\/figure>\n\n\n\n<figure class=\"wp-block-image size-large\"><a href=\"https:\/\/feuerwehr-rehau.de\/wp-content\/uploads\/2024\/11\/24-11-24-19-30-10-1112-scaled.jpg\"><img decoding=\"async\" width=\"2500\" height=\"1875\" data-id=\"7685\" src=\"https:\/\/feuerwehr-rehau.de\/wp-content\/uploads\/2024\/11\/24-11-24-19-30-10-1112-2500x1875.jpg\" alt=\"\" class=\"wp-image-7685\" srcset=\"https:\/\/feuerwehr-rehau.de\/wp-content\/uploads\/2024\/11\/24-11-24-19-30-10-1112-2500x1875.jpg 2500w, https:\/\/feuerwehr-rehau.de\/wp-content\/uploads\/2024\/11\/24-11-24-19-30-10-1112-1600x1200.jpg 1600w, https:\/\/feuerwehr-rehau.de\/wp-content\/uploads\/2024\/11\/24-11-24-19-30-10-1112-1536x1152.jpg 1536w, https:\/\/feuerwehr-rehau.de\/wp-content\/uploads\/2024\/11\/24-11-24-19-30-10-1112-2048x1536.jpg 2048w\" sizes=\"(max-width: 2500px) 100vw, 2500px\" \/><\/a><\/figure>\n\n\n\n<figure class=\"wp-block-image size-large\"><a href=\"https:\/\/feuerwehr-rehau.de\/wp-content\/uploads\/2024\/11\/24-11-24-20-03-52-de89.jpg\"><img decoding=\"async\" width=\"1600\" height=\"737\" data-id=\"7686\" src=\"https:\/\/feuerwehr-rehau.de\/wp-content\/uploads\/2024\/11\/24-11-24-20-03-52-de89.jpg\" alt=\"\" class=\"wp-image-7686\" srcset=\"https:\/\/feuerwehr-rehau.de\/wp-content\/uploads\/2024\/11\/24-11-24-20-03-52-de89.jpg 1600w, https:\/\/feuerwehr-rehau.de\/wp-content\/uploads\/2024\/11\/24-11-24-20-03-52-de89-1536x708.jpg 1536w\" sizes=\"(max-width: 1600px) 100vw, 1600px\" \/><\/a><\/figure>\n\n\n\n<figure class=\"wp-block-image size-large\"><a href=\"https:\/\/feuerwehr-rehau.de\/wp-content\/uploads\/2024\/11\/24-11-24-20-03-58-acf1.jpg\"><img decoding=\"async\" width=\"1600\" height=\"737\" data-id=\"7687\" src=\"https:\/\/feuerwehr-rehau.de\/wp-content\/uploads\/2024\/11\/24-11-24-20-03-58-acf1.jpg\" alt=\"\" class=\"wp-image-7687\" srcset=\"https:\/\/feuerwehr-rehau.de\/wp-content\/uploads\/2024\/11\/24-11-24-20-03-58-acf1.jpg 1600w, https:\/\/feuerwehr-rehau.de\/wp-content\/uploads\/2024\/11\/24-11-24-20-03-58-acf1-1536x708.jpg 1536w\" sizes=\"(max-width: 1600px) 100vw, 1600px\" \/><\/a><\/figure>\n\n\n\n<figure class=\"wp-block-image size-large\"><a href=\"https:\/\/feuerwehr-rehau.de\/wp-content\/uploads\/2024\/11\/20241124_1837150-scaled.jpg\"><img decoding=\"async\" width=\"2500\" height=\"1875\" data-id=\"7688\" src=\"https:\/\/feuerwehr-rehau.de\/wp-content\/uploads\/2024\/11\/20241124_1837150-2500x1875.jpg\" alt=\"\" class=\"wp-image-7688\" srcset=\"https:\/\/feuerwehr-rehau.de\/wp-content\/uploads\/2024\/11\/20241124_1837150-2500x1875.jpg 2500w, https:\/\/feuerwehr-rehau.de\/wp-content\/uploads\/2024\/11\/20241124_1837150-1600x1200.jpg 1600w, https:\/\/feuerwehr-rehau.de\/wp-content\/uploads\/2024\/11\/20241124_1837150-1536x1152.jpg 1536w, https:\/\/feuerwehr-rehau.de\/wp-content\/uploads\/2024\/11\/20241124_1837150-2048x1536.jpg 2048w\" sizes=\"(max-width: 2500px) 100vw, 2500px\" \/><\/a><\/figure>\n\n\n\n<figure class=\"wp-block-image size-large\"><a href=\"https:\/\/feuerwehr-rehau.de\/wp-content\/uploads\/2024\/11\/20241124_183642-scaled.jpg\"><img decoding=\"async\" width=\"2500\" height=\"1875\" data-id=\"7691\" src=\"https:\/\/feuerwehr-rehau.de\/wp-content\/uploads\/2024\/11\/20241124_183642-2500x1875.jpg\" alt=\"\" class=\"wp-image-7691\" srcset=\"https:\/\/feuerwehr-rehau.de\/wp-content\/uploads\/2024\/11\/20241124_183642-2500x1875.jpg 2500w, https:\/\/feuerwehr-rehau.de\/wp-content\/uploads\/2024\/11\/20241124_183642-1600x1200.jpg 1600w, https:\/\/feuerwehr-rehau.de\/wp-content\/uploads\/2024\/11\/20241124_183642-1536x1152.jpg 1536w, https:\/\/feuerwehr-rehau.de\/wp-content\/uploads\/2024\/11\/20241124_183642-2048x1536.jpg 2048w\" sizes=\"(max-width: 2500px) 100vw, 2500px\" \/><\/a><\/figure>\n\n\n\n<figure class=\"wp-block-image size-large\"><a href=\"https:\/\/feuerwehr-rehau.de\/wp-content\/uploads\/2024\/11\/20241124_183626-scaled.jpg\"><img decoding=\"async\" width=\"2500\" height=\"1875\" data-id=\"7692\" src=\"https:\/\/feuerwehr-rehau.de\/wp-content\/uploads\/2024\/11\/20241124_183626-2500x1875.jpg\" alt=\"\" class=\"wp-image-7692\" srcset=\"https:\/\/feuerwehr-rehau.de\/wp-content\/uploads\/2024\/11\/20241124_183626-2500x1875.jpg 2500w, https:\/\/feuerwehr-rehau.de\/wp-content\/uploads\/2024\/11\/20241124_183626-1600x1200.jpg 1600w, https:\/\/feuerwehr-rehau.de\/wp-content\/uploads\/2024\/11\/20241124_183626-1536x1152.jpg 1536w, https:\/\/feuerwehr-rehau.de\/wp-content\/uploads\/2024\/11\/20241124_183626-2048x1536.jpg 2048w\" sizes=\"(max-width: 2500px) 100vw, 2500px\" \/><\/a><\/figure>\n<\/figure>\n","protected":false},"author":72,"featured_media":7691,"template":"","meta":{"einsatz_weight":1,"footnotes":""},"categories":[509],"tags":[],"einsatzart":[446],"fahrzeug":[455,448,456,559,454,458,459],"exteinsatzmittel":[495,504,486,463,452,471],"alarmierungsart":[],"evw_unit":[564,563],"class_list":{"0":"post-7682","1":"einsatz","2":"type-einsatz","3":"status-publish","4":"has-post-thumbnail","6":"category-archiv_","7":"einsatzart-brandeinsatz","8":"fahrzeug-dlk-23-12","9":"fahrzeug-elw-1","10":"fahrzeug-hlf-1620","11":"fahrzeug-klaf","12":"fahrzeug-lf-2016-p750-cafs","13":"fahrzeug-sw-2000","14":"fahrzeug-tlf-2450-cafs","15":"exteinsatzmittel-feuerwehr-fohrenreuth","16":"exteinsatzmittel-feuerwehr-kautendorf","17":"exteinsatzmittel-feuerwehr-pilgramsreuth","18":"exteinsatzmittel-land-2","19":"exteinsatzmittel-land-21","20":"exteinsatzmittel-ugoeel","21":"evw_unit-polizei","22":"evw_unit-rettungsdienst","23":"czr-hentry"},"_links":{"self":[{"href":"https:\/\/feuerwehr-rehau.de\/index.php?rest_route=\/wp\/v2\/einsatz\/7682","targetHints":{"allow":["GET"]}}],"collection":[{"href":"https:\/\/feuerwehr-rehau.de\/index.php?rest_route=\/wp\/v2\/einsatz"}],"about":[{"href":"https:\/\/feuerwehr-rehau.de\/index.php?rest_route=\/wp\/v2\/types\/einsatz"}],"author":[{"embeddable":true,"href":"https:\/\/feuerwehr-rehau.de\/index.php?rest_route=\/wp\/v2\/users\/72"}],"version-history":[{"count":5,"href":"https:\/\/feuerwehr-rehau.de\/index.php?rest_route=\/wp\/v2\/einsatz\/7682\/revisions"}],"predecessor-version":[{"id":7697,"href":"https:\/\/feuerwehr-rehau.de\/index.php?rest_route=\/wp\/v2\/einsatz\/7682\/revisions\/7697"}],"wp:featuredmedia":[{"embeddable":true,"href":"https:\/\/feuerwehr-rehau.de\/index.php?rest_route=\/wp\/v2\/media\/7691"}],"wp:attachment":[{"href":"https:\/\/feuerwehr-rehau.de\/index.php?rest_route=%2Fwp%2Fv2%2Fmedia&parent=7682"}],"wp:term":[{"taxonomy":"category","embeddable":true,"href":"https:\/\/feuerwehr-rehau.de\/index.php?rest_route=%2Fwp%2Fv2%2Fcategories&post=7682"},{"taxonomy":"post_tag","embeddable":true,"href":"https:\/\/feuerwehr-rehau.de\/index.php?rest_route=%2Fwp%2Fv2%2Ftags&post=7682"},{"taxonomy":"einsatzart","embeddable":true,"href":"https:\/\/feuerwehr-rehau.de\/index.php?rest_route=%2Fwp%2Fv2%2Feinsatzart&post=7682"},{"taxonomy":"fahrzeug","embeddable":true,"href":"https:\/\/feuerwehr-rehau.de\/index.php?rest_route=%2Fwp%2Fv2%2Ffahrzeug&post=7682"},{"taxonomy":"exteinsatzmittel","embeddable":true,"href":"https:\/\/feuerwehr-rehau.de\/index.php?rest_route=%2Fwp%2Fv2%2Fexteinsatzmittel&post=7682"},{"taxonomy":"alarmierungsart","embeddable":true,"href":"https:\/\/feuerwehr-rehau.de\/index.php?rest_route=%2Fwp%2Fv2%2Falarmierungsart&post=7682"},{"taxonomy":"evw_unit","embeddable":true,"href":"https:\/\/feuerwehr-rehau.de\/index.php?rest_route=%2Fwp%2Fv2%2Fevw_unit&post=7682"}],"curies":[{"name":"wp","href":"https:\/\/api.w.org\/{rel}","templated":true}]}}

<p>Am Sonntagabend wurden die Kräfte der Feuerwehren Rehau, Kautendorf, Pilgramsreuth und Fohrenreuth zu einem gemeldeten Brand Industrie in einen Kunststoffverarbeitenden Betrieb in Rehau alarmiert. </p>



<p>Vorher bekamen 2 Mitarbeiter der Firma einen Brandmeldeanlagenalarm auf ihr Diensthandy. Diese machten sich auf dem Weg in die Brauhausstraße, dort angekommen stellten sie eine starke Rauchentwicklung aus dem Temperofen fest und alarmierten Rasch die Feuerwehr. </p>



<p>Als das 1. Löschfahrzeug der Feuerwehr ankam, ging sofort ein Trupp unter Atemschutz in das Gebäude vor, und begann mit den Löschmaßnahmen im und am Ofen. Parallel rüstete sich ein zweiter Trupp aus, um das Gebäude im inneren nach Verrauchung und gegebenenfalls Feuer zu erkunden, dieser stellte aber nichts dergleichen fest. </p>



<p>Als die ersten Löschmaßnahmen beendet waren, und somit auch die ersten Löscherfolge zusehen waren, entschloss man sich die Türe des Ofen´s, die im Inneren aus Holz bestand abzubauen, um so die Brandlast aus dem Gebäude zu schaffen.</p>



<p>Anschließend wurde das Gebäude belüftet und an den Hausmeister übergeben, gegen 19:45 Uhr konnten wir die Einsatzstelle wieder verlassen.</p>



<figure class="wp-block-gallery has-nested-images columns-default is-cropped wp-block-gallery-1 is-layout-flex wp-block-gallery-is-layout-flex">
<figure class="wp-block-image size-large"><a href="https://feuerwehr-rehau.de/wp-content/uploads/2024/11/20241124_183656-scaled.jpg"><img decoding="async" width="2500" height="1875" data-id="7690" src="https://feuerwehr-rehau.de/wp-content/uploads/2024/11/20241124_183656-2500x1875.jpg" alt="" class="wp-image-7690" srcset="https://feuerwehr-rehau.de/wp-content/uploads/2024/11/20241124_183656-2500x1875.jpg 2500w, https://feuerwehr-rehau.de/wp-content/uploads/2024/11/20241124_183656-1600x1200.jpg 1600w, https://feuerwehr-rehau.de/wp-content/uploads/2024/11/20241124_183656-1536x1152.jpg 1536w, https://feuerwehr-rehau.de/wp-content/uploads/2024/11/20241124_183656-2048x1536.jpg 2048w" sizes="(max-width: 2500px) 100vw, 2500px" /></a></figure>



<figure class="wp-block-image size-large"><a href="https://feuerwehr-rehau.de/wp-content/uploads/2024/11/24-11-24-19-11-09-1107-scaled.jpg"><img decoding="async" width="1875" height="2500" data-id="7684" src="https://feuerwehr-rehau.de/wp-content/uploads/2024/11/24-11-24-19-11-09-1107-1875x2500.jpg" alt="" class="wp-image-7684" srcset="https://feuerwehr-rehau.de/wp-content/uploads/2024/11/24-11-24-19-11-09-1107-1875x2500.jpg 1875w, https://feuerwehr-rehau.de/wp-content/uploads/2024/11/24-11-24-19-11-09-1107-1200x1600.jpg 1200w, https://feuerwehr-rehau.de/wp-content/uploads/2024/11/24-11-24-19-11-09-1107-1152x1536.jpg 1152w, https://feuerwehr-rehau.de/wp-content/uploads/2024/11/24-11-24-19-11-09-1107-1536x2048.jpg 1536w, https://feuerwehr-rehau.de/wp-content/uploads/2024/11/24-11-24-19-11-09-1107-scaled.jpg 1920w" sizes="(max-width: 1875px) 100vw, 1875px" /></a></figure>



<figure class="wp-block-image size-large"><a href="https://feuerwehr-rehau.de/wp-content/uploads/2024/11/24-11-24-19-30-10-1112-scaled.jpg"><img decoding="async" width="2500" height="1875" data-id="7685" src="https://feuerwehr-rehau.de/wp-content/uploads/2024/11/24-11-24-19-30-10-1112-2500x1875.jpg" alt="" class="wp-image-7685" srcset="https://feuerwehr-rehau.de/wp-content/uploads/2024/11/24-11-24-19-30-10-1112-2500x1875.jpg 2500w, https://feuerwehr-rehau.de/wp-content/uploads/2024/11/24-11-24-19-30-10-1112-1600x1200.jpg 1600w, https://feuerwehr-rehau.de/wp-content/uploads/2024/11/24-11-24-19-30-10-1112-1536x1152.jpg 1536w, https://feuerwehr-rehau.de/wp-content/uploads/2024/11/24-11-24-19-30-10-1112-2048x1536.jpg 2048w" sizes="(max-width: 2500px) 100vw, 2500px" /></a></figure>



<figure class="wp-block-image size-large"><a href="https://feuerwehr-rehau.de/wp-content/uploads/2024/11/24-11-24-20-03-52-de89.jpg"><img decoding="async" width="1600" height="737" data-id="7686" src="https://feuerwehr-rehau.de/wp-content/uploads/2024/11/24-11-24-20-03-52-de89.jpg" alt="" class="wp-image-7686" srcset="https://feuerwehr-rehau.de/wp-content/uploads/2024/11/24-11-24-20-03-52-de89.jpg 1600w, https://feuerwehr-rehau.de/wp-content/uploads/2024/11/24-11-24-20-03-52-de89-1536x708.jpg 1536w" sizes="(max-width: 1600px) 100vw, 1600px" /></a></figure>



<figure class="wp-block-image size-large"><a href="https://feuerwehr-rehau.de/wp-content/uploads/2024/11/24-11-24-20-03-58-acf1.jpg"><img decoding="async" width="1600" height="737" data-id="7687" src="https://feuerwehr-rehau.de/wp-content/uploads/2024/11/24-11-24-20-03-58-acf1.jpg" alt="" class="wp-image-7687" srcset="https://feuerwehr-rehau.de/wp-content/uploads/2024/11/24-11-24-20-03-58-acf1.jpg 1600w, https://feuerwehr-rehau.de/wp-content/uploads/2024/11/24-11-24-20-03-58-acf1-1536x708.jpg 1536w" sizes="(max-width: 1600px) 100vw, 1600px" /></a></figure>



<figure class="wp-block-image size-large"><a href="https://feuerwehr-rehau.de/wp-content/uploads/2024/11/20241124_1837150-scaled.jpg"><img decoding="async" width="2500" height="1875" data-id="7688" src="https://feuerwehr-rehau.de/wp-content/uploads/2024/11/20241124_1837150-2500x1875.jpg" alt="" class="wp-image-7688" srcset="https://feuerwehr-rehau.de/wp-content/uploads/2024/11/20241124_1837150-2500x1875.jpg 2500w, https://feuerwehr-rehau.de/wp-content/uploads/2024/11/20241124_1837150-1600x1200.jpg 1600w, https://feuerwehr-rehau.de/wp-content/uploads/2024/11/20241124_1837150-1536x1152.jpg 1536w, https://feuerwehr-rehau.de/wp-content/uploads/2024/11/20241124_1837150-2048x1536.jpg 2048w" sizes="(max-width: 2500px) 100vw, 2500px" /></a></figure>



<figure class="wp-block-image size-large"><a href="https://feuerwehr-rehau.de/wp-content/uploads/2024/11/20241124_183642-scaled.jpg"><img decoding="async" width="2500" height="1875" data-id="7691" src="https://feuerwehr-rehau.de/wp-content/uploads/2024/11/20241124_183642-2500x1875.jpg" alt="" class="wp-image-7691" srcset="https://feuerwehr-rehau.de/wp-content/uploads/2024/11/20241124_183642-2500x1875.jpg 2500w, https://feuerwehr-rehau.de/wp-content/uploads/2024/11/20241124_183642-1600x1200.jpg 1600w, https://feuerwehr-rehau.de/wp-content/uploads/2024/11/20241124_183642-1536x1152.jpg 1536w, https://feuerwehr-rehau.de/wp-content/uploads/2024/11/20241124_183642-2048x1536.jpg 2048w" sizes="(max-width: 2500px) 100vw, 2500px" /></a></figure>



<figure class="wp-block-image size-large"><a href="https://feuerwehr-rehau.de/wp-content/uploads/2024/11/20241124_183626-scaled.jpg"><img decoding="async" width="2500" height="1875" data-id="7692" src="https://feuerwehr-rehau.de/wp-content/uploads/2024/11/20241124_183626-2500x1875.jpg" alt="" class="wp-image-7692" srcset="https://feuerwehr-rehau.de/wp-content/uploads/2024/11/20241124_183626-2500x1875.jpg 2500w, https://feuerwehr-rehau.de/wp-content/uploads/2024/11/20241124_183626-1600x1200.jpg 1600w, https://feuerwehr-rehau.de/wp-content/uploads/2024/11/20241124_183626-1536x1152.jpg 1536w, https://feuerwehr-rehau.de/wp-content/uploads/2024/11/20241124_183626-2048x1536.jpg 2048w" sizes="(max-width: 2500px) 100vw, 2500px" /></a></figure>
</figure>
