{"id":7815,"date":"2025-01-02T16:19:00","date_gmt":"2025-01-02T15:19:00","guid":{"rendered":"https:\/\/feuerwehr-rehau.de\/?post_type=einsatz&#038;p=7815"},"modified":"2025-01-03T12:19:43","modified_gmt":"2025-01-03T11:19:43","slug":"verkehrsunfall-mit-pkw-8","status":"publish","type":"einsatz","link":"https:\/\/feuerwehr-rehau.de\/?einsatz=verkehrsunfall-mit-pkw-8","title":{"rendered":"Verkehrsunfall mit PKW"},"content":{"rendered":"\n<p>Der erste Einsatz 2025 lie\u00df nicht lange auf sich warten. Die Feuerwehr Rehau wurde zu einem Verkehrsunfall auf der A93 alarmiert, Vollalarm wurde ausgel\u00f6st. Ein PKW kam in den Stra\u00dfengraben ab, \u00fcberschlug sich und landete auf der Beifahrerseite. Eingeklemmt wurde niemand, die Feuerwehr Rehau k\u00fcmmerte sich um die Verkehrsabsicherung, reinigte die Unfallstelle und stellte den Brandschutz sicher.<\/p>\n\n\n\n<figure class=\"wp-block-gallery has-nested-images columns-default is-cropped wp-block-gallery-1 is-layout-flex wp-block-gallery-is-layout-flex\">\n<figure class=\"wp-block-image size-large\"><a href=\"https:\/\/feuerwehr-rehau.de\/wp-content\/uploads\/2025\/01\/IMG_6006-scaled.jpg\"><img decoding=\"async\" width=\"2500\" height=\"1875\" data-id=\"7819\" src=\"https:\/\/feuerwehr-rehau.de\/wp-content\/uploads\/2025\/01\/IMG_6006-2500x1875.jpg\" alt=\"\" class=\"wp-image-7819\" srcset=\"https:\/\/feuerwehr-rehau.de\/wp-content\/uploads\/2025\/01\/IMG_6006-2500x1875.jpg 2500w, https:\/\/feuerwehr-rehau.de\/wp-content\/uploads\/2025\/01\/IMG_6006-1600x1200.jpg 1600w, https:\/\/feuerwehr-rehau.de\/wp-content\/uploads\/2025\/01\/IMG_6006-1536x1152.jpg 1536w, https:\/\/feuerwehr-rehau.de\/wp-content\/uploads\/2025\/01\/IMG_6006-2048x1536.jpg 2048w\" sizes=\"(max-width: 2500px) 100vw, 2500px\" \/><\/a><\/figure>\n\n\n\n<figure class=\"wp-block-image size-large\"><a href=\"https:\/\/feuerwehr-rehau.de\/wp-content\/uploads\/2025\/01\/25-01-02-16-56-10-7579-scaled.jpg\"><img decoding=\"async\" width=\"2500\" height=\"1875\" data-id=\"7818\" src=\"https:\/\/feuerwehr-rehau.de\/wp-content\/uploads\/2025\/01\/25-01-02-16-56-10-7579-2500x1875.jpg\" alt=\"\" class=\"wp-image-7818\" srcset=\"https:\/\/feuerwehr-rehau.de\/wp-content\/uploads\/2025\/01\/25-01-02-16-56-10-7579-2500x1875.jpg 2500w, https:\/\/feuerwehr-rehau.de\/wp-content\/uploads\/2025\/01\/25-01-02-16-56-10-7579-1600x1200.jpg 1600w, https:\/\/feuerwehr-rehau.de\/wp-content\/uploads\/2025\/01\/25-01-02-16-56-10-7579-1536x1152.jpg 1536w, https:\/\/feuerwehr-rehau.de\/wp-content\/uploads\/2025\/01\/25-01-02-16-56-10-7579-2048x1536.jpg 2048w\" sizes=\"(max-width: 2500px) 100vw, 2500px\" \/><\/a><\/figure>\n\n\n\n<figure class=\"wp-block-image size-large\"><a href=\"https:\/\/feuerwehr-rehau.de\/wp-content\/uploads\/2025\/01\/25-01-02-16-51-10-7577-scaled.jpg\"><img decoding=\"async\" width=\"2500\" height=\"1875\" data-id=\"7817\" src=\"https:\/\/feuerwehr-rehau.de\/wp-content\/uploads\/2025\/01\/25-01-02-16-51-10-7577-2500x1875.jpg\" alt=\"\" class=\"wp-image-7817\" srcset=\"https:\/\/feuerwehr-rehau.de\/wp-content\/uploads\/2025\/01\/25-01-02-16-51-10-7577-2500x1875.jpg 2500w, https:\/\/feuerwehr-rehau.de\/wp-content\/uploads\/2025\/01\/25-01-02-16-51-10-7577-1600x1200.jpg 1600w, https:\/\/feuerwehr-rehau.de\/wp-content\/uploads\/2025\/01\/25-01-02-16-51-10-7577-1536x1152.jpg 1536w, https:\/\/feuerwehr-rehau.de\/wp-content\/uploads\/2025\/01\/25-01-02-16-51-10-7577-2048x1536.jpg 2048w\" sizes=\"(max-width: 2500px) 100vw, 2500px\" \/><\/a><\/figure>\n\n\n\n<figure class=\"wp-block-image size-large\"><a href=\"https:\/\/feuerwehr-rehau.de\/wp-content\/uploads\/2025\/01\/IMG_6010-scaled.jpg\"><img decoding=\"async\" width=\"2500\" height=\"1875\" data-id=\"7816\" src=\"https:\/\/feuerwehr-rehau.de\/wp-content\/uploads\/2025\/01\/IMG_6010-2500x1875.jpg\" alt=\"\" class=\"wp-image-7816\" srcset=\"https:\/\/feuerwehr-rehau.de\/wp-content\/uploads\/2025\/01\/IMG_6010-2500x1875.jpg 2500w, https:\/\/feuerwehr-rehau.de\/wp-content\/uploads\/2025\/01\/IMG_6010-1600x1200.jpg 1600w, https:\/\/feuerwehr-rehau.de\/wp-content\/uploads\/2025\/01\/IMG_6010-1536x1152.jpg 1536w, https:\/\/feuerwehr-rehau.de\/wp-content\/uploads\/2025\/01\/IMG_6010-2048x1536.jpg 2048w\" sizes=\"(max-width: 2500px) 100vw, 2500px\" \/><\/a><\/figure>\n<\/figure>\n","protected":false},"author":184,"featured_media":7819,"template":"","meta":{"einsatz_weight":1,"footnotes":""},"categories":[509],"tags":[],"einsatzart":[445],"fahrzeug":[448,456,559,585,458,461],"exteinsatzmittel":[],"alarmierungsart":[],"evw_unit":[564,563],"class_list":{"0":"post-7815","1":"einsatz","2":"type-einsatz","3":"status-publish","4":"has-post-thumbnail","6":"category-archiv_","7":"einsatzart-technische-hilfeleistung","8":"fahrzeug-elw-1","9":"fahrzeug-hlf-1620","10":"fahrzeug-klaf","11":"fahrzeug-mtw","12":"fahrzeug-sw-2000","13":"fahrzeug-vsa","14":"evw_unit-polizei","15":"evw_unit-rettungsdienst","16":"czr-hentry"},"_links":{"self":[{"href":"https:\/\/feuerwehr-rehau.de\/index.php?rest_route=\/wp\/v2\/einsatz\/7815","targetHints":{"allow":["GET"]}}],"collection":[{"href":"https:\/\/feuerwehr-rehau.de\/index.php?rest_route=\/wp\/v2\/einsatz"}],"about":[{"href":"https:\/\/feuerwehr-rehau.de\/index.php?rest_route=\/wp\/v2\/types\/einsatz"}],"author":[{"embeddable":true,"href":"https:\/\/feuerwehr-rehau.de\/index.php?rest_route=\/wp\/v2\/users\/184"}],"version-history":[{"count":1,"href":"https:\/\/feuerwehr-rehau.de\/index.php?rest_route=\/wp\/v2\/einsatz\/7815\/revisions"}],"predecessor-version":[{"id":7820,"href":"https:\/\/feuerwehr-rehau.de\/index.php?rest_route=\/wp\/v2\/einsatz\/7815\/revisions\/7820"}],"wp:featuredmedia":[{"embeddable":true,"href":"https:\/\/feuerwehr-rehau.de\/index.php?rest_route=\/wp\/v2\/media\/7819"}],"wp:attachment":[{"href":"https:\/\/feuerwehr-rehau.de\/index.php?rest_route=%2Fwp%2Fv2%2Fmedia&parent=7815"}],"wp:term":[{"taxonomy":"category","embeddable":true,"href":"https:\/\/feuerwehr-rehau.de\/index.php?rest_route=%2Fwp%2Fv2%2Fcategories&post=7815"},{"taxonomy":"post_tag","embeddable":true,"href":"https:\/\/feuerwehr-rehau.de\/index.php?rest_route=%2Fwp%2Fv2%2Ftags&post=7815"},{"taxonomy":"einsatzart","embeddable":true,"href":"https:\/\/feuerwehr-rehau.de\/index.php?rest_route=%2Fwp%2Fv2%2Feinsatzart&post=7815"},{"taxonomy":"fahrzeug","embeddable":true,"href":"https:\/\/feuerwehr-rehau.de\/index.php?rest_route=%2Fwp%2Fv2%2Ffahrzeug&post=7815"},{"taxonomy":"exteinsatzmittel","embeddable":true,"href":"https:\/\/feuerwehr-rehau.de\/index.php?rest_route=%2Fwp%2Fv2%2Fexteinsatzmittel&post=7815"},{"taxonomy":"alarmierungsart","embeddable":true,"href":"https:\/\/feuerwehr-rehau.de\/index.php?rest_route=%2Fwp%2Fv2%2Falarmierungsart&post=7815"},{"taxonomy":"evw_unit","embeddable":true,"href":"https:\/\/feuerwehr-rehau.de\/index.php?rest_route=%2Fwp%2Fv2%2Fevw_unit&post=7815"}],"curies":[{"name":"wp","href":"https:\/\/api.w.org\/{rel}","templated":true}]}}

<p>Der erste Einsatz 2025 ließ nicht lange auf sich warten. Die Feuerwehr Rehau wurde zu einem Verkehrsunfall auf der A93 alarmiert, Vollalarm wurde ausgelöst. Ein PKW kam in den Straßengraben ab, überschlug sich und landete auf der Beifahrerseite. Eingeklemmt wurde niemand, die Feuerwehr Rehau kümmerte sich um die Verkehrsabsicherung, reinigte die Unfallstelle und stellte den Brandschutz sicher.</p>



<figure class="wp-block-gallery has-nested-images columns-default is-cropped wp-block-gallery-1 is-layout-flex wp-block-gallery-is-layout-flex">
<figure class="wp-block-image size-large"><a href="https://feuerwehr-rehau.de/wp-content/uploads/2025/01/IMG_6006-scaled.jpg"><img decoding="async" width="2500" height="1875" data-id="7819" src="https://feuerwehr-rehau.de/wp-content/uploads/2025/01/IMG_6006-2500x1875.jpg" alt="" class="wp-image-7819" srcset="https://feuerwehr-rehau.de/wp-content/uploads/2025/01/IMG_6006-2500x1875.jpg 2500w, https://feuerwehr-rehau.de/wp-content/uploads/2025/01/IMG_6006-1600x1200.jpg 1600w, https://feuerwehr-rehau.de/wp-content/uploads/2025/01/IMG_6006-1536x1152.jpg 1536w, https://feuerwehr-rehau.de/wp-content/uploads/2025/01/IMG_6006-2048x1536.jpg 2048w" sizes="(max-width: 2500px) 100vw, 2500px" /></a></figure>



<figure class="wp-block-image size-large"><a href="https://feuerwehr-rehau.de/wp-content/uploads/2025/01/25-01-02-16-56-10-7579-scaled.jpg"><img decoding="async" width="2500" height="1875" data-id="7818" src="https://feuerwehr-rehau.de/wp-content/uploads/2025/01/25-01-02-16-56-10-7579-2500x1875.jpg" alt="" class="wp-image-7818" srcset="https://feuerwehr-rehau.de/wp-content/uploads/2025/01/25-01-02-16-56-10-7579-2500x1875.jpg 2500w, https://feuerwehr-rehau.de/wp-content/uploads/2025/01/25-01-02-16-56-10-7579-1600x1200.jpg 1600w, https://feuerwehr-rehau.de/wp-content/uploads/2025/01/25-01-02-16-56-10-7579-1536x1152.jpg 1536w, https://feuerwehr-rehau.de/wp-content/uploads/2025/01/25-01-02-16-56-10-7579-2048x1536.jpg 2048w" sizes="(max-width: 2500px) 100vw, 2500px" /></a></figure>



<figure class="wp-block-image size-large"><a href="https://feuerwehr-rehau.de/wp-content/uploads/2025/01/25-01-02-16-51-10-7577-scaled.jpg"><img decoding="async" width="2500" height="1875" data-id="7817" src="https://feuerwehr-rehau.de/wp-content/uploads/2025/01/25-01-02-16-51-10-7577-2500x1875.jpg" alt="" class="wp-image-7817" srcset="https://feuerwehr-rehau.de/wp-content/uploads/2025/01/25-01-02-16-51-10-7577-2500x1875.jpg 2500w, https://feuerwehr-rehau.de/wp-content/uploads/2025/01/25-01-02-16-51-10-7577-1600x1200.jpg 1600w, https://feuerwehr-rehau.de/wp-content/uploads/2025/01/25-01-02-16-51-10-7577-1536x1152.jpg 1536w, https://feuerwehr-rehau.de/wp-content/uploads/2025/01/25-01-02-16-51-10-7577-2048x1536.jpg 2048w" sizes="(max-width: 2500px) 100vw, 2500px" /></a></figure>



<figure class="wp-block-image size-large"><a href="https://feuerwehr-rehau.de/wp-content/uploads/2025/01/IMG_6010-scaled.jpg"><img decoding="async" width="2500" height="1875" data-id="7816" src="https://feuerwehr-rehau.de/wp-content/uploads/2025/01/IMG_6010-2500x1875.jpg" alt="" class="wp-image-7816" srcset="https://feuerwehr-rehau.de/wp-content/uploads/2025/01/IMG_6010-2500x1875.jpg 2500w, https://feuerwehr-rehau.de/wp-content/uploads/2025/01/IMG_6010-1600x1200.jpg 1600w, https://feuerwehr-rehau.de/wp-content/uploads/2025/01/IMG_6010-1536x1152.jpg 1536w, https://feuerwehr-rehau.de/wp-content/uploads/2025/01/IMG_6010-2048x1536.jpg 2048w" sizes="(max-width: 2500px) 100vw, 2500px" /></a></figure>
</figure>
