{"id":8245,"date":"2025-05-11T21:29:00","date_gmt":"2025-05-11T19:29:00","guid":{"rendered":"https:\/\/feuerwehr-rehau.de\/?post_type=einsatz&#038;p=8245"},"modified":"2025-05-13T18:44:12","modified_gmt":"2025-05-13T16:44:12","slug":"grosstierrettung","status":"publish","type":"einsatz","link":"https:\/\/feuerwehr-rehau.de\/?einsatz=grosstierrettung","title":{"rendered":"Gro\u00dftierrettung"},"content":{"rendered":"\n<p>Wir wurden zur Unterst\u00fctzung nach Fohrenreuth zu einer anspruchsvollen Gro\u00dftierrettung alarmiert. Ein Pferd war in einem abgelegenen Waldst\u00fcck etwa 100 Meter vom n\u00e4chsten Weg entfernt tief im Boden eingesunken. Die Kameradinnen und Kameraden der Feuerwehr Fohrenreuth \u00fcbernahmen mit beeindruckender Routine, Erfahrung und absoluter Ruhe die komplette Rettung \u2013 professionell, effektiv und mit gro\u00dfem Engagement. Die Feuerwehr Rehau stand beratend zur Seite und leuchtete die rund 100 Meter entfernte Einsatzstelle aus, um optimale Arbeitsbedingungen zu erm\u00f6glichen. Trotz aller Bem\u00fchungen musste das Pferd sp\u00e4ter leider durch einen Tierarzt erl\u00f6st werden. Die Leistung der Feuerwehr Fohrenreuth war herausragend und verdient h\u00f6chsten Respekt.<\/p>\n\n\n\n<figure class=\"wp-block-gallery has-nested-images columns-default is-cropped wp-block-gallery-1 is-layout-flex wp-block-gallery-is-layout-flex\">\n<figure class=\"wp-block-image size-large\"><a href=\"https:\/\/feuerwehr-rehau.de\/wp-content\/uploads\/2025\/05\/10e68000-353e-4b92-9010-f4c84b238994-scaled.jpeg\"><img decoding=\"async\" width=\"2500\" height=\"1875\" data-id=\"8244\" src=\"https:\/\/feuerwehr-rehau.de\/wp-content\/uploads\/2025\/05\/10e68000-353e-4b92-9010-f4c84b238994-2500x1875.jpeg\" alt=\"\" class=\"wp-image-8244\" srcset=\"https:\/\/feuerwehr-rehau.de\/wp-content\/uploads\/2025\/05\/10e68000-353e-4b92-9010-f4c84b238994-2500x1875.jpeg 2500w, https:\/\/feuerwehr-rehau.de\/wp-content\/uploads\/2025\/05\/10e68000-353e-4b92-9010-f4c84b238994-1600x1200.jpeg 1600w, https:\/\/feuerwehr-rehau.de\/wp-content\/uploads\/2025\/05\/10e68000-353e-4b92-9010-f4c84b238994-1536x1152.jpeg 1536w, https:\/\/feuerwehr-rehau.de\/wp-content\/uploads\/2025\/05\/10e68000-353e-4b92-9010-f4c84b238994-2048x1536.jpeg 2048w\" sizes=\"(max-width: 2500px) 100vw, 2500px\" \/><\/a><\/figure>\n\n\n\n<figure class=\"wp-block-image size-large\"><a href=\"https:\/\/feuerwehr-rehau.de\/wp-content\/uploads\/2025\/05\/8a8df8c7-fac1-4f23-b547-0bc640cbbcfa-scaled.jpeg\"><img decoding=\"async\" width=\"2500\" height=\"1875\" data-id=\"8243\" src=\"https:\/\/feuerwehr-rehau.de\/wp-content\/uploads\/2025\/05\/8a8df8c7-fac1-4f23-b547-0bc640cbbcfa-2500x1875.jpeg\" alt=\"\" class=\"wp-image-8243\" srcset=\"https:\/\/feuerwehr-rehau.de\/wp-content\/uploads\/2025\/05\/8a8df8c7-fac1-4f23-b547-0bc640cbbcfa-2500x1875.jpeg 2500w, https:\/\/feuerwehr-rehau.de\/wp-content\/uploads\/2025\/05\/8a8df8c7-fac1-4f23-b547-0bc640cbbcfa-1600x1200.jpeg 1600w, https:\/\/feuerwehr-rehau.de\/wp-content\/uploads\/2025\/05\/8a8df8c7-fac1-4f23-b547-0bc640cbbcfa-1536x1152.jpeg 1536w, https:\/\/feuerwehr-rehau.de\/wp-content\/uploads\/2025\/05\/8a8df8c7-fac1-4f23-b547-0bc640cbbcfa-2048x1536.jpeg 2048w\" sizes=\"(max-width: 2500px) 100vw, 2500px\" \/><\/a><\/figure>\n<\/figure>\n","protected":false},"author":184,"featured_media":8243,"template":"","meta":{"einsatz_weight":1,"footnotes":""},"categories":[509],"tags":[],"einsatzart":[445],"fahrzeug":[448,456],"exteinsatzmittel":[599,495,463,452],"alarmierungsart":[],"evw_unit":[],"class_list":{"0":"post-8245","1":"einsatz","2":"type-einsatz","3":"status-publish","4":"has-post-thumbnail","6":"category-archiv_","7":"einsatzart-technische-hilfeleistung","8":"fahrzeug-elw-1","9":"fahrzeug-hlf-1620","10":"exteinsatzmittel-fachberater-thw","11":"exteinsatzmittel-feuerwehr-fohrenreuth","12":"exteinsatzmittel-land-2","13":"exteinsatzmittel-land-21","14":"czr-hentry"},"_links":{"self":[{"href":"https:\/\/feuerwehr-rehau.de\/index.php?rest_route=\/wp\/v2\/einsatz\/8245","targetHints":{"allow":["GET"]}}],"collection":[{"href":"https:\/\/feuerwehr-rehau.de\/index.php?rest_route=\/wp\/v2\/einsatz"}],"about":[{"href":"https:\/\/feuerwehr-rehau.de\/index.php?rest_route=\/wp\/v2\/types\/einsatz"}],"author":[{"embeddable":true,"href":"https:\/\/feuerwehr-rehau.de\/index.php?rest_route=\/wp\/v2\/users\/184"}],"version-history":[{"count":2,"href":"https:\/\/feuerwehr-rehau.de\/index.php?rest_route=\/wp\/v2\/einsatz\/8245\/revisions"}],"predecessor-version":[{"id":8261,"href":"https:\/\/feuerwehr-rehau.de\/index.php?rest_route=\/wp\/v2\/einsatz\/8245\/revisions\/8261"}],"wp:featuredmedia":[{"embeddable":true,"href":"https:\/\/feuerwehr-rehau.de\/index.php?rest_route=\/wp\/v2\/media\/8243"}],"wp:attachment":[{"href":"https:\/\/feuerwehr-rehau.de\/index.php?rest_route=%2Fwp%2Fv2%2Fmedia&parent=8245"}],"wp:term":[{"taxonomy":"category","embeddable":true,"href":"https:\/\/feuerwehr-rehau.de\/index.php?rest_route=%2Fwp%2Fv2%2Fcategories&post=8245"},{"taxonomy":"post_tag","embeddable":true,"href":"https:\/\/feuerwehr-rehau.de\/index.php?rest_route=%2Fwp%2Fv2%2Ftags&post=8245"},{"taxonomy":"einsatzart","embeddable":true,"href":"https:\/\/feuerwehr-rehau.de\/index.php?rest_route=%2Fwp%2Fv2%2Feinsatzart&post=8245"},{"taxonomy":"fahrzeug","embeddable":true,"href":"https:\/\/feuerwehr-rehau.de\/index.php?rest_route=%2Fwp%2Fv2%2Ffahrzeug&post=8245"},{"taxonomy":"exteinsatzmittel","embeddable":true,"href":"https:\/\/feuerwehr-rehau.de\/index.php?rest_route=%2Fwp%2Fv2%2Fexteinsatzmittel&post=8245"},{"taxonomy":"alarmierungsart","embeddable":true,"href":"https:\/\/feuerwehr-rehau.de\/index.php?rest_route=%2Fwp%2Fv2%2Falarmierungsart&post=8245"},{"taxonomy":"evw_unit","embeddable":true,"href":"https:\/\/feuerwehr-rehau.de\/index.php?rest_route=%2Fwp%2Fv2%2Fevw_unit&post=8245"}],"curies":[{"name":"wp","href":"https:\/\/api.w.org\/{rel}","templated":true}]}}

Großtierrettung

<p>Wir wurden zur Unterstützung nach Fohrenreuth zu einer anspruchsvollen Großtierrettung alarmiert. Ein Pferd war in einem abgelegenen Waldstück etwa 100 Meter vom nächsten Weg entfernt tief im Boden eingesunken. Die Kameradinnen und Kameraden der Feuerwehr Fohrenreuth übernahmen mit beeindruckender Routine, Erfahrung und absoluter Ruhe die komplette Rettung – professionell, effektiv und mit großem Engagement. Die Feuerwehr Rehau stand beratend zur Seite und leuchtete die rund 100 Meter entfernte Einsatzstelle aus, um optimale Arbeitsbedingungen zu ermöglichen. Trotz aller Bemühungen musste das Pferd später leider durch einen Tierarzt erlöst werden. Die Leistung der Feuerwehr Fohrenreuth war herausragend und verdient höchsten Respekt.</p>



<figure class="wp-block-gallery has-nested-images columns-default is-cropped wp-block-gallery-1 is-layout-flex wp-block-gallery-is-layout-flex">
<figure class="wp-block-image size-large"><a href="https://feuerwehr-rehau.de/wp-content/uploads/2025/05/10e68000-353e-4b92-9010-f4c84b238994-scaled.jpeg"><img decoding="async" width="2500" height="1875" data-id="8244" src="https://feuerwehr-rehau.de/wp-content/uploads/2025/05/10e68000-353e-4b92-9010-f4c84b238994-2500x1875.jpeg" alt="" class="wp-image-8244" srcset="https://feuerwehr-rehau.de/wp-content/uploads/2025/05/10e68000-353e-4b92-9010-f4c84b238994-2500x1875.jpeg 2500w, https://feuerwehr-rehau.de/wp-content/uploads/2025/05/10e68000-353e-4b92-9010-f4c84b238994-1600x1200.jpeg 1600w, https://feuerwehr-rehau.de/wp-content/uploads/2025/05/10e68000-353e-4b92-9010-f4c84b238994-1536x1152.jpeg 1536w, https://feuerwehr-rehau.de/wp-content/uploads/2025/05/10e68000-353e-4b92-9010-f4c84b238994-2048x1536.jpeg 2048w" sizes="(max-width: 2500px) 100vw, 2500px" /></a></figure>



<figure class="wp-block-image size-large"><a href="https://feuerwehr-rehau.de/wp-content/uploads/2025/05/8a8df8c7-fac1-4f23-b547-0bc640cbbcfa-scaled.jpeg"><img decoding="async" width="2500" height="1875" data-id="8243" src="https://feuerwehr-rehau.de/wp-content/uploads/2025/05/8a8df8c7-fac1-4f23-b547-0bc640cbbcfa-2500x1875.jpeg" alt="" class="wp-image-8243" srcset="https://feuerwehr-rehau.de/wp-content/uploads/2025/05/8a8df8c7-fac1-4f23-b547-0bc640cbbcfa-2500x1875.jpeg 2500w, https://feuerwehr-rehau.de/wp-content/uploads/2025/05/8a8df8c7-fac1-4f23-b547-0bc640cbbcfa-1600x1200.jpeg 1600w, https://feuerwehr-rehau.de/wp-content/uploads/2025/05/8a8df8c7-fac1-4f23-b547-0bc640cbbcfa-1536x1152.jpeg 1536w, https://feuerwehr-rehau.de/wp-content/uploads/2025/05/8a8df8c7-fac1-4f23-b547-0bc640cbbcfa-2048x1536.jpeg 2048w" sizes="(max-width: 2500px) 100vw, 2500px" /></a></figure>
</figure>
