{"id":8311,"date":"2025-05-23T06:42:00","date_gmt":"2025-05-23T04:42:00","guid":{"rendered":"https:\/\/feuerwehr-rehau.de\/?post_type=einsatz&#038;p=8311"},"modified":"2025-05-30T11:56:46","modified_gmt":"2025-05-30T09:56:46","slug":"zimmerbrand-4","status":"publish","type":"einsatz","link":"https:\/\/feuerwehr-rehau.de\/?einsatz=zimmerbrand-4","title":{"rendered":"Zimmerbrand"},"content":{"rendered":"\n<p>Am fr\u00fchen Morgen des 23. Mai wurden wir um <strong>06:42 Uhr<\/strong> mit dem Stichwort \u201eZimmerbrand\u201c alarmiert. Bereits auf der Anfahrt war eine dunkle Rauchwolke \u00fcber den D\u00e4chern des Wohnviertels sichtbar. Noch vor unserem Eintreffen traf <strong>Kreisbrandmeister Volker Bucher<\/strong> an der Einsatzstelle ein, erkundete umgehend die Lage und best\u00e4tigte den Zimmerbrand mit starker Rauchentwicklung aus einem Fenster im Erdgeschoss.<\/p>\n\n\n\n<p>Bereits w\u00e4hrend der Anfahrt r\u00fcsteten sich ein Trupp mit <strong>Atemschutz<\/strong> aus, um sofort einsatzbereit zu sein. Nach unserem Eintreffen ging der erste Trupp z\u00fcgig \u00fcber das verrauchte Treppenhaus zum Innenangriff vor. Das betroffene Zimmer stand teilweise in Flammen, M\u00f6belst\u00fccke brannten lichterloh. Die Hitze war intensiv, die Sicht nahezu null \u2013 doch durch gezielten Wassereinsatz konnte das Feuer schnell unter Kontrolle gebracht werden.<\/p>\n\n\n\n<p>Parallel dazu bereitete der zweite Trupp einen <strong>Au\u00dfenangriff \u00fcber die Steckleiter<\/strong> vor, um eine Ausbreitung des Feuers auf den Dachstuhl zu verhindern und im Ernstfall eine alternative Rettungsroute zu schaffen.<\/p>\n\n\n\n<p>Dank des <strong>schnellen und professionellen Handelns<\/strong> aller Einsatzkr\u00e4fte konnte bereits <strong>19 Minuten nach Alarmierung \u2013 um 07:01 Uhr \u2013 \u201eFeuer aus\u201c gemeldet<\/strong> werden. Eine Ausbreitung des Brandes auf andere R\u00e4ume konnte erfolgreich verhindert werden. Verletzt wurde niemand.<\/p>\n\n\n\n<p>Der Einsatz zeigte erneut, wie wichtig eingespielte Abl\u00e4ufe und gutes Zusammenspiel aller Kr\u00e4fte im Ernstfall sind.<\/p>\n\n\n\n<figure class=\"wp-block-gallery has-nested-images columns-default is-cropped wp-block-gallery-1 is-layout-flex wp-block-gallery-is-layout-flex\">\n<figure class=\"wp-block-image size-large\"><a href=\"https:\/\/feuerwehr-rehau.de\/wp-content\/uploads\/2025\/05\/IMG_3572-scaled.jpeg\"><img decoding=\"async\" width=\"2500\" height=\"1875\" data-id=\"8313\" src=\"https:\/\/feuerwehr-rehau.de\/wp-content\/uploads\/2025\/05\/IMG_3572-2500x1875.jpeg\" alt=\"\" class=\"wp-image-8313\" srcset=\"https:\/\/feuerwehr-rehau.de\/wp-content\/uploads\/2025\/05\/IMG_3572-2500x1875.jpeg 2500w, https:\/\/feuerwehr-rehau.de\/wp-content\/uploads\/2025\/05\/IMG_3572-1600x1200.jpeg 1600w, https:\/\/feuerwehr-rehau.de\/wp-content\/uploads\/2025\/05\/IMG_3572-1536x1152.jpeg 1536w, https:\/\/feuerwehr-rehau.de\/wp-content\/uploads\/2025\/05\/IMG_3572-2048x1536.jpeg 2048w\" sizes=\"(max-width: 2500px) 100vw, 2500px\" \/><\/a><\/figure>\n\n\n\n<figure class=\"wp-block-image size-large\"><a href=\"https:\/\/feuerwehr-rehau.de\/wp-content\/uploads\/2025\/05\/IMG_3571-scaled.jpeg\"><img decoding=\"async\" width=\"2500\" height=\"1875\" data-id=\"8312\" src=\"https:\/\/feuerwehr-rehau.de\/wp-content\/uploads\/2025\/05\/IMG_3571-2500x1875.jpeg\" alt=\"\" class=\"wp-image-8312\" srcset=\"https:\/\/feuerwehr-rehau.de\/wp-content\/uploads\/2025\/05\/IMG_3571-2500x1875.jpeg 2500w, https:\/\/feuerwehr-rehau.de\/wp-content\/uploads\/2025\/05\/IMG_3571-1600x1200.jpeg 1600w, https:\/\/feuerwehr-rehau.de\/wp-content\/uploads\/2025\/05\/IMG_3571-1536x1152.jpeg 1536w, https:\/\/feuerwehr-rehau.de\/wp-content\/uploads\/2025\/05\/IMG_3571-2048x1536.jpeg 2048w\" sizes=\"(max-width: 2500px) 100vw, 2500px\" \/><\/a><\/figure>\n\n\n\n<figure class=\"wp-block-image size-large\"><a href=\"https:\/\/feuerwehr-rehau.de\/wp-content\/uploads\/2025\/05\/IMG_3573-scaled.jpeg\"><img decoding=\"async\" width=\"2500\" height=\"1875\" data-id=\"8295\" src=\"https:\/\/feuerwehr-rehau.de\/wp-content\/uploads\/2025\/05\/IMG_3573-2500x1875.jpeg\" alt=\"\" class=\"wp-image-8295\" srcset=\"https:\/\/feuerwehr-rehau.de\/wp-content\/uploads\/2025\/05\/IMG_3573-2500x1875.jpeg 2500w, https:\/\/feuerwehr-rehau.de\/wp-content\/uploads\/2025\/05\/IMG_3573-1600x1200.jpeg 1600w, https:\/\/feuerwehr-rehau.de\/wp-content\/uploads\/2025\/05\/IMG_3573-1536x1152.jpeg 1536w, https:\/\/feuerwehr-rehau.de\/wp-content\/uploads\/2025\/05\/IMG_3573-2048x1536.jpeg 2048w\" sizes=\"(max-width: 2500px) 100vw, 2500px\" \/><\/a><\/figure>\n\n\n\n<figure class=\"wp-block-image size-large\"><a href=\"https:\/\/feuerwehr-rehau.de\/wp-content\/uploads\/2025\/05\/IMG_3578-scaled.jpeg\"><img decoding=\"async\" width=\"1875\" height=\"2500\" data-id=\"8297\" src=\"https:\/\/feuerwehr-rehau.de\/wp-content\/uploads\/2025\/05\/IMG_3578-1875x2500.jpeg\" alt=\"\" class=\"wp-image-8297\" srcset=\"https:\/\/feuerwehr-rehau.de\/wp-content\/uploads\/2025\/05\/IMG_3578-1875x2500.jpeg 1875w, https:\/\/feuerwehr-rehau.de\/wp-content\/uploads\/2025\/05\/IMG_3578-1200x1600.jpeg 1200w, https:\/\/feuerwehr-rehau.de\/wp-content\/uploads\/2025\/05\/IMG_3578-1152x1536.jpeg 1152w, https:\/\/feuerwehr-rehau.de\/wp-content\/uploads\/2025\/05\/IMG_3578-1536x2048.jpeg 1536w, https:\/\/feuerwehr-rehau.de\/wp-content\/uploads\/2025\/05\/IMG_3578-scaled.jpeg 1920w\" sizes=\"(max-width: 1875px) 100vw, 1875px\" \/><\/a><\/figure>\n\n\n\n<figure class=\"wp-block-image size-large\"><a href=\"https:\/\/feuerwehr-rehau.de\/wp-content\/uploads\/2025\/05\/1dfa4aa1-bacd-48ec-94aa-7d25a4d328ab.jpeg\"><img decoding=\"async\" width=\"720\" height=\"1600\" data-id=\"8294\" src=\"https:\/\/feuerwehr-rehau.de\/wp-content\/uploads\/2025\/05\/1dfa4aa1-bacd-48ec-94aa-7d25a4d328ab.jpeg\" alt=\"\" class=\"wp-image-8294\" srcset=\"https:\/\/feuerwehr-rehau.de\/wp-content\/uploads\/2025\/05\/1dfa4aa1-bacd-48ec-94aa-7d25a4d328ab.jpeg 720w, https:\/\/feuerwehr-rehau.de\/wp-content\/uploads\/2025\/05\/1dfa4aa1-bacd-48ec-94aa-7d25a4d328ab-691x1536.jpeg 691w\" sizes=\"(max-width: 720px) 100vw, 720px\" \/><\/a><figcaption class=\"wp-element-caption\">Foto: Volker Bucher<\/figcaption><\/figure>\n<\/figure>\n","protected":false},"author":184,"featured_media":8297,"template":"","meta":{"einsatz_weight":1,"footnotes":""},"categories":[509],"tags":[],"einsatzart":[446],"fahrzeug":[455,448,456,559,454],"exteinsatzmittel":[463,452],"alarmierungsart":[],"evw_unit":[564,563],"class_list":{"0":"post-8311","1":"einsatz","2":"type-einsatz","3":"status-publish","4":"has-post-thumbnail","6":"category-archiv_","7":"einsatzart-brandeinsatz","8":"fahrzeug-dlk-23-12","9":"fahrzeug-elw-1","10":"fahrzeug-hlf-1620","11":"fahrzeug-klaf","12":"fahrzeug-lf-2016-p750-cafs","13":"exteinsatzmittel-land-2","14":"exteinsatzmittel-land-21","15":"evw_unit-polizei","16":"evw_unit-rettungsdienst","17":"czr-hentry"},"_links":{"self":[{"href":"https:\/\/feuerwehr-rehau.de\/index.php?rest_route=\/wp\/v2\/einsatz\/8311","targetHints":{"allow":["GET"]}}],"collection":[{"href":"https:\/\/feuerwehr-rehau.de\/index.php?rest_route=\/wp\/v2\/einsatz"}],"about":[{"href":"https:\/\/feuerwehr-rehau.de\/index.php?rest_route=\/wp\/v2\/types\/einsatz"}],"author":[{"embeddable":true,"href":"https:\/\/feuerwehr-rehau.de\/index.php?rest_route=\/wp\/v2\/users\/184"}],"version-history":[{"count":3,"href":"https:\/\/feuerwehr-rehau.de\/index.php?rest_route=\/wp\/v2\/einsatz\/8311\/revisions"}],"predecessor-version":[{"id":8355,"href":"https:\/\/feuerwehr-rehau.de\/index.php?rest_route=\/wp\/v2\/einsatz\/8311\/revisions\/8355"}],"wp:featuredmedia":[{"embeddable":true,"href":"https:\/\/feuerwehr-rehau.de\/index.php?rest_route=\/wp\/v2\/media\/8297"}],"wp:attachment":[{"href":"https:\/\/feuerwehr-rehau.de\/index.php?rest_route=%2Fwp%2Fv2%2Fmedia&parent=8311"}],"wp:term":[{"taxonomy":"category","embeddable":true,"href":"https:\/\/feuerwehr-rehau.de\/index.php?rest_route=%2Fwp%2Fv2%2Fcategories&post=8311"},{"taxonomy":"post_tag","embeddable":true,"href":"https:\/\/feuerwehr-rehau.de\/index.php?rest_route=%2Fwp%2Fv2%2Ftags&post=8311"},{"taxonomy":"einsatzart","embeddable":true,"href":"https:\/\/feuerwehr-rehau.de\/index.php?rest_route=%2Fwp%2Fv2%2Feinsatzart&post=8311"},{"taxonomy":"fahrzeug","embeddable":true,"href":"https:\/\/feuerwehr-rehau.de\/index.php?rest_route=%2Fwp%2Fv2%2Ffahrzeug&post=8311"},{"taxonomy":"exteinsatzmittel","embeddable":true,"href":"https:\/\/feuerwehr-rehau.de\/index.php?rest_route=%2Fwp%2Fv2%2Fexteinsatzmittel&post=8311"},{"taxonomy":"alarmierungsart","embeddable":true,"href":"https:\/\/feuerwehr-rehau.de\/index.php?rest_route=%2Fwp%2Fv2%2Falarmierungsart&post=8311"},{"taxonomy":"evw_unit","embeddable":true,"href":"https:\/\/feuerwehr-rehau.de\/index.php?rest_route=%2Fwp%2Fv2%2Fevw_unit&post=8311"}],"curies":[{"name":"wp","href":"https:\/\/api.w.org\/{rel}","templated":true}]}}

<p>Am frühen Morgen des 23. Mai wurden wir um <strong>06:42 Uhr</strong> mit dem Stichwort „Zimmerbrand“ alarmiert. Bereits auf der Anfahrt war eine dunkle Rauchwolke über den Dächern des Wohnviertels sichtbar. Noch vor unserem Eintreffen traf <strong>Kreisbrandmeister Volker Bucher</strong> an der Einsatzstelle ein, erkundete umgehend die Lage und bestätigte den Zimmerbrand mit starker Rauchentwicklung aus einem Fenster im Erdgeschoss.</p>



<p>Bereits während der Anfahrt rüsteten sich ein Trupp mit <strong>Atemschutz</strong> aus, um sofort einsatzbereit zu sein. Nach unserem Eintreffen ging der erste Trupp zügig über das verrauchte Treppenhaus zum Innenangriff vor. Das betroffene Zimmer stand teilweise in Flammen, Möbelstücke brannten lichterloh. Die Hitze war intensiv, die Sicht nahezu null – doch durch gezielten Wassereinsatz konnte das Feuer schnell unter Kontrolle gebracht werden.</p>



<p>Parallel dazu bereitete der zweite Trupp einen <strong>Außenangriff über die Steckleiter</strong> vor, um eine Ausbreitung des Feuers auf den Dachstuhl zu verhindern und im Ernstfall eine alternative Rettungsroute zu schaffen.</p>



<p>Dank des <strong>schnellen und professionellen Handelns</strong> aller Einsatzkräfte konnte bereits <strong>19 Minuten nach Alarmierung – um 07:01 Uhr – „Feuer aus“ gemeldet</strong> werden. Eine Ausbreitung des Brandes auf andere Räume konnte erfolgreich verhindert werden. Verletzt wurde niemand.</p>



<p>Der Einsatz zeigte erneut, wie wichtig eingespielte Abläufe und gutes Zusammenspiel aller Kräfte im Ernstfall sind.</p>



<figure class="wp-block-gallery has-nested-images columns-default is-cropped wp-block-gallery-1 is-layout-flex wp-block-gallery-is-layout-flex">
<figure class="wp-block-image size-large"><a href="https://feuerwehr-rehau.de/wp-content/uploads/2025/05/IMG_3572-scaled.jpeg"><img decoding="async" width="2500" height="1875" data-id="8313" src="https://feuerwehr-rehau.de/wp-content/uploads/2025/05/IMG_3572-2500x1875.jpeg" alt="" class="wp-image-8313" srcset="https://feuerwehr-rehau.de/wp-content/uploads/2025/05/IMG_3572-2500x1875.jpeg 2500w, https://feuerwehr-rehau.de/wp-content/uploads/2025/05/IMG_3572-1600x1200.jpeg 1600w, https://feuerwehr-rehau.de/wp-content/uploads/2025/05/IMG_3572-1536x1152.jpeg 1536w, https://feuerwehr-rehau.de/wp-content/uploads/2025/05/IMG_3572-2048x1536.jpeg 2048w" sizes="(max-width: 2500px) 100vw, 2500px" /></a></figure>



<figure class="wp-block-image size-large"><a href="https://feuerwehr-rehau.de/wp-content/uploads/2025/05/IMG_3571-scaled.jpeg"><img decoding="async" width="2500" height="1875" data-id="8312" src="https://feuerwehr-rehau.de/wp-content/uploads/2025/05/IMG_3571-2500x1875.jpeg" alt="" class="wp-image-8312" srcset="https://feuerwehr-rehau.de/wp-content/uploads/2025/05/IMG_3571-2500x1875.jpeg 2500w, https://feuerwehr-rehau.de/wp-content/uploads/2025/05/IMG_3571-1600x1200.jpeg 1600w, https://feuerwehr-rehau.de/wp-content/uploads/2025/05/IMG_3571-1536x1152.jpeg 1536w, https://feuerwehr-rehau.de/wp-content/uploads/2025/05/IMG_3571-2048x1536.jpeg 2048w" sizes="(max-width: 2500px) 100vw, 2500px" /></a></figure>



<figure class="wp-block-image size-large"><a href="https://feuerwehr-rehau.de/wp-content/uploads/2025/05/IMG_3573-scaled.jpeg"><img decoding="async" width="2500" height="1875" data-id="8295" src="https://feuerwehr-rehau.de/wp-content/uploads/2025/05/IMG_3573-2500x1875.jpeg" alt="" class="wp-image-8295" srcset="https://feuerwehr-rehau.de/wp-content/uploads/2025/05/IMG_3573-2500x1875.jpeg 2500w, https://feuerwehr-rehau.de/wp-content/uploads/2025/05/IMG_3573-1600x1200.jpeg 1600w, https://feuerwehr-rehau.de/wp-content/uploads/2025/05/IMG_3573-1536x1152.jpeg 1536w, https://feuerwehr-rehau.de/wp-content/uploads/2025/05/IMG_3573-2048x1536.jpeg 2048w" sizes="(max-width: 2500px) 100vw, 2500px" /></a></figure>



<figure class="wp-block-image size-large"><a href="https://feuerwehr-rehau.de/wp-content/uploads/2025/05/IMG_3578-scaled.jpeg"><img decoding="async" width="1875" height="2500" data-id="8297" src="https://feuerwehr-rehau.de/wp-content/uploads/2025/05/IMG_3578-1875x2500.jpeg" alt="" class="wp-image-8297" srcset="https://feuerwehr-rehau.de/wp-content/uploads/2025/05/IMG_3578-1875x2500.jpeg 1875w, https://feuerwehr-rehau.de/wp-content/uploads/2025/05/IMG_3578-1200x1600.jpeg 1200w, https://feuerwehr-rehau.de/wp-content/uploads/2025/05/IMG_3578-1152x1536.jpeg 1152w, https://feuerwehr-rehau.de/wp-content/uploads/2025/05/IMG_3578-1536x2048.jpeg 1536w, https://feuerwehr-rehau.de/wp-content/uploads/2025/05/IMG_3578-scaled.jpeg 1920w" sizes="(max-width: 1875px) 100vw, 1875px" /></a></figure>



<figure class="wp-block-image size-large"><a href="https://feuerwehr-rehau.de/wp-content/uploads/2025/05/1dfa4aa1-bacd-48ec-94aa-7d25a4d328ab.jpeg"><img decoding="async" width="720" height="1600" data-id="8294" src="https://feuerwehr-rehau.de/wp-content/uploads/2025/05/1dfa4aa1-bacd-48ec-94aa-7d25a4d328ab.jpeg" alt="" class="wp-image-8294" srcset="https://feuerwehr-rehau.de/wp-content/uploads/2025/05/1dfa4aa1-bacd-48ec-94aa-7d25a4d328ab.jpeg 720w, https://feuerwehr-rehau.de/wp-content/uploads/2025/05/1dfa4aa1-bacd-48ec-94aa-7d25a4d328ab-691x1536.jpeg 691w" sizes="(max-width: 720px) 100vw, 720px" /></a><figcaption class="wp-element-caption">Foto: Volker Bucher</figcaption></figure>
</figure>
