{"id":8357,"date":"2025-05-29T20:06:00","date_gmt":"2025-05-29T18:06:00","guid":{"rendered":"https:\/\/feuerwehr-rehau.de\/?post_type=einsatz&#038;p=8357"},"modified":"2025-06-10T19:59:05","modified_gmt":"2025-06-10T17:59:05","slug":"strasse-reinigen-19","status":"publish","type":"einsatz","link":"https:\/\/feuerwehr-rehau.de\/?einsatz=strasse-reinigen-19","title":{"rendered":"Stra\u00dfe reinigen"},"content":{"rendered":"\n<p>Auch am Vatertag mussten wir t\u00e4tig werden. Eine Dieselspur von ca. 2km l\u00e4nge hielt uns auch am Feiertag auf trapp. Wir streuten die gr\u00f6\u00dferen Dieselspuren ab und reinigten die Fahrbahn. <\/p>\n\n\n\n<figure class=\"wp-block-gallery has-nested-images columns-default is-cropped wp-block-gallery-1 is-layout-flex wp-block-gallery-is-layout-flex\">\n<figure class=\"wp-block-image size-large\"><a href=\"https:\/\/feuerwehr-rehau.de\/wp-content\/uploads\/2025\/05\/IMG_3646-scaled.jpeg\"><img decoding=\"async\" width=\"1875\" height=\"2500\" data-id=\"8366\" src=\"https:\/\/feuerwehr-rehau.de\/wp-content\/uploads\/2025\/05\/IMG_3646-1875x2500.jpeg\" alt=\"\" class=\"wp-image-8366\" srcset=\"https:\/\/feuerwehr-rehau.de\/wp-content\/uploads\/2025\/05\/IMG_3646-1875x2500.jpeg 1875w, https:\/\/feuerwehr-rehau.de\/wp-content\/uploads\/2025\/05\/IMG_3646-1200x1600.jpeg 1200w, https:\/\/feuerwehr-rehau.de\/wp-content\/uploads\/2025\/05\/IMG_3646-1152x1536.jpeg 1152w, https:\/\/feuerwehr-rehau.de\/wp-content\/uploads\/2025\/05\/IMG_3646-1536x2048.jpeg 1536w, https:\/\/feuerwehr-rehau.de\/wp-content\/uploads\/2025\/05\/IMG_3646-scaled.jpeg 1920w\" sizes=\"(max-width: 1875px) 100vw, 1875px\" \/><\/a><\/figure>\n\n\n\n<figure class=\"wp-block-image size-large\"><a href=\"https:\/\/feuerwehr-rehau.de\/wp-content\/uploads\/2025\/05\/IMG_3644-scaled.jpeg\"><img decoding=\"async\" width=\"1875\" height=\"2500\" data-id=\"8364\" src=\"https:\/\/feuerwehr-rehau.de\/wp-content\/uploads\/2025\/05\/IMG_3644-1875x2500.jpeg\" alt=\"\" class=\"wp-image-8364\" srcset=\"https:\/\/feuerwehr-rehau.de\/wp-content\/uploads\/2025\/05\/IMG_3644-1875x2500.jpeg 1875w, https:\/\/feuerwehr-rehau.de\/wp-content\/uploads\/2025\/05\/IMG_3644-1200x1600.jpeg 1200w, https:\/\/feuerwehr-rehau.de\/wp-content\/uploads\/2025\/05\/IMG_3644-1152x1536.jpeg 1152w, https:\/\/feuerwehr-rehau.de\/wp-content\/uploads\/2025\/05\/IMG_3644-1536x2048.jpeg 1536w, https:\/\/feuerwehr-rehau.de\/wp-content\/uploads\/2025\/05\/IMG_3644-scaled.jpeg 1920w\" sizes=\"(max-width: 1875px) 100vw, 1875px\" \/><\/a><\/figure>\n\n\n\n<figure class=\"wp-block-image size-large\"><a href=\"https:\/\/feuerwehr-rehau.de\/wp-content\/uploads\/2025\/05\/IMG_3648-scaled.jpeg\"><img decoding=\"async\" width=\"1875\" height=\"2500\" data-id=\"8363\" src=\"https:\/\/feuerwehr-rehau.de\/wp-content\/uploads\/2025\/05\/IMG_3648-1875x2500.jpeg\" alt=\"\" class=\"wp-image-8363\" srcset=\"https:\/\/feuerwehr-rehau.de\/wp-content\/uploads\/2025\/05\/IMG_3648-1875x2500.jpeg 1875w, https:\/\/feuerwehr-rehau.de\/wp-content\/uploads\/2025\/05\/IMG_3648-1200x1600.jpeg 1200w, https:\/\/feuerwehr-rehau.de\/wp-content\/uploads\/2025\/05\/IMG_3648-1152x1536.jpeg 1152w, https:\/\/feuerwehr-rehau.de\/wp-content\/uploads\/2025\/05\/IMG_3648-1536x2048.jpeg 1536w, https:\/\/feuerwehr-rehau.de\/wp-content\/uploads\/2025\/05\/IMG_3648-scaled.jpeg 1920w\" sizes=\"(max-width: 1875px) 100vw, 1875px\" \/><\/a><\/figure>\n\n\n\n<figure class=\"wp-block-image size-large\"><a href=\"https:\/\/feuerwehr-rehau.de\/wp-content\/uploads\/2025\/05\/IMG_3668-scaled.jpeg\"><img decoding=\"async\" width=\"1875\" height=\"2500\" data-id=\"8361\" src=\"https:\/\/feuerwehr-rehau.de\/wp-content\/uploads\/2025\/05\/IMG_3668-1875x2500.jpeg\" alt=\"\" class=\"wp-image-8361\" srcset=\"https:\/\/feuerwehr-rehau.de\/wp-content\/uploads\/2025\/05\/IMG_3668-1875x2500.jpeg 1875w, https:\/\/feuerwehr-rehau.de\/wp-content\/uploads\/2025\/05\/IMG_3668-1200x1600.jpeg 1200w, https:\/\/feuerwehr-rehau.de\/wp-content\/uploads\/2025\/05\/IMG_3668-1152x1536.jpeg 1152w, https:\/\/feuerwehr-rehau.de\/wp-content\/uploads\/2025\/05\/IMG_3668-1536x2048.jpeg 1536w, https:\/\/feuerwehr-rehau.de\/wp-content\/uploads\/2025\/05\/IMG_3668-scaled.jpeg 1920w\" sizes=\"(max-width: 1875px) 100vw, 1875px\" \/><\/a><\/figure>\n\n\n\n<figure class=\"wp-block-image size-large\"><a href=\"https:\/\/feuerwehr-rehau.de\/wp-content\/uploads\/2025\/05\/IMG_3671-scaled.jpeg\"><img decoding=\"async\" width=\"1875\" height=\"2500\" data-id=\"8358\" src=\"https:\/\/feuerwehr-rehau.de\/wp-content\/uploads\/2025\/05\/IMG_3671-1875x2500.jpeg\" alt=\"\" class=\"wp-image-8358\" srcset=\"https:\/\/feuerwehr-rehau.de\/wp-content\/uploads\/2025\/05\/IMG_3671-1875x2500.jpeg 1875w, https:\/\/feuerwehr-rehau.de\/wp-content\/uploads\/2025\/05\/IMG_3671-1200x1600.jpeg 1200w, https:\/\/feuerwehr-rehau.de\/wp-content\/uploads\/2025\/05\/IMG_3671-1152x1536.jpeg 1152w, https:\/\/feuerwehr-rehau.de\/wp-content\/uploads\/2025\/05\/IMG_3671-1536x2048.jpeg 1536w, https:\/\/feuerwehr-rehau.de\/wp-content\/uploads\/2025\/05\/IMG_3671-scaled.jpeg 1920w\" sizes=\"(max-width: 1875px) 100vw, 1875px\" \/><\/a><\/figure>\n<\/figure>\n","protected":false},"author":184,"featured_media":8360,"template":"","meta":{"einsatz_weight":1,"footnotes":""},"categories":[509],"tags":[],"einsatzart":[445],"fahrzeug":[448,456,559],"exteinsatzmittel":[],"alarmierungsart":[],"evw_unit":[564],"class_list":{"0":"post-8357","1":"einsatz","2":"type-einsatz","3":"status-publish","4":"has-post-thumbnail","6":"category-archiv_","7":"einsatzart-technische-hilfeleistung","8":"fahrzeug-elw-1","9":"fahrzeug-hlf-1620","10":"fahrzeug-klaf","11":"evw_unit-polizei","12":"czr-hentry"},"_links":{"self":[{"href":"https:\/\/feuerwehr-rehau.de\/index.php?rest_route=\/wp\/v2\/einsatz\/8357","targetHints":{"allow":["GET"]}}],"collection":[{"href":"https:\/\/feuerwehr-rehau.de\/index.php?rest_route=\/wp\/v2\/einsatz"}],"about":[{"href":"https:\/\/feuerwehr-rehau.de\/index.php?rest_route=\/wp\/v2\/types\/einsatz"}],"author":[{"embeddable":true,"href":"https:\/\/feuerwehr-rehau.de\/index.php?rest_route=\/wp\/v2\/users\/184"}],"version-history":[{"count":1,"href":"https:\/\/feuerwehr-rehau.de\/index.php?rest_route=\/wp\/v2\/einsatz\/8357\/revisions"}],"predecessor-version":[{"id":8367,"href":"https:\/\/feuerwehr-rehau.de\/index.php?rest_route=\/wp\/v2\/einsatz\/8357\/revisions\/8367"}],"wp:featuredmedia":[{"embeddable":true,"href":"https:\/\/feuerwehr-rehau.de\/index.php?rest_route=\/wp\/v2\/media\/8360"}],"wp:attachment":[{"href":"https:\/\/feuerwehr-rehau.de\/index.php?rest_route=%2Fwp%2Fv2%2Fmedia&parent=8357"}],"wp:term":[{"taxonomy":"category","embeddable":true,"href":"https:\/\/feuerwehr-rehau.de\/index.php?rest_route=%2Fwp%2Fv2%2Fcategories&post=8357"},{"taxonomy":"post_tag","embeddable":true,"href":"https:\/\/feuerwehr-rehau.de\/index.php?rest_route=%2Fwp%2Fv2%2Ftags&post=8357"},{"taxonomy":"einsatzart","embeddable":true,"href":"https:\/\/feuerwehr-rehau.de\/index.php?rest_route=%2Fwp%2Fv2%2Feinsatzart&post=8357"},{"taxonomy":"fahrzeug","embeddable":true,"href":"https:\/\/feuerwehr-rehau.de\/index.php?rest_route=%2Fwp%2Fv2%2Ffahrzeug&post=8357"},{"taxonomy":"exteinsatzmittel","embeddable":true,"href":"https:\/\/feuerwehr-rehau.de\/index.php?rest_route=%2Fwp%2Fv2%2Fexteinsatzmittel&post=8357"},{"taxonomy":"alarmierungsart","embeddable":true,"href":"https:\/\/feuerwehr-rehau.de\/index.php?rest_route=%2Fwp%2Fv2%2Falarmierungsart&post=8357"},{"taxonomy":"evw_unit","embeddable":true,"href":"https:\/\/feuerwehr-rehau.de\/index.php?rest_route=%2Fwp%2Fv2%2Fevw_unit&post=8357"}],"curies":[{"name":"wp","href":"https:\/\/api.w.org\/{rel}","templated":true}]}}

Straße reinigen

<p>Auch am Vatertag mussten wir tätig werden. Eine Dieselspur von ca. 2km länge hielt uns auch am Feiertag auf trapp. Wir streuten die größeren Dieselspuren ab und reinigten die Fahrbahn. </p>



<figure class="wp-block-gallery has-nested-images columns-default is-cropped wp-block-gallery-1 is-layout-flex wp-block-gallery-is-layout-flex">
<figure class="wp-block-image size-large"><a href="https://feuerwehr-rehau.de/wp-content/uploads/2025/05/IMG_3646-scaled.jpeg"><img decoding="async" width="1875" height="2500" data-id="8366" src="https://feuerwehr-rehau.de/wp-content/uploads/2025/05/IMG_3646-1875x2500.jpeg" alt="" class="wp-image-8366" srcset="https://feuerwehr-rehau.de/wp-content/uploads/2025/05/IMG_3646-1875x2500.jpeg 1875w, https://feuerwehr-rehau.de/wp-content/uploads/2025/05/IMG_3646-1200x1600.jpeg 1200w, https://feuerwehr-rehau.de/wp-content/uploads/2025/05/IMG_3646-1152x1536.jpeg 1152w, https://feuerwehr-rehau.de/wp-content/uploads/2025/05/IMG_3646-1536x2048.jpeg 1536w, https://feuerwehr-rehau.de/wp-content/uploads/2025/05/IMG_3646-scaled.jpeg 1920w" sizes="(max-width: 1875px) 100vw, 1875px" /></a></figure>



<figure class="wp-block-image size-large"><a href="https://feuerwehr-rehau.de/wp-content/uploads/2025/05/IMG_3644-scaled.jpeg"><img decoding="async" width="1875" height="2500" data-id="8364" src="https://feuerwehr-rehau.de/wp-content/uploads/2025/05/IMG_3644-1875x2500.jpeg" alt="" class="wp-image-8364" srcset="https://feuerwehr-rehau.de/wp-content/uploads/2025/05/IMG_3644-1875x2500.jpeg 1875w, https://feuerwehr-rehau.de/wp-content/uploads/2025/05/IMG_3644-1200x1600.jpeg 1200w, https://feuerwehr-rehau.de/wp-content/uploads/2025/05/IMG_3644-1152x1536.jpeg 1152w, https://feuerwehr-rehau.de/wp-content/uploads/2025/05/IMG_3644-1536x2048.jpeg 1536w, https://feuerwehr-rehau.de/wp-content/uploads/2025/05/IMG_3644-scaled.jpeg 1920w" sizes="(max-width: 1875px) 100vw, 1875px" /></a></figure>



<figure class="wp-block-image size-large"><a href="https://feuerwehr-rehau.de/wp-content/uploads/2025/05/IMG_3648-scaled.jpeg"><img decoding="async" width="1875" height="2500" data-id="8363" src="https://feuerwehr-rehau.de/wp-content/uploads/2025/05/IMG_3648-1875x2500.jpeg" alt="" class="wp-image-8363" srcset="https://feuerwehr-rehau.de/wp-content/uploads/2025/05/IMG_3648-1875x2500.jpeg 1875w, https://feuerwehr-rehau.de/wp-content/uploads/2025/05/IMG_3648-1200x1600.jpeg 1200w, https://feuerwehr-rehau.de/wp-content/uploads/2025/05/IMG_3648-1152x1536.jpeg 1152w, https://feuerwehr-rehau.de/wp-content/uploads/2025/05/IMG_3648-1536x2048.jpeg 1536w, https://feuerwehr-rehau.de/wp-content/uploads/2025/05/IMG_3648-scaled.jpeg 1920w" sizes="(max-width: 1875px) 100vw, 1875px" /></a></figure>



<figure class="wp-block-image size-large"><a href="https://feuerwehr-rehau.de/wp-content/uploads/2025/05/IMG_3668-scaled.jpeg"><img decoding="async" width="1875" height="2500" data-id="8361" src="https://feuerwehr-rehau.de/wp-content/uploads/2025/05/IMG_3668-1875x2500.jpeg" alt="" class="wp-image-8361" srcset="https://feuerwehr-rehau.de/wp-content/uploads/2025/05/IMG_3668-1875x2500.jpeg 1875w, https://feuerwehr-rehau.de/wp-content/uploads/2025/05/IMG_3668-1200x1600.jpeg 1200w, https://feuerwehr-rehau.de/wp-content/uploads/2025/05/IMG_3668-1152x1536.jpeg 1152w, https://feuerwehr-rehau.de/wp-content/uploads/2025/05/IMG_3668-1536x2048.jpeg 1536w, https://feuerwehr-rehau.de/wp-content/uploads/2025/05/IMG_3668-scaled.jpeg 1920w" sizes="(max-width: 1875px) 100vw, 1875px" /></a></figure>



<figure class="wp-block-image size-large"><a href="https://feuerwehr-rehau.de/wp-content/uploads/2025/05/IMG_3671-scaled.jpeg"><img decoding="async" width="1875" height="2500" data-id="8358" src="https://feuerwehr-rehau.de/wp-content/uploads/2025/05/IMG_3671-1875x2500.jpeg" alt="" class="wp-image-8358" srcset="https://feuerwehr-rehau.de/wp-content/uploads/2025/05/IMG_3671-1875x2500.jpeg 1875w, https://feuerwehr-rehau.de/wp-content/uploads/2025/05/IMG_3671-1200x1600.jpeg 1200w, https://feuerwehr-rehau.de/wp-content/uploads/2025/05/IMG_3671-1152x1536.jpeg 1152w, https://feuerwehr-rehau.de/wp-content/uploads/2025/05/IMG_3671-1536x2048.jpeg 1536w, https://feuerwehr-rehau.de/wp-content/uploads/2025/05/IMG_3671-scaled.jpeg 1920w" sizes="(max-width: 1875px) 100vw, 1875px" /></a></figure>
</figure>
