{"id":8864,"date":"2025-08-07T16:10:00","date_gmt":"2025-08-07T14:10:00","guid":{"rendered":"https:\/\/feuerwehr-rehau.de\/?post_type=einsatz&#038;p=8864"},"modified":"2025-08-16T12:39:56","modified_gmt":"2025-08-16T10:39:56","slug":"oelspur-14","status":"publish","type":"einsatz","link":"https:\/\/feuerwehr-rehau.de\/?einsatz=oelspur-14","title":{"rendered":"\u00d6lspur"},"content":{"rendered":"\n<p>L\u00e4ngere \u00d6lspur von Fa\u00dfmannsreuth Richtung Prex. Die FW \u00fcbernahm die Absicherung, abgekehrt wurde die ca 3 km lange \u00d6lspur durch eine Spezialfirma.<\/p>\n\n\n\n<figure class=\"wp-block-gallery has-nested-images columns-default is-cropped wp-block-gallery-1 is-layout-flex wp-block-gallery-is-layout-flex\">\n<figure class=\"wp-block-image size-large\"><a href=\"https:\/\/feuerwehr-rehau.de\/wp-content\/uploads\/2025\/08\/IMG_5766-scaled.jpeg\"><img decoding=\"async\" width=\"2500\" height=\"1875\" data-id=\"8867\" src=\"https:\/\/feuerwehr-rehau.de\/wp-content\/uploads\/2025\/08\/IMG_5766-2500x1875.jpeg\" alt=\"\" class=\"wp-image-8867\" srcset=\"https:\/\/feuerwehr-rehau.de\/wp-content\/uploads\/2025\/08\/IMG_5766-2500x1875.jpeg 2500w, https:\/\/feuerwehr-rehau.de\/wp-content\/uploads\/2025\/08\/IMG_5766-1600x1200.jpeg 1600w, https:\/\/feuerwehr-rehau.de\/wp-content\/uploads\/2025\/08\/IMG_5766-1536x1152.jpeg 1536w, https:\/\/feuerwehr-rehau.de\/wp-content\/uploads\/2025\/08\/IMG_5766-2048x1536.jpeg 2048w\" sizes=\"(max-width: 2500px) 100vw, 2500px\" \/><\/a><\/figure>\n\n\n\n<figure class=\"wp-block-image size-large\"><a href=\"https:\/\/feuerwehr-rehau.de\/wp-content\/uploads\/2025\/08\/IMG_5774-scaled.jpeg\"><img decoding=\"async\" width=\"2500\" height=\"1875\" data-id=\"8866\" src=\"https:\/\/feuerwehr-rehau.de\/wp-content\/uploads\/2025\/08\/IMG_5774-2500x1875.jpeg\" alt=\"\" class=\"wp-image-8866\" srcset=\"https:\/\/feuerwehr-rehau.de\/wp-content\/uploads\/2025\/08\/IMG_5774-2500x1875.jpeg 2500w, https:\/\/feuerwehr-rehau.de\/wp-content\/uploads\/2025\/08\/IMG_5774-1600x1200.jpeg 1600w, https:\/\/feuerwehr-rehau.de\/wp-content\/uploads\/2025\/08\/IMG_5774-1536x1152.jpeg 1536w, https:\/\/feuerwehr-rehau.de\/wp-content\/uploads\/2025\/08\/IMG_5774-2048x1536.jpeg 2048w\" sizes=\"(max-width: 2500px) 100vw, 2500px\" \/><\/a><\/figure>\n\n\n\n<figure class=\"wp-block-image size-large\"><a href=\"https:\/\/feuerwehr-rehau.de\/wp-content\/uploads\/2025\/08\/IMG_5773-scaled.jpeg\"><img decoding=\"async\" width=\"1875\" height=\"2500\" data-id=\"8865\" src=\"https:\/\/feuerwehr-rehau.de\/wp-content\/uploads\/2025\/08\/IMG_5773-1875x2500.jpeg\" alt=\"\" class=\"wp-image-8865\" srcset=\"https:\/\/feuerwehr-rehau.de\/wp-content\/uploads\/2025\/08\/IMG_5773-1875x2500.jpeg 1875w, https:\/\/feuerwehr-rehau.de\/wp-content\/uploads\/2025\/08\/IMG_5773-1200x1600.jpeg 1200w, https:\/\/feuerwehr-rehau.de\/wp-content\/uploads\/2025\/08\/IMG_5773-1152x1536.jpeg 1152w, https:\/\/feuerwehr-rehau.de\/wp-content\/uploads\/2025\/08\/IMG_5773-1536x2048.jpeg 1536w, https:\/\/feuerwehr-rehau.de\/wp-content\/uploads\/2025\/08\/IMG_5773-scaled.jpeg 1920w\" sizes=\"(max-width: 1875px) 100vw, 1875px\" \/><\/a><\/figure>\n\n\n\n<figure class=\"wp-block-image size-large\"><a href=\"https:\/\/feuerwehr-rehau.de\/wp-content\/uploads\/2025\/08\/IMG_5768-scaled.jpeg\"><img decoding=\"async\" width=\"1875\" height=\"2500\" data-id=\"8863\" src=\"https:\/\/feuerwehr-rehau.de\/wp-content\/uploads\/2025\/08\/IMG_5768-1875x2500.jpeg\" alt=\"\" class=\"wp-image-8863\" srcset=\"https:\/\/feuerwehr-rehau.de\/wp-content\/uploads\/2025\/08\/IMG_5768-1875x2500.jpeg 1875w, https:\/\/feuerwehr-rehau.de\/wp-content\/uploads\/2025\/08\/IMG_5768-1200x1600.jpeg 1200w, https:\/\/feuerwehr-rehau.de\/wp-content\/uploads\/2025\/08\/IMG_5768-1152x1536.jpeg 1152w, https:\/\/feuerwehr-rehau.de\/wp-content\/uploads\/2025\/08\/IMG_5768-1536x2048.jpeg 1536w, https:\/\/feuerwehr-rehau.de\/wp-content\/uploads\/2025\/08\/IMG_5768-scaled.jpeg 1920w\" sizes=\"(max-width: 1875px) 100vw, 1875px\" \/><\/a><\/figure>\n<\/figure>\n","protected":false},"author":184,"featured_media":8865,"template":"","meta":{"einsatz_weight":1,"footnotes":""},"categories":[509],"tags":[],"einsatzart":[445],"fahrzeug":[448,458],"exteinsatzmittel":[],"alarmierungsart":[],"evw_unit":[564],"class_list":{"0":"post-8864","1":"einsatz","2":"type-einsatz","3":"status-publish","4":"has-post-thumbnail","6":"category-archiv_","7":"einsatzart-technische-hilfeleistung","8":"fahrzeug-elw-1","9":"fahrzeug-sw-2000","10":"evw_unit-polizei","11":"czr-hentry"},"_links":{"self":[{"href":"https:\/\/feuerwehr-rehau.de\/index.php?rest_route=\/wp\/v2\/einsatz\/8864","targetHints":{"allow":["GET"]}}],"collection":[{"href":"https:\/\/feuerwehr-rehau.de\/index.php?rest_route=\/wp\/v2\/einsatz"}],"about":[{"href":"https:\/\/feuerwehr-rehau.de\/index.php?rest_route=\/wp\/v2\/types\/einsatz"}],"author":[{"embeddable":true,"href":"https:\/\/feuerwehr-rehau.de\/index.php?rest_route=\/wp\/v2\/users\/184"}],"version-history":[{"count":1,"href":"https:\/\/feuerwehr-rehau.de\/index.php?rest_route=\/wp\/v2\/einsatz\/8864\/revisions"}],"predecessor-version":[{"id":8868,"href":"https:\/\/feuerwehr-rehau.de\/index.php?rest_route=\/wp\/v2\/einsatz\/8864\/revisions\/8868"}],"wp:featuredmedia":[{"embeddable":true,"href":"https:\/\/feuerwehr-rehau.de\/index.php?rest_route=\/wp\/v2\/media\/8865"}],"wp:attachment":[{"href":"https:\/\/feuerwehr-rehau.de\/index.php?rest_route=%2Fwp%2Fv2%2Fmedia&parent=8864"}],"wp:term":[{"taxonomy":"category","embeddable":true,"href":"https:\/\/feuerwehr-rehau.de\/index.php?rest_route=%2Fwp%2Fv2%2Fcategories&post=8864"},{"taxonomy":"post_tag","embeddable":true,"href":"https:\/\/feuerwehr-rehau.de\/index.php?rest_route=%2Fwp%2Fv2%2Ftags&post=8864"},{"taxonomy":"einsatzart","embeddable":true,"href":"https:\/\/feuerwehr-rehau.de\/index.php?rest_route=%2Fwp%2Fv2%2Feinsatzart&post=8864"},{"taxonomy":"fahrzeug","embeddable":true,"href":"https:\/\/feuerwehr-rehau.de\/index.php?rest_route=%2Fwp%2Fv2%2Ffahrzeug&post=8864"},{"taxonomy":"exteinsatzmittel","embeddable":true,"href":"https:\/\/feuerwehr-rehau.de\/index.php?rest_route=%2Fwp%2Fv2%2Fexteinsatzmittel&post=8864"},{"taxonomy":"alarmierungsart","embeddable":true,"href":"https:\/\/feuerwehr-rehau.de\/index.php?rest_route=%2Fwp%2Fv2%2Falarmierungsart&post=8864"},{"taxonomy":"evw_unit","embeddable":true,"href":"https:\/\/feuerwehr-rehau.de\/index.php?rest_route=%2Fwp%2Fv2%2Fevw_unit&post=8864"}],"curies":[{"name":"wp","href":"https:\/\/api.w.org\/{rel}","templated":true}]}}

Ölspur

<p>Längere Ölspur von Faßmannsreuth Richtung Prex. Die FW übernahm die Absicherung, abgekehrt wurde die ca 3 km lange Ölspur durch eine Spezialfirma.</p>



<figure class="wp-block-gallery has-nested-images columns-default is-cropped wp-block-gallery-1 is-layout-flex wp-block-gallery-is-layout-flex">
<figure class="wp-block-image size-large"><a href="https://feuerwehr-rehau.de/wp-content/uploads/2025/08/IMG_5766-scaled.jpeg"><img decoding="async" width="2500" height="1875" data-id="8867" src="https://feuerwehr-rehau.de/wp-content/uploads/2025/08/IMG_5766-2500x1875.jpeg" alt="" class="wp-image-8867" srcset="https://feuerwehr-rehau.de/wp-content/uploads/2025/08/IMG_5766-2500x1875.jpeg 2500w, https://feuerwehr-rehau.de/wp-content/uploads/2025/08/IMG_5766-1600x1200.jpeg 1600w, https://feuerwehr-rehau.de/wp-content/uploads/2025/08/IMG_5766-1536x1152.jpeg 1536w, https://feuerwehr-rehau.de/wp-content/uploads/2025/08/IMG_5766-2048x1536.jpeg 2048w" sizes="(max-width: 2500px) 100vw, 2500px" /></a></figure>



<figure class="wp-block-image size-large"><a href="https://feuerwehr-rehau.de/wp-content/uploads/2025/08/IMG_5774-scaled.jpeg"><img decoding="async" width="2500" height="1875" data-id="8866" src="https://feuerwehr-rehau.de/wp-content/uploads/2025/08/IMG_5774-2500x1875.jpeg" alt="" class="wp-image-8866" srcset="https://feuerwehr-rehau.de/wp-content/uploads/2025/08/IMG_5774-2500x1875.jpeg 2500w, https://feuerwehr-rehau.de/wp-content/uploads/2025/08/IMG_5774-1600x1200.jpeg 1600w, https://feuerwehr-rehau.de/wp-content/uploads/2025/08/IMG_5774-1536x1152.jpeg 1536w, https://feuerwehr-rehau.de/wp-content/uploads/2025/08/IMG_5774-2048x1536.jpeg 2048w" sizes="(max-width: 2500px) 100vw, 2500px" /></a></figure>



<figure class="wp-block-image size-large"><a href="https://feuerwehr-rehau.de/wp-content/uploads/2025/08/IMG_5773-scaled.jpeg"><img decoding="async" width="1875" height="2500" data-id="8865" src="https://feuerwehr-rehau.de/wp-content/uploads/2025/08/IMG_5773-1875x2500.jpeg" alt="" class="wp-image-8865" srcset="https://feuerwehr-rehau.de/wp-content/uploads/2025/08/IMG_5773-1875x2500.jpeg 1875w, https://feuerwehr-rehau.de/wp-content/uploads/2025/08/IMG_5773-1200x1600.jpeg 1200w, https://feuerwehr-rehau.de/wp-content/uploads/2025/08/IMG_5773-1152x1536.jpeg 1152w, https://feuerwehr-rehau.de/wp-content/uploads/2025/08/IMG_5773-1536x2048.jpeg 1536w, https://feuerwehr-rehau.de/wp-content/uploads/2025/08/IMG_5773-scaled.jpeg 1920w" sizes="(max-width: 1875px) 100vw, 1875px" /></a></figure>



<figure class="wp-block-image size-large"><a href="https://feuerwehr-rehau.de/wp-content/uploads/2025/08/IMG_5768-scaled.jpeg"><img decoding="async" width="1875" height="2500" data-id="8863" src="https://feuerwehr-rehau.de/wp-content/uploads/2025/08/IMG_5768-1875x2500.jpeg" alt="" class="wp-image-8863" srcset="https://feuerwehr-rehau.de/wp-content/uploads/2025/08/IMG_5768-1875x2500.jpeg 1875w, https://feuerwehr-rehau.de/wp-content/uploads/2025/08/IMG_5768-1200x1600.jpeg 1200w, https://feuerwehr-rehau.de/wp-content/uploads/2025/08/IMG_5768-1152x1536.jpeg 1152w, https://feuerwehr-rehau.de/wp-content/uploads/2025/08/IMG_5768-1536x2048.jpeg 1536w, https://feuerwehr-rehau.de/wp-content/uploads/2025/08/IMG_5768-scaled.jpeg 1920w" sizes="(max-width: 1875px) 100vw, 1875px" /></a></figure>
</figure>
