{"id":8920,"date":"2025-09-01T18:43:00","date_gmt":"2025-09-01T16:43:00","guid":{"rendered":"https:\/\/feuerwehr-rehau.de\/?post_type=einsatz&#038;p=8920"},"modified":"2025-09-07T20:08:03","modified_gmt":"2025-09-07T18:08:03","slug":"alarmstufenerhoehung-auf-b3","status":"publish","type":"einsatz","link":"https:\/\/feuerwehr-rehau.de\/?einsatz=alarmstufenerhoehung-auf-b3","title":{"rendered":"Alarmstufenerh\u00f6hung auf B3"},"content":{"rendered":"\n<p>Zu einer Unklaren Rauchentwicklung wurden wir in die Regnitzlosauer Stra\u00dfe gerufen. Nach kurzer Anfahrt und Ankunft des Einsatzleitwagens wurde ein Brand einer Filteranlage im Au\u00dfenbereich einer Firma vermutet, und die Alarmstufe auf &#8222;B3&#8220; erh\u00f6ht. Mit 2 Trupps unter PA konnte der Brand schnell unter Kontrolle gebracht werden. Tats\u00e4chlich und gl\u00fccklicherweise brannte &#8222;nur&#8220; eine Kabelrinne auf ca. 4 Metern l\u00e4nge.<\/p>\n\n\n\n<figure class=\"wp-block-gallery has-nested-images columns-default is-cropped wp-block-gallery-1 is-layout-flex wp-block-gallery-is-layout-flex\">\n<figure class=\"wp-block-image size-large\"><a href=\"https:\/\/feuerwehr-rehau.de\/wp-content\/uploads\/2025\/09\/IMG_6084-scaled.jpeg\"><img decoding=\"async\" width=\"1875\" height=\"2500\" data-id=\"8926\" src=\"https:\/\/feuerwehr-rehau.de\/wp-content\/uploads\/2025\/09\/IMG_6084-1875x2500.jpeg\" alt=\"\" class=\"wp-image-8926\" srcset=\"https:\/\/feuerwehr-rehau.de\/wp-content\/uploads\/2025\/09\/IMG_6084-1875x2500.jpeg 1875w, https:\/\/feuerwehr-rehau.de\/wp-content\/uploads\/2025\/09\/IMG_6084-1200x1600.jpeg 1200w, https:\/\/feuerwehr-rehau.de\/wp-content\/uploads\/2025\/09\/IMG_6084-1152x1536.jpeg 1152w, https:\/\/feuerwehr-rehau.de\/wp-content\/uploads\/2025\/09\/IMG_6084-1536x2048.jpeg 1536w, https:\/\/feuerwehr-rehau.de\/wp-content\/uploads\/2025\/09\/IMG_6084-scaled.jpeg 1920w\" sizes=\"(max-width: 1875px) 100vw, 1875px\" \/><\/a><\/figure>\n\n\n\n<figure class=\"wp-block-image size-large\"><a href=\"https:\/\/feuerwehr-rehau.de\/wp-content\/uploads\/2025\/09\/IMG_6083-scaled.jpeg\"><img decoding=\"async\" width=\"1875\" height=\"2500\" data-id=\"8925\" src=\"https:\/\/feuerwehr-rehau.de\/wp-content\/uploads\/2025\/09\/IMG_6083-1875x2500.jpeg\" alt=\"\" class=\"wp-image-8925\" srcset=\"https:\/\/feuerwehr-rehau.de\/wp-content\/uploads\/2025\/09\/IMG_6083-1875x2500.jpeg 1875w, https:\/\/feuerwehr-rehau.de\/wp-content\/uploads\/2025\/09\/IMG_6083-1200x1600.jpeg 1200w, https:\/\/feuerwehr-rehau.de\/wp-content\/uploads\/2025\/09\/IMG_6083-1152x1536.jpeg 1152w, https:\/\/feuerwehr-rehau.de\/wp-content\/uploads\/2025\/09\/IMG_6083-1536x2048.jpeg 1536w, https:\/\/feuerwehr-rehau.de\/wp-content\/uploads\/2025\/09\/IMG_6083-scaled.jpeg 1920w\" sizes=\"(max-width: 1875px) 100vw, 1875px\" \/><\/a><\/figure>\n<\/figure>\n","protected":false},"author":184,"featured_media":8925,"template":"","meta":{"einsatz_weight":1,"footnotes":""},"categories":[509],"tags":[],"einsatzart":[446],"fahrzeug":[460,455,448,456,454,585,459],"exteinsatzmittel":[517,463,497],"alarmierungsart":[],"evw_unit":[564,563],"class_list":{"0":"post-8920","1":"einsatz","2":"type-einsatz","3":"status-publish","4":"has-post-thumbnail","6":"category-archiv_","7":"einsatzart-brandeinsatz","8":"fahrzeug-dekon-p","9":"fahrzeug-dlk-23-12","10":"fahrzeug-elw-1","11":"fahrzeug-hlf-1620","12":"fahrzeug-lf-2016-p750-cafs","13":"fahrzeug-mtw","14":"fahrzeug-tlf-2450-cafs","15":"exteinsatzmittel-feuerwehr-fassmannsreuth","16":"exteinsatzmittel-land-2","17":"exteinsatzmittel-land-24","18":"evw_unit-polizei","19":"evw_unit-rettungsdienst","20":"czr-hentry"},"_links":{"self":[{"href":"https:\/\/feuerwehr-rehau.de\/index.php?rest_route=\/wp\/v2\/einsatz\/8920","targetHints":{"allow":["GET"]}}],"collection":[{"href":"https:\/\/feuerwehr-rehau.de\/index.php?rest_route=\/wp\/v2\/einsatz"}],"about":[{"href":"https:\/\/feuerwehr-rehau.de\/index.php?rest_route=\/wp\/v2\/types\/einsatz"}],"author":[{"embeddable":true,"href":"https:\/\/feuerwehr-rehau.de\/index.php?rest_route=\/wp\/v2\/users\/184"}],"version-history":[{"count":1,"href":"https:\/\/feuerwehr-rehau.de\/index.php?rest_route=\/wp\/v2\/einsatz\/8920\/revisions"}],"predecessor-version":[{"id":8927,"href":"https:\/\/feuerwehr-rehau.de\/index.php?rest_route=\/wp\/v2\/einsatz\/8920\/revisions\/8927"}],"wp:featuredmedia":[{"embeddable":true,"href":"https:\/\/feuerwehr-rehau.de\/index.php?rest_route=\/wp\/v2\/media\/8925"}],"wp:attachment":[{"href":"https:\/\/feuerwehr-rehau.de\/index.php?rest_route=%2Fwp%2Fv2%2Fmedia&parent=8920"}],"wp:term":[{"taxonomy":"category","embeddable":true,"href":"https:\/\/feuerwehr-rehau.de\/index.php?rest_route=%2Fwp%2Fv2%2Fcategories&post=8920"},{"taxonomy":"post_tag","embeddable":true,"href":"https:\/\/feuerwehr-rehau.de\/index.php?rest_route=%2Fwp%2Fv2%2Ftags&post=8920"},{"taxonomy":"einsatzart","embeddable":true,"href":"https:\/\/feuerwehr-rehau.de\/index.php?rest_route=%2Fwp%2Fv2%2Feinsatzart&post=8920"},{"taxonomy":"fahrzeug","embeddable":true,"href":"https:\/\/feuerwehr-rehau.de\/index.php?rest_route=%2Fwp%2Fv2%2Ffahrzeug&post=8920"},{"taxonomy":"exteinsatzmittel","embeddable":true,"href":"https:\/\/feuerwehr-rehau.de\/index.php?rest_route=%2Fwp%2Fv2%2Fexteinsatzmittel&post=8920"},{"taxonomy":"alarmierungsart","embeddable":true,"href":"https:\/\/feuerwehr-rehau.de\/index.php?rest_route=%2Fwp%2Fv2%2Falarmierungsart&post=8920"},{"taxonomy":"evw_unit","embeddable":true,"href":"https:\/\/feuerwehr-rehau.de\/index.php?rest_route=%2Fwp%2Fv2%2Fevw_unit&post=8920"}],"curies":[{"name":"wp","href":"https:\/\/api.w.org\/{rel}","templated":true}]}}

Alarmstufenerhöhung auf B3

<p>Zu einer Unklaren Rauchentwicklung wurden wir in die Regnitzlosauer Straße gerufen. Nach kurzer Anfahrt und Ankunft des Einsatzleitwagens wurde ein Brand einer Filteranlage im Außenbereich einer Firma vermutet, und die Alarmstufe auf &#8222;B3&#8220; erhöht. Mit 2 Trupps unter PA konnte der Brand schnell unter Kontrolle gebracht werden. Tatsächlich und glücklicherweise brannte &#8222;nur&#8220; eine Kabelrinne auf ca. 4 Metern länge.</p>



<figure class="wp-block-gallery has-nested-images columns-default is-cropped wp-block-gallery-1 is-layout-flex wp-block-gallery-is-layout-flex">
<figure class="wp-block-image size-large"><a href="https://feuerwehr-rehau.de/wp-content/uploads/2025/09/IMG_6084-scaled.jpeg"><img decoding="async" width="1875" height="2500" data-id="8926" src="https://feuerwehr-rehau.de/wp-content/uploads/2025/09/IMG_6084-1875x2500.jpeg" alt="" class="wp-image-8926" srcset="https://feuerwehr-rehau.de/wp-content/uploads/2025/09/IMG_6084-1875x2500.jpeg 1875w, https://feuerwehr-rehau.de/wp-content/uploads/2025/09/IMG_6084-1200x1600.jpeg 1200w, https://feuerwehr-rehau.de/wp-content/uploads/2025/09/IMG_6084-1152x1536.jpeg 1152w, https://feuerwehr-rehau.de/wp-content/uploads/2025/09/IMG_6084-1536x2048.jpeg 1536w, https://feuerwehr-rehau.de/wp-content/uploads/2025/09/IMG_6084-scaled.jpeg 1920w" sizes="(max-width: 1875px) 100vw, 1875px" /></a></figure>



<figure class="wp-block-image size-large"><a href="https://feuerwehr-rehau.de/wp-content/uploads/2025/09/IMG_6083-scaled.jpeg"><img decoding="async" width="1875" height="2500" data-id="8925" src="https://feuerwehr-rehau.de/wp-content/uploads/2025/09/IMG_6083-1875x2500.jpeg" alt="" class="wp-image-8925" srcset="https://feuerwehr-rehau.de/wp-content/uploads/2025/09/IMG_6083-1875x2500.jpeg 1875w, https://feuerwehr-rehau.de/wp-content/uploads/2025/09/IMG_6083-1200x1600.jpeg 1200w, https://feuerwehr-rehau.de/wp-content/uploads/2025/09/IMG_6083-1152x1536.jpeg 1152w, https://feuerwehr-rehau.de/wp-content/uploads/2025/09/IMG_6083-1536x2048.jpeg 1536w, https://feuerwehr-rehau.de/wp-content/uploads/2025/09/IMG_6083-scaled.jpeg 1920w" sizes="(max-width: 1875px) 100vw, 1875px" /></a></figure>
</figure>
