{"id":8948,"date":"2025-09-14T10:46:00","date_gmt":"2025-09-14T08:46:00","guid":{"rendered":"https:\/\/feuerwehr-rehau.de\/?post_type=einsatz&#038;p=8948"},"modified":"2025-09-14T19:09:00","modified_gmt":"2025-09-14T17:09:00","slug":"kleinbrand-4","status":"publish","type":"einsatz","link":"https:\/\/feuerwehr-rehau.de\/?einsatz=kleinbrand-4","title":{"rendered":"Kleinbrand"},"content":{"rendered":"\n<p>Ein Schwelbrand im Komposthaufen in Fa\u00dfmannsreuth war Grund f\u00fcr den Alarm. Durch die FW Fa\u00dfmannsreuth konnte der Brand gel\u00f6scht werden, die Feuerwehr Rehau konnte die Alarmfahrt abbrechen.<\/p>\n","protected":false},"author":184,"featured_media":7193,"template":"","meta":{"einsatz_weight":1,"footnotes":""},"categories":[509],"tags":[],"einsatzart":[446],"fahrzeug":[448,454,629],"exteinsatzmittel":[],"alarmierungsart":[],"evw_unit":[564,563],"class_list":{"0":"post-8948","1":"einsatz","2":"type-einsatz","3":"status-publish","4":"has-post-thumbnail","6":"category-archiv_","7":"einsatzart-brandeinsatz","8":"fahrzeug-elw-1","9":"fahrzeug-lf-2016-p750-cafs","10":"fahrzeug-florian-fassmannsreuth-46-1","11":"evw_unit-polizei","12":"evw_unit-rettungsdienst","13":"czr-hentry"},"_links":{"self":[{"href":"https:\/\/feuerwehr-rehau.de\/index.php?rest_route=\/wp\/v2\/einsatz\/8948","targetHints":{"allow":["GET"]}}],"collection":[{"href":"https:\/\/feuerwehr-rehau.de\/index.php?rest_route=\/wp\/v2\/einsatz"}],"about":[{"href":"https:\/\/feuerwehr-rehau.de\/index.php?rest_route=\/wp\/v2\/types\/einsatz"}],"author":[{"embeddable":true,"href":"https:\/\/feuerwehr-rehau.de\/index.php?rest_route=\/wp\/v2\/users\/184"}],"version-history":[{"count":2,"href":"https:\/\/feuerwehr-rehau.de\/index.php?rest_route=\/wp\/v2\/einsatz\/8948\/revisions"}],"predecessor-version":[{"id":9490,"href":"https:\/\/feuerwehr-rehau.de\/index.php?rest_route=\/wp\/v2\/einsatz\/8948\/revisions\/9490"}],"wp:featuredmedia":[{"embeddable":true,"href":"https:\/\/feuerwehr-rehau.de\/index.php?rest_route=\/wp\/v2\/media\/7193"}],"wp:attachment":[{"href":"https:\/\/feuerwehr-rehau.de\/index.php?rest_route=%2Fwp%2Fv2%2Fmedia&parent=8948"}],"wp:term":[{"taxonomy":"category","embeddable":true,"href":"https:\/\/feuerwehr-rehau.de\/index.php?rest_route=%2Fwp%2Fv2%2Fcategories&post=8948"},{"taxonomy":"post_tag","embeddable":true,"href":"https:\/\/feuerwehr-rehau.de\/index.php?rest_route=%2Fwp%2Fv2%2Ftags&post=8948"},{"taxonomy":"einsatzart","embeddable":true,"href":"https:\/\/feuerwehr-rehau.de\/index.php?rest_route=%2Fwp%2Fv2%2Feinsatzart&post=8948"},{"taxonomy":"fahrzeug","embeddable":true,"href":"https:\/\/feuerwehr-rehau.de\/index.php?rest_route=%2Fwp%2Fv2%2Ffahrzeug&post=8948"},{"taxonomy":"exteinsatzmittel","embeddable":true,"href":"https:\/\/feuerwehr-rehau.de\/index.php?rest_route=%2Fwp%2Fv2%2Fexteinsatzmittel&post=8948"},{"taxonomy":"alarmierungsart","embeddable":true,"href":"https:\/\/feuerwehr-rehau.de\/index.php?rest_route=%2Fwp%2Fv2%2Falarmierungsart&post=8948"},{"taxonomy":"evw_unit","embeddable":true,"href":"https:\/\/feuerwehr-rehau.de\/index.php?rest_route=%2Fwp%2Fv2%2Fevw_unit&post=8948"}],"curies":[{"name":"wp","href":"https:\/\/api.w.org\/{rel}","templated":true}]}}

<p>Ein Schwelbrand im Komposthaufen in Faßmannsreuth war Grund für den Alarm. Durch die FW Faßmannsreuth konnte der Brand gelöscht werden, die Feuerwehr Rehau konnte die Alarmfahrt abbrechen.</p>
