{"id":9014,"date":"2025-10-13T18:45:00","date_gmt":"2025-10-13T16:45:00","guid":{"rendered":"https:\/\/feuerwehr-rehau.de\/?post_type=einsatz&#038;p=9014"},"modified":"2025-10-15T18:10:49","modified_gmt":"2025-10-15T16:10:49","slug":"verkehrsunfall-mit-motorrad-2","status":"publish","type":"einsatz","link":"https:\/\/feuerwehr-rehau.de\/?einsatz=verkehrsunfall-mit-motorrad-2","title":{"rendered":"Verkehrsunfall mit Motorrad"},"content":{"rendered":"\n<p>Zu einem Motorradunfall wurden wir am Montag Abend alarmiert, ein Motorradfahrer \u00fcbersah einen entgegenkommenden PKW und kollidierte mit dem Fahrzeug.Vor Ort \u00fcbernahmen wir die Verkehrsabsicherung und bindeten auslaufende Kraftstoffe. Gl\u00fccklicherweise konnte die Wasserwacht Rehau die Erstversorgung des Patienten \u00fcbernehmen. <\/p>\n\n\n\n<p> <\/p>\n\n\n\n<figure class=\"wp-block-gallery has-nested-images columns-default is-cropped wp-block-gallery-1 is-layout-flex wp-block-gallery-is-layout-flex\">\n<figure class=\"wp-block-image size-large\"><a href=\"https:\/\/feuerwehr-rehau.de\/wp-content\/uploads\/2025\/10\/IMG_6541-scaled.jpeg\"><img decoding=\"async\" width=\"2500\" height=\"1875\" data-id=\"9018\" src=\"https:\/\/feuerwehr-rehau.de\/wp-content\/uploads\/2025\/10\/IMG_6541-2500x1875.jpeg\" alt=\"\" class=\"wp-image-9018\" srcset=\"https:\/\/feuerwehr-rehau.de\/wp-content\/uploads\/2025\/10\/IMG_6541-2500x1875.jpeg 2500w, https:\/\/feuerwehr-rehau.de\/wp-content\/uploads\/2025\/10\/IMG_6541-1600x1200.jpeg 1600w, https:\/\/feuerwehr-rehau.de\/wp-content\/uploads\/2025\/10\/IMG_6541-1536x1152.jpeg 1536w, https:\/\/feuerwehr-rehau.de\/wp-content\/uploads\/2025\/10\/IMG_6541-2048x1536.jpeg 2048w\" sizes=\"(max-width: 2500px) 100vw, 2500px\" \/><\/a><\/figure>\n\n\n\n<figure class=\"wp-block-image size-large\"><a href=\"https:\/\/feuerwehr-rehau.de\/wp-content\/uploads\/2025\/10\/IMG_6546-scaled.jpeg\"><img decoding=\"async\" width=\"1875\" height=\"2500\" data-id=\"9019\" src=\"https:\/\/feuerwehr-rehau.de\/wp-content\/uploads\/2025\/10\/IMG_6546-1875x2500.jpeg\" alt=\"\" class=\"wp-image-9019\" srcset=\"https:\/\/feuerwehr-rehau.de\/wp-content\/uploads\/2025\/10\/IMG_6546-1875x2500.jpeg 1875w, https:\/\/feuerwehr-rehau.de\/wp-content\/uploads\/2025\/10\/IMG_6546-1200x1600.jpeg 1200w, https:\/\/feuerwehr-rehau.de\/wp-content\/uploads\/2025\/10\/IMG_6546-1152x1536.jpeg 1152w, https:\/\/feuerwehr-rehau.de\/wp-content\/uploads\/2025\/10\/IMG_6546-1536x2048.jpeg 1536w, https:\/\/feuerwehr-rehau.de\/wp-content\/uploads\/2025\/10\/IMG_6546-scaled.jpeg 1920w\" sizes=\"(max-width: 1875px) 100vw, 1875px\" \/><\/a><\/figure>\n\n\n\n<figure class=\"wp-block-image size-large\"><a href=\"https:\/\/feuerwehr-rehau.de\/wp-content\/uploads\/2025\/10\/IMG_6548-scaled.jpeg\"><img decoding=\"async\" width=\"2500\" height=\"1875\" data-id=\"9020\" src=\"https:\/\/feuerwehr-rehau.de\/wp-content\/uploads\/2025\/10\/IMG_6548-2500x1875.jpeg\" alt=\"\" class=\"wp-image-9020\" srcset=\"https:\/\/feuerwehr-rehau.de\/wp-content\/uploads\/2025\/10\/IMG_6548-2500x1875.jpeg 2500w, https:\/\/feuerwehr-rehau.de\/wp-content\/uploads\/2025\/10\/IMG_6548-1600x1200.jpeg 1600w, https:\/\/feuerwehr-rehau.de\/wp-content\/uploads\/2025\/10\/IMG_6548-1536x1152.jpeg 1536w, https:\/\/feuerwehr-rehau.de\/wp-content\/uploads\/2025\/10\/IMG_6548-2048x1536.jpeg 2048w\" sizes=\"(max-width: 2500px) 100vw, 2500px\" \/><\/a><\/figure>\n<\/figure>\n","protected":false},"author":184,"featured_media":9019,"template":"","meta":{"einsatz_weight":1,"footnotes":""},"categories":[509],"tags":[],"einsatzart":[445],"fahrzeug":[448,456,585],"exteinsatzmittel":[],"alarmierungsart":[],"evw_unit":[564,563],"class_list":{"0":"post-9014","1":"einsatz","2":"type-einsatz","3":"status-publish","4":"has-post-thumbnail","6":"category-archiv_","7":"einsatzart-technische-hilfeleistung","8":"fahrzeug-elw-1","9":"fahrzeug-hlf-1620","10":"fahrzeug-mtw","11":"evw_unit-polizei","12":"evw_unit-rettungsdienst","13":"czr-hentry"},"_links":{"self":[{"href":"https:\/\/feuerwehr-rehau.de\/index.php?rest_route=\/wp\/v2\/einsatz\/9014","targetHints":{"allow":["GET"]}}],"collection":[{"href":"https:\/\/feuerwehr-rehau.de\/index.php?rest_route=\/wp\/v2\/einsatz"}],"about":[{"href":"https:\/\/feuerwehr-rehau.de\/index.php?rest_route=\/wp\/v2\/types\/einsatz"}],"author":[{"embeddable":true,"href":"https:\/\/feuerwehr-rehau.de\/index.php?rest_route=\/wp\/v2\/users\/184"}],"version-history":[{"count":1,"href":"https:\/\/feuerwehr-rehau.de\/index.php?rest_route=\/wp\/v2\/einsatz\/9014\/revisions"}],"predecessor-version":[{"id":9021,"href":"https:\/\/feuerwehr-rehau.de\/index.php?rest_route=\/wp\/v2\/einsatz\/9014\/revisions\/9021"}],"wp:featuredmedia":[{"embeddable":true,"href":"https:\/\/feuerwehr-rehau.de\/index.php?rest_route=\/wp\/v2\/media\/9019"}],"wp:attachment":[{"href":"https:\/\/feuerwehr-rehau.de\/index.php?rest_route=%2Fwp%2Fv2%2Fmedia&parent=9014"}],"wp:term":[{"taxonomy":"category","embeddable":true,"href":"https:\/\/feuerwehr-rehau.de\/index.php?rest_route=%2Fwp%2Fv2%2Fcategories&post=9014"},{"taxonomy":"post_tag","embeddable":true,"href":"https:\/\/feuerwehr-rehau.de\/index.php?rest_route=%2Fwp%2Fv2%2Ftags&post=9014"},{"taxonomy":"einsatzart","embeddable":true,"href":"https:\/\/feuerwehr-rehau.de\/index.php?rest_route=%2Fwp%2Fv2%2Feinsatzart&post=9014"},{"taxonomy":"fahrzeug","embeddable":true,"href":"https:\/\/feuerwehr-rehau.de\/index.php?rest_route=%2Fwp%2Fv2%2Ffahrzeug&post=9014"},{"taxonomy":"exteinsatzmittel","embeddable":true,"href":"https:\/\/feuerwehr-rehau.de\/index.php?rest_route=%2Fwp%2Fv2%2Fexteinsatzmittel&post=9014"},{"taxonomy":"alarmierungsart","embeddable":true,"href":"https:\/\/feuerwehr-rehau.de\/index.php?rest_route=%2Fwp%2Fv2%2Falarmierungsart&post=9014"},{"taxonomy":"evw_unit","embeddable":true,"href":"https:\/\/feuerwehr-rehau.de\/index.php?rest_route=%2Fwp%2Fv2%2Fevw_unit&post=9014"}],"curies":[{"name":"wp","href":"https:\/\/api.w.org\/{rel}","templated":true}]}}

<p>Zu einem Motorradunfall wurden wir am Montag Abend alarmiert, ein Motorradfahrer übersah einen entgegenkommenden PKW und kollidierte mit dem Fahrzeug.Vor Ort übernahmen wir die Verkehrsabsicherung und bindeten auslaufende Kraftstoffe. Glücklicherweise konnte die Wasserwacht Rehau die Erstversorgung des Patienten übernehmen. </p>



<p> </p>



<figure class="wp-block-gallery has-nested-images columns-default is-cropped wp-block-gallery-1 is-layout-flex wp-block-gallery-is-layout-flex">
<figure class="wp-block-image size-large"><a href="https://feuerwehr-rehau.de/wp-content/uploads/2025/10/IMG_6541-scaled.jpeg"><img decoding="async" width="2500" height="1875" data-id="9018" src="https://feuerwehr-rehau.de/wp-content/uploads/2025/10/IMG_6541-2500x1875.jpeg" alt="" class="wp-image-9018" srcset="https://feuerwehr-rehau.de/wp-content/uploads/2025/10/IMG_6541-2500x1875.jpeg 2500w, https://feuerwehr-rehau.de/wp-content/uploads/2025/10/IMG_6541-1600x1200.jpeg 1600w, https://feuerwehr-rehau.de/wp-content/uploads/2025/10/IMG_6541-1536x1152.jpeg 1536w, https://feuerwehr-rehau.de/wp-content/uploads/2025/10/IMG_6541-2048x1536.jpeg 2048w" sizes="(max-width: 2500px) 100vw, 2500px" /></a></figure>



<figure class="wp-block-image size-large"><a href="https://feuerwehr-rehau.de/wp-content/uploads/2025/10/IMG_6546-scaled.jpeg"><img decoding="async" width="1875" height="2500" data-id="9019" src="https://feuerwehr-rehau.de/wp-content/uploads/2025/10/IMG_6546-1875x2500.jpeg" alt="" class="wp-image-9019" srcset="https://feuerwehr-rehau.de/wp-content/uploads/2025/10/IMG_6546-1875x2500.jpeg 1875w, https://feuerwehr-rehau.de/wp-content/uploads/2025/10/IMG_6546-1200x1600.jpeg 1200w, https://feuerwehr-rehau.de/wp-content/uploads/2025/10/IMG_6546-1152x1536.jpeg 1152w, https://feuerwehr-rehau.de/wp-content/uploads/2025/10/IMG_6546-1536x2048.jpeg 1536w, https://feuerwehr-rehau.de/wp-content/uploads/2025/10/IMG_6546-scaled.jpeg 1920w" sizes="(max-width: 1875px) 100vw, 1875px" /></a></figure>



<figure class="wp-block-image size-large"><a href="https://feuerwehr-rehau.de/wp-content/uploads/2025/10/IMG_6548-scaled.jpeg"><img decoding="async" width="2500" height="1875" data-id="9020" src="https://feuerwehr-rehau.de/wp-content/uploads/2025/10/IMG_6548-2500x1875.jpeg" alt="" class="wp-image-9020" srcset="https://feuerwehr-rehau.de/wp-content/uploads/2025/10/IMG_6548-2500x1875.jpeg 2500w, https://feuerwehr-rehau.de/wp-content/uploads/2025/10/IMG_6548-1600x1200.jpeg 1600w, https://feuerwehr-rehau.de/wp-content/uploads/2025/10/IMG_6548-1536x1152.jpeg 1536w, https://feuerwehr-rehau.de/wp-content/uploads/2025/10/IMG_6548-2048x1536.jpeg 2048w" sizes="(max-width: 2500px) 100vw, 2500px" /></a></figure>
</figure>
