{"id":9029,"date":"2025-10-16T12:31:00","date_gmt":"2025-10-16T10:31:00","guid":{"rendered":"https:\/\/feuerwehr-rehau.de\/?post_type=einsatz&#038;p=9029"},"modified":"2025-10-16T22:04:45","modified_gmt":"2025-10-16T20:04:45","slug":"brand-lkw-7","status":"publish","type":"einsatz","link":"https:\/\/feuerwehr-rehau.de\/?einsatz=brand-lkw-7","title":{"rendered":"Brand LKW"},"content":{"rendered":"\n<p>Wir wurden zu einem LKW Brand auf die B298 alarmiert, vor Ort befand sich ein LKW mit hei\u00df gelaufenen Bremsen, die durch die Hitze den Kotfl\u00fcgel entz\u00fcndeten. Nach dem abl\u00f6schen und k\u00fchlen der Bremsen wurde der LKW zum Sch\u00fctzenhaus in Rehau eskortiert, und dort umgeladen. <\/p>\n\n\n\n<p> <\/p>\n\n\n\n<figure class=\"wp-block-gallery has-nested-images columns-default is-cropped wp-block-gallery-1 is-layout-flex wp-block-gallery-is-layout-flex\">\n<figure class=\"wp-block-image size-large\"><a href=\"https:\/\/feuerwehr-rehau.de\/wp-content\/uploads\/2025\/10\/744ab4fc-f5e8-457c-b0b5-d4500c3e8ad1.jpeg\"><img decoding=\"async\" width=\"1600\" height=\"1305\" data-id=\"9030\" src=\"https:\/\/feuerwehr-rehau.de\/wp-content\/uploads\/2025\/10\/744ab4fc-f5e8-457c-b0b5-d4500c3e8ad1.jpeg\" alt=\"\" class=\"wp-image-9030\" srcset=\"https:\/\/feuerwehr-rehau.de\/wp-content\/uploads\/2025\/10\/744ab4fc-f5e8-457c-b0b5-d4500c3e8ad1.jpeg 1600w, https:\/\/feuerwehr-rehau.de\/wp-content\/uploads\/2025\/10\/744ab4fc-f5e8-457c-b0b5-d4500c3e8ad1-1536x1253.jpeg 1536w\" sizes=\"(max-width: 1600px) 100vw, 1600px\" \/><\/a><figcaption class=\"wp-element-caption\">L\u00f6scharbeiten<\/figcaption><\/figure>\n\n\n\n<figure class=\"wp-block-image size-large\"><a href=\"https:\/\/feuerwehr-rehau.de\/wp-content\/uploads\/2025\/10\/5afeac03-9529-4523-ad68-49b8401af158.jpeg\"><img decoding=\"async\" width=\"2048\" height=\"1536\" data-id=\"9031\" src=\"https:\/\/feuerwehr-rehau.de\/wp-content\/uploads\/2025\/10\/5afeac03-9529-4523-ad68-49b8401af158.jpeg\" alt=\"\" class=\"wp-image-9031\" srcset=\"https:\/\/feuerwehr-rehau.de\/wp-content\/uploads\/2025\/10\/5afeac03-9529-4523-ad68-49b8401af158.jpeg 2048w, https:\/\/feuerwehr-rehau.de\/wp-content\/uploads\/2025\/10\/5afeac03-9529-4523-ad68-49b8401af158-1600x1200.jpeg 1600w, https:\/\/feuerwehr-rehau.de\/wp-content\/uploads\/2025\/10\/5afeac03-9529-4523-ad68-49b8401af158-1536x1152.jpeg 1536w\" sizes=\"(max-width: 2048px) 100vw, 2048px\" \/><\/a><figcaption class=\"wp-element-caption\">L\u00f6scharbeiten<\/figcaption><\/figure>\n\n\n\n<figure class=\"wp-block-image size-large\"><a href=\"https:\/\/feuerwehr-rehau.de\/wp-content\/uploads\/2025\/10\/IMG_6601-scaled.jpeg\"><img decoding=\"async\" width=\"2500\" height=\"1875\" data-id=\"9032\" src=\"https:\/\/feuerwehr-rehau.de\/wp-content\/uploads\/2025\/10\/IMG_6601-2500x1875.jpeg\" alt=\"\" class=\"wp-image-9032\" srcset=\"https:\/\/feuerwehr-rehau.de\/wp-content\/uploads\/2025\/10\/IMG_6601-2500x1875.jpeg 2500w, https:\/\/feuerwehr-rehau.de\/wp-content\/uploads\/2025\/10\/IMG_6601-1600x1200.jpeg 1600w, https:\/\/feuerwehr-rehau.de\/wp-content\/uploads\/2025\/10\/IMG_6601-1536x1152.jpeg 1536w, https:\/\/feuerwehr-rehau.de\/wp-content\/uploads\/2025\/10\/IMG_6601-2048x1536.jpeg 2048w\" sizes=\"(max-width: 2500px) 100vw, 2500px\" \/><\/a><figcaption class=\"wp-element-caption\">Umladen am Sch\u00fctzenhaus<\/figcaption><\/figure>\n\n\n\n<figure class=\"wp-block-image size-large\"><a href=\"https:\/\/feuerwehr-rehau.de\/wp-content\/uploads\/2025\/10\/IMG_6604-scaled.jpeg\"><img decoding=\"async\" width=\"2500\" height=\"1875\" data-id=\"9033\" src=\"https:\/\/feuerwehr-rehau.de\/wp-content\/uploads\/2025\/10\/IMG_6604-2500x1875.jpeg\" alt=\"\" class=\"wp-image-9033\" srcset=\"https:\/\/feuerwehr-rehau.de\/wp-content\/uploads\/2025\/10\/IMG_6604-2500x1875.jpeg 2500w, https:\/\/feuerwehr-rehau.de\/wp-content\/uploads\/2025\/10\/IMG_6604-1600x1200.jpeg 1600w, https:\/\/feuerwehr-rehau.de\/wp-content\/uploads\/2025\/10\/IMG_6604-1536x1152.jpeg 1536w, https:\/\/feuerwehr-rehau.de\/wp-content\/uploads\/2025\/10\/IMG_6604-2048x1536.jpeg 2048w\" sizes=\"(max-width: 2500px) 100vw, 2500px\" \/><\/a><figcaption class=\"wp-element-caption\">Umladen am Sch\u00fctzenhaus<\/figcaption><\/figure>\n<\/figure>\n","protected":false},"author":184,"featured_media":9030,"template":"","meta":{"einsatz_weight":1,"footnotes":""},"categories":[509],"tags":[],"einsatzart":[446],"fahrzeug":[448,454,459],"exteinsatzmittel":[452],"alarmierungsart":[],"evw_unit":[564,563],"class_list":{"0":"post-9029","1":"einsatz","2":"type-einsatz","3":"status-publish","4":"has-post-thumbnail","6":"category-archiv_","7":"einsatzart-brandeinsatz","8":"fahrzeug-elw-1","9":"fahrzeug-lf-2016-p750-cafs","10":"fahrzeug-tlf-2450-cafs","11":"exteinsatzmittel-land-21","12":"evw_unit-polizei","13":"evw_unit-rettungsdienst","14":"czr-hentry"},"_links":{"self":[{"href":"https:\/\/feuerwehr-rehau.de\/index.php?rest_route=\/wp\/v2\/einsatz\/9029","targetHints":{"allow":["GET"]}}],"collection":[{"href":"https:\/\/feuerwehr-rehau.de\/index.php?rest_route=\/wp\/v2\/einsatz"}],"about":[{"href":"https:\/\/feuerwehr-rehau.de\/index.php?rest_route=\/wp\/v2\/types\/einsatz"}],"author":[{"embeddable":true,"href":"https:\/\/feuerwehr-rehau.de\/index.php?rest_route=\/wp\/v2\/users\/184"}],"version-history":[{"count":1,"href":"https:\/\/feuerwehr-rehau.de\/index.php?rest_route=\/wp\/v2\/einsatz\/9029\/revisions"}],"predecessor-version":[{"id":9035,"href":"https:\/\/feuerwehr-rehau.de\/index.php?rest_route=\/wp\/v2\/einsatz\/9029\/revisions\/9035"}],"wp:featuredmedia":[{"embeddable":true,"href":"https:\/\/feuerwehr-rehau.de\/index.php?rest_route=\/wp\/v2\/media\/9030"}],"wp:attachment":[{"href":"https:\/\/feuerwehr-rehau.de\/index.php?rest_route=%2Fwp%2Fv2%2Fmedia&parent=9029"}],"wp:term":[{"taxonomy":"category","embeddable":true,"href":"https:\/\/feuerwehr-rehau.de\/index.php?rest_route=%2Fwp%2Fv2%2Fcategories&post=9029"},{"taxonomy":"post_tag","embeddable":true,"href":"https:\/\/feuerwehr-rehau.de\/index.php?rest_route=%2Fwp%2Fv2%2Ftags&post=9029"},{"taxonomy":"einsatzart","embeddable":true,"href":"https:\/\/feuerwehr-rehau.de\/index.php?rest_route=%2Fwp%2Fv2%2Feinsatzart&post=9029"},{"taxonomy":"fahrzeug","embeddable":true,"href":"https:\/\/feuerwehr-rehau.de\/index.php?rest_route=%2Fwp%2Fv2%2Ffahrzeug&post=9029"},{"taxonomy":"exteinsatzmittel","embeddable":true,"href":"https:\/\/feuerwehr-rehau.de\/index.php?rest_route=%2Fwp%2Fv2%2Fexteinsatzmittel&post=9029"},{"taxonomy":"alarmierungsart","embeddable":true,"href":"https:\/\/feuerwehr-rehau.de\/index.php?rest_route=%2Fwp%2Fv2%2Falarmierungsart&post=9029"},{"taxonomy":"evw_unit","embeddable":true,"href":"https:\/\/feuerwehr-rehau.de\/index.php?rest_route=%2Fwp%2Fv2%2Fevw_unit&post=9029"}],"curies":[{"name":"wp","href":"https:\/\/api.w.org\/{rel}","templated":true}]}}

<p>Wir wurden zu einem LKW Brand auf die B298 alarmiert, vor Ort befand sich ein LKW mit heiß gelaufenen Bremsen, die durch die Hitze den Kotflügel entzündeten. Nach dem ablöschen und kühlen der Bremsen wurde der LKW zum Schützenhaus in Rehau eskortiert, und dort umgeladen. </p>



<p> </p>



<figure class="wp-block-gallery has-nested-images columns-default is-cropped wp-block-gallery-1 is-layout-flex wp-block-gallery-is-layout-flex">
<figure class="wp-block-image size-large"><a href="https://feuerwehr-rehau.de/wp-content/uploads/2025/10/744ab4fc-f5e8-457c-b0b5-d4500c3e8ad1.jpeg"><img decoding="async" width="1600" height="1305" data-id="9030" src="https://feuerwehr-rehau.de/wp-content/uploads/2025/10/744ab4fc-f5e8-457c-b0b5-d4500c3e8ad1.jpeg" alt="" class="wp-image-9030" srcset="https://feuerwehr-rehau.de/wp-content/uploads/2025/10/744ab4fc-f5e8-457c-b0b5-d4500c3e8ad1.jpeg 1600w, https://feuerwehr-rehau.de/wp-content/uploads/2025/10/744ab4fc-f5e8-457c-b0b5-d4500c3e8ad1-1536x1253.jpeg 1536w" sizes="(max-width: 1600px) 100vw, 1600px" /></a><figcaption class="wp-element-caption">Löscharbeiten</figcaption></figure>



<figure class="wp-block-image size-large"><a href="https://feuerwehr-rehau.de/wp-content/uploads/2025/10/5afeac03-9529-4523-ad68-49b8401af158.jpeg"><img decoding="async" width="2048" height="1536" data-id="9031" src="https://feuerwehr-rehau.de/wp-content/uploads/2025/10/5afeac03-9529-4523-ad68-49b8401af158.jpeg" alt="" class="wp-image-9031" srcset="https://feuerwehr-rehau.de/wp-content/uploads/2025/10/5afeac03-9529-4523-ad68-49b8401af158.jpeg 2048w, https://feuerwehr-rehau.de/wp-content/uploads/2025/10/5afeac03-9529-4523-ad68-49b8401af158-1600x1200.jpeg 1600w, https://feuerwehr-rehau.de/wp-content/uploads/2025/10/5afeac03-9529-4523-ad68-49b8401af158-1536x1152.jpeg 1536w" sizes="(max-width: 2048px) 100vw, 2048px" /></a><figcaption class="wp-element-caption">Löscharbeiten</figcaption></figure>



<figure class="wp-block-image size-large"><a href="https://feuerwehr-rehau.de/wp-content/uploads/2025/10/IMG_6601-scaled.jpeg"><img decoding="async" width="2500" height="1875" data-id="9032" src="https://feuerwehr-rehau.de/wp-content/uploads/2025/10/IMG_6601-2500x1875.jpeg" alt="" class="wp-image-9032" srcset="https://feuerwehr-rehau.de/wp-content/uploads/2025/10/IMG_6601-2500x1875.jpeg 2500w, https://feuerwehr-rehau.de/wp-content/uploads/2025/10/IMG_6601-1600x1200.jpeg 1600w, https://feuerwehr-rehau.de/wp-content/uploads/2025/10/IMG_6601-1536x1152.jpeg 1536w, https://feuerwehr-rehau.de/wp-content/uploads/2025/10/IMG_6601-2048x1536.jpeg 2048w" sizes="(max-width: 2500px) 100vw, 2500px" /></a><figcaption class="wp-element-caption">Umladen am Schützenhaus</figcaption></figure>



<figure class="wp-block-image size-large"><a href="https://feuerwehr-rehau.de/wp-content/uploads/2025/10/IMG_6604-scaled.jpeg"><img decoding="async" width="2500" height="1875" data-id="9033" src="https://feuerwehr-rehau.de/wp-content/uploads/2025/10/IMG_6604-2500x1875.jpeg" alt="" class="wp-image-9033" srcset="https://feuerwehr-rehau.de/wp-content/uploads/2025/10/IMG_6604-2500x1875.jpeg 2500w, https://feuerwehr-rehau.de/wp-content/uploads/2025/10/IMG_6604-1600x1200.jpeg 1600w, https://feuerwehr-rehau.de/wp-content/uploads/2025/10/IMG_6604-1536x1152.jpeg 1536w, https://feuerwehr-rehau.de/wp-content/uploads/2025/10/IMG_6604-2048x1536.jpeg 2048w" sizes="(max-width: 2500px) 100vw, 2500px" /></a><figcaption class="wp-element-caption">Umladen am Schützenhaus</figcaption></figure>
</figure>
