{"id":3546,"date":"2020-07-18T13:40:13","date_gmt":"2020-07-18T11:40:13","guid":{"rendered":"https:\/\/feuerwehr-rehau.de\/?page_id=3546"},"modified":"2020-07-18T13:53:34","modified_gmt":"2020-07-18T11:53:34","slug":"die-planungen-von-der-ersten-idee-bis-zum-spatenstich","status":"publish","type":"page","link":"https:\/\/feuerwehr-rehau.de\/?page_id=3546","title":{"rendered":"Die Planungen von der ersten Idee bis zum Spatenstich"},"content":{"rendered":"<div id=\"pf1\" class=\"dp-page-outer\">\n<div class=\"dp-page-inner\">\n<div id=\"pg-1pf1\" class=\"pf pg-1w0 pg-1h0\">\n<div class=\"pc pg-1pc1 pg-1w0 pg-1h0\">\n<div class=\"c pg-1x1 pg-1y1 pg-1w2 pg-1h2\">\n<div class=\"t pg-1m0 pg-1x0 pg-1h3 pg-1y3 pg-1ff1 pg-1fs0 pg-1fc0 pg-1sc0 pg-1ls0 pg-1ws0\"><em><strong><span class=\"pg-1fc1 pg-1sc0\">W<\/span><span class=\"pg-1fc1 pg-1sc0\">a<\/span><span class=\"pg-1fc1 pg-1sc0\">s<\/span> <span class=\"pg-1fc1 pg-1sc0\">b<\/span><span class=\"pg-1fc1 pg-1sc0\">i<\/span><span class=\"pg-1fc1 pg-1sc0\">s<\/span><span class=\"pg-1fc1 pg-1sc0\">h<\/span><span class=\"pg-1fc1 pg-1sc0\">e<\/span><span class=\"pg-1fc1 pg-1sc0\">r<\/span> <span class=\"pg-1fc1 pg-1sc0\">g<\/span><span class=\"pg-1fc1 pg-1sc0\">e<\/span><span class=\"pg-1fc1 pg-1sc0\">s<\/span><span class=\"pg-1fc1 pg-1sc0\">c<\/span><span class=\"pg-1fc1 pg-1sc0\">h<\/span><span class=\"pg-1fc1 pg-1sc0\">a<\/span><span class=\"pg-1fc1 pg-1sc0\">h<\/span><span class=\"pg-1fc1 pg-1sc0\">:<\/span><\/strong><\/em><\/div>\n<div>\u00a0<\/div>\n<div class=\"t pg-1m0 pg-1x0 pg-1h4 pg-1y4 pg-1ff2 pg-1fs0 pg-1fc0 pg-1sc0 pg-1ls0 pg-1ws0\">2009\u00a0 \u00a0 \u00a0 \u00a0 \u00a0 \u00a0 \u00a0 \u00a0 Erste Gespr\u00e4che und Planungen zu Sanierung oder Neubau des Ger\u00e4tehauses<\/div>\n<div class=\"t pg-1m0 pg-1x0 pg-1h4 pg-1y5 pg-1ff2 pg-1fs0 pg-1fc0 pg-1sc0 pg-1ls0 pg-1ws0\">2011\u00a0 \u00a0 \u00a0 \u00a0 \u00a0 \u00a0 \u00a0 \u00a0 \u00a0 Erste Planungen f\u00fcr den Neubau auf dem Gel\u00e4nde der Stadtwerke<\/div>\n<div class=\"t pg-1m0 pg-1x0 pg-1h4 pg-1y6 pg-1ff2 pg-1fs0 pg-1fc0 pg-1sc0 pg-1ls0 pg-1ws0\">17.04.2013\u00a0 \u00a0 \u00a0 \u00a0 \u00a0Stadtratsbeschluss \u00fcber Neubau Ger\u00e4tehaus und Standortfestlegung Stadtwerkegel\u00e4nde<\/div>\n<div class=\"t pg-1m0 pg-1x0 pg-1h4 pg-1y7 pg-1ff2 pg-1fs0 pg-1fc0 pg-1sc0 pg-1ls0 pg-1ws0\">10.10.2016\u00a0 \u00a0 \u00a0 \u00a0 \u00a0Im Nachtrags-HH werden Planungskosten f\u00fcr Neubau bereitgestellt<\/div>\n<div class=\"t pg-1m0 pg-1x0 pg-1h4 pg-1y8 pg-1ff2 pg-1fs0 pg-1fc0 pg-1sc0 pg-1ls0 pg-1ws0\">05.09.2016\u00a0 \u00a0 \u00a0 \u00a0Umbauma\u00dfnahmen im Altbau zur Trennung der Umkleide von Fahrzeughalle als Provisorium<\/div>\n<div class=\"t pg-1m0 pg-1x0 pg-1h4 pg-1y9 pg-1ff2 pg-1fs0 pg-1fc0 pg-1sc0 pg-1ls0 pg-1ws0\">29.11.2017\u00a0 \u00a0 \u00a0 \u00a0 \u00a0 Vorstellung der Planungsergebnisse \u2013 Stadtrat beschlie\u00dft Neubau<\/div>\n<div class=\"t pg-1m0 pg-1x0 pg-1h4 pg-1ya pg-1ff2 pg-1fs0 pg-1fc0 pg-1sc0 pg-1ls0 pg-1ws0\">Sommer &#8217;18\u00a0 \u00a0 \u00a0 Abriss der Bestandsgeb\u00e4ude in der Bahnhofstra\u00dfe<\/div>\n<div class=\"t pg-1m0 pg-1x0 pg-1h4 pg-1yb pg-1ff2 pg-1fs0 pg-1fc0 pg-1sc0 pg-1ls0 pg-1ws0\">Herbst &#8217;19\u00a0 \u00a0 \u00a0 \u00a0 \u00a0Funktionalausschreibung \u00fcber Vergabe Bauleistungen Neubau<\/div>\n<div class=\"t pg-1m0 pg-1x0 pg-1h4 pg-1yc pg-1ff2 pg-1fs0 pg-1fc0 pg-1sc0 pg-1ls0 pg-1ws0\">27.02.2019\u00a0 \u00a0 \u00a0 \u00a0 \u00a0Stadtrat vergibt Auftrag an Fa. Roth inkl. Nachtrags-HH und Kreditaufnahme<\/div>\n<div class=\"t pg-1m0 pg-1x0 pg-1h4 pg-1yd pg-1ff2 pg-1fs0 pg-1fc0 pg-1sc0 pg-1ls0 pg-1ws0\">02.05.2019\u00a0 \u00a0 \u00a0 \u00a0 Spatenstich Neubau<\/div>\n<div>\u00a0<\/div>\n<div class=\"t pg-1m0 pg-1x0 pg-1h3 pg-1ye pg-1ff1 pg-1fs0 pg-1fc0 pg-1sc0 pg-1ls0 pg-1ws0\"><em><strong><span class=\"pg-1fc1 pg-1sc0\">D<\/span><span class=\"pg-1fc1 pg-1sc0\">e<\/span><span class=\"pg-1fc1 pg-1sc0\">r<\/span> <span class=\"pg-1fc1 pg-1sc0\">B<\/span><span class=\"pg-1fc1 pg-1sc0\">a<\/span><span class=\"pg-1fc1 pg-1sc0\">u<\/span> <span class=\"pg-1fc1 pg-1sc0\">d<\/span><span class=\"pg-1fc1 pg-1sc0\">e<\/span><span class=\"pg-1fc1 pg-1sc0\">r<\/span> <span class=\"pg-1fc1 pg-1sc0\">F<\/span><span class=\"pg-1fc1 pg-1sc0\">e<\/span><span class=\"pg-1fc1 pg-1sc0\">u<\/span><span class=\"pg-1fc1 pg-1sc0\">e<\/span><span class=\"pg-1fc1 pg-1sc0\">r<\/span><span class=\"pg-1fc1 pg-1sc0\">w<\/span><span class=\"pg-1fc1 pg-1sc0\">a<\/span><span class=\"pg-1fc1 pg-1sc0\">c<\/span><span class=\"pg-1fc1 pg-1sc0\">h<\/span><span class=\"pg-1fc1 pg-1sc0\">e<\/span> <span class=\"pg-1fc1 pg-1sc0\">R<\/span><span class=\"pg-1fc1 pg-1sc0\">e<\/span><span class=\"pg-1fc1 pg-1sc0\">h<\/span><span class=\"pg-1fc1 pg-1sc0\">a<\/span><span class=\"pg-1fc1 pg-1sc0\">u<\/span> <span class=\"pg-1fc1 pg-1sc0\">\u2013<\/span> <span class=\"pg-1fc1 pg-1sc0\">A<\/span><span class=\"pg-1fc1 pg-1sc0\">u<\/span><span class=\"pg-1fc1 pg-1sc0\">s<\/span><span class=\"pg-1fc1 pg-1sc0\">zu<\/span><span class=\"pg-1fc1 pg-1sc0\">g<\/span> <span class=\"pg-1fc1 pg-1sc0\">a<\/span><span class=\"pg-1fc1 pg-1sc0\">u<\/span><span class=\"pg-1fc1 pg-1sc0\">s<\/span> <span class=\"pg-1fc1 pg-1sc0\">d<\/span><span class=\"pg-1fc1 pg-1sc0\">e<\/span><span class=\"pg-1fc1 pg-1sc0\">r<\/span> <span class=\"pg-1fc1 pg-1sc0\">A<\/span><span class=\"pg-1fc1 pg-1sc0\">u<\/span><span class=\"pg-1fc1 pg-1sc0\">s<\/span><span class=\"pg-1fc1 pg-1sc0\">s<\/span><span class=\"pg-1fc1 pg-1sc0\">c<\/span><span class=\"pg-1fc1 pg-1sc0\">h<\/span><span class=\"pg-1fc1 pg-1sc0\">r<\/span><span class=\"pg-1fc1 pg-1sc0\">e<\/span><span class=\"pg-1fc1 pg-1sc0\">i<\/span><span class=\"pg-1fc1 pg-1sc0\">b<\/span><span class=\"pg-1fc1 pg-1sc0\">u<\/span><span class=\"pg-1fc1 pg-1sc0\">n<\/span><span class=\"pg-1fc1 pg-1sc0\">g<\/span><span class=\"pg-1fc1 pg-1sc0\">:<\/span><\/strong><\/em><\/div>\n<div>\u00a0<\/div>\n<div class=\"t pg-1m0 pg-1x0 pg-1h4 pg-1yf pg-1ff2 pg-1fs0 pg-1fc0 pg-1sc0 pg-1ls0 pg-1ws0\">Die Stadt Rehau plant den Neubau des Feuerwehrhauses der Freiwillige Feuerwehr in der Stadt Rehau<\/div>\n<div>\u00a0<\/div>\n<div class=\"t pg-1m0 pg-1x0 pg-1h4 pg-1y10 pg-1ff2 pg-1fs0 pg-1fc0 pg-1sc0 pg-1ls0 pg-1ws0\">Allgemein gelten f\u00fcr die Bauaufgabe \u201eFeuerwehrhaus\u201c folgende Planungskriterien:<\/div>\n<ul>\n<li class=\"t pg-1m0 pg-1x2 pg-1h4 pg-1y11 pg-1ff3 pg-1fs0 pg-1fc0 pg-1sc0 pg-1ls0 pg-1ws0\"><span class=\"pg-1ff2\">Kurze Wege <\/span><\/li>\n<li class=\"t pg-1m0 pg-1x2 pg-1h4 pg-1y12 pg-1ff3 pg-1fs0 pg-1fc0 pg-1sc0 pg-1ls0 pg-1ws0\"><span class=\"pg-1ff2\">Strikte Trennung zwischen Alarmausfahrt und Einsatzzufahrt (Unfallverh\u00fctungsma\u00dfnahme) <\/span><\/li>\n<li class=\"t pg-1m0 pg-1x2 pg-1h4 pg-1y13 pg-1ff3 pg-1fs0 pg-1fc0 pg-1sc0 pg-1ls0 pg-1ws0\"><span class=\"pg-1ff2\">Klare Anordnung der einzelnen Funktionsbereiche <\/span><\/li>\n<li class=\"t pg-1m0 pg-1x2 pg-1h4 pg-1y14 pg-1ff3 pg-1fs0 pg-1fc0 pg-1sc0 pg-1ls0 pg-1ws0\"><span class=\"pg-1ff2\">Zentrale Anordnung der Umkleidebereiche <\/span><\/li>\n<li class=\"t pg-1m0 pg-1x2 pg-1h4 pg-1y15 pg-1ff3 pg-1fs0 pg-1fc0 pg-1sc0 pg-1ls0 pg-1ws0\"><span class=\"pg-1ff2\">\u00dcbersichtliche Grundrissorganisation <\/span><\/li>\n<li class=\"t pg-1m0 pg-1x2 pg-1h4 pg-1y16 pg-1ff3 pg-1fs0 pg-1fc0 pg-1sc0 pg-1ls0 pg-1ws0\"><span class=\"pg-1ff2\">Ber\u00fccksichtigung der energetischen und nachhaltigen Aspekte <\/span><\/li>\n<li class=\"t pg-1m0 pg-1x2 pg-1h4 pg-1y17 pg-1ff3 pg-1fs0 pg-1fc0 pg-1sc0 pg-1ls0 pg-1ws0\"><span class=\"pg-1ff2\">Integration in die vorgefundene \u00f6rtliche Struktur <\/span><\/li>\n<li class=\"t pg-1m0 pg-1x2 pg-1h4 pg-1y18 pg-1ff3 pg-1fs0 pg-1fc0 pg-1sc0 pg-1ls0 pg-1ws0\"><span class=\"pg-1ff2\">Ber\u00fccksichtigung der geltenden Vorschriften wie DIN 14092, ASR, Unfallverh\u00fctungsvorschriften sowie <\/span><\/li>\n<li class=\"t pg-1m0 pg-1x3 pg-1h4 pg-1y19 pg-1ff2 pg-1fs0 pg-1fc0 pg-1sc0 pg-1ls0 pg-1ws0\">Zuwendungsrichtlinien des Freistaats Bayern.<\/li>\n<\/ul>\n<p>Folgende Gestaltungskriterien werden zugrunde gelegt:<\/p>\n<ul>\n<li class=\"t pg-1m0 pg-1x2 pg-1h4 pg-1y1b pg-1ff3 pg-1fs0 pg-1fc0 pg-1sc0 pg-1ls0 pg-1ws0\"><span class=\"pg-1ff2\">Definition der einzelnen Nutzungsbereiche <\/span><\/li>\n<li class=\"t pg-1m0 pg-1x2 pg-1h4 pg-1y1c pg-1ff3 pg-1fs0 pg-1fc0 pg-1sc0 pg-1ls0 pg-1ws0\"><span class=\"pg-1ff2\">Ablesbarkeit der Funktionsbereiche <\/span><\/li>\n<\/ul>\n<div class=\"t pg-1m0 pg-1x0 pg-1h4 pg-1y1d pg-1ff2 pg-1fs0 pg-1fc0 pg-1sc0 pg-1ls0 pg-1ws0\">Der Standort f\u00fcr das neue Feuerwehrhaus befindet sich zentrumsnah hinter Mehrfamilienh\u00e4usern an der<\/div>\n<div class=\"t pg-1m0 pg-1x0 pg-1h4 pg-1y1e pg-1ff2 pg-1fs0 pg-1fc0 pg-1sc0 pg-1ls0 pg-1ws0\">Bahnhofstra\u00dfe zwischen dem Gel\u00e4nde der Stadtwerke Rehau und die Eisenbahnschienen der Deutschen Bahn.<\/div>\n<div class=\"t pg-1m0 pg-1x0 pg-1h4 pg-1y1f pg-1ff2 pg-1fs0 pg-1fc0 pg-1sc0 pg-1ls0 pg-1ws0\">Verkehrsg\u00fcnstig gelegen, mit direkter Anbindung an die Bahnhofstra\u00dfe, k\u00f6nnen im Einsatzfall schnell Kr\u00e4fte<\/div>\n<div class=\"t pg-1m0 pg-1x0 pg-1h4 pg-1y20 pg-1ff2 pg-1fs0 pg-1fc0 pg-1sc0 pg-1ls0 pg-1ws0\">aus- als auch nachr\u00fccken. Die sch\u00fctzenswerten Gebiete mit ihren \u00f6ffentlichen Einrichtungen als auch die<\/div>\n<div class=\"t pg-1m0 pg-1x0 pg-1h4 pg-1y21 pg-1ff2 pg-1fs0 pg-1fc0 pg-1sc0 pg-1ls0 pg-1ws0\">umliegenden Gewerbefl\u00e4chen und Wohnsiedlungen sind somit in einer kurzen Anr\u00fcckzeit zu erreichen.<\/div>\n<div>\u00a0<\/div>\n<div class=\"t pg-1m0 pg-1x0 pg-1h4 pg-1y22 pg-1ff2 pg-1fs0 pg-1fc0 pg-1sc0 pg-1ls0 pg-1ws0\">Das ebene Gel\u00e4nde eignet sich sehr gut f\u00fcr den Bau des Feuerwehrhauses. Die Zu- und Ausfahrten erfolgen<\/div>\n<div class=\"t pg-1m0 pg-1x0 pg-1h4 pg-1y23 pg-1ff2 pg-1fs0 pg-1fc0 pg-1sc0 pg-1ls0 pg-1ws0\">\u00fcber die angrenzende Bahnhofstra\u00dfe. Die Alarmausfahrt der ausr\u00fcckenden Fahrzeuge erfolgt \u00fcber den<\/div>\n<div class=\"t pg-1m0 pg-1x0 pg-1h4 pg-1y24 pg-1ff2 pg-1fs0 pg-1fc0 pg-1sc0 pg-1ls0 pg-1ws0\">Alarmhof direkt auf die Bahnhofstra\u00dfe. Begegnungsverkehr wird durch eine breite Zufahrt mit Kennzeichnung<\/div>\n<div class=\"t pg-1m0 pg-1x0 pg-1h4 pg-1y25 pg-1ff2 pg-1fs0 pg-1fc0 pg-1sc0 pg-1ls0 pg-1ws0\">Zufahrt und Ausfahrt im hektischen Alarmablauf vermieden (Unfallverh\u00fctungsvorschrift). Die PKWs der<\/div>\n<div class=\"t pg-1m0 pg-1x0 pg-1h4 pg-1y26 pg-1ff2 pg-1fs0 pg-1fc0 pg-1sc0 pg-1ls0 pg-1ws0\">Einsatzkr\u00e4fte fahren auf der gekennzeichneten Fl\u00e4che an der s\u00fcdlichen Grundst\u00fccksgrenze hinter das<\/div>\n<div class=\"t pg-1m0 pg-1x0 pg-1h4 pg-1y27 pg-1ff2 pg-1fs0 pg-1fc0 pg-1sc0 pg-1ls0 pg-1ws0\">Feuerwehrhaus kommen von dort direkt ins Geb\u00e4ude in die geschlechtergetrennten Umkleider\u00e4ume.<\/div>\n<div>\u00a0<\/div>\n<div class=\"t pg-1m0 pg-1x0 pg-1h4 pg-1y28 pg-1ff2 pg-1fs0 pg-1fc0 pg-1sc0 pg-1ls0 pg-1ws0\">Das Geb\u00e4ude ist komplett umfahrbar. Der Alarmhof liegt unmittelbar s\u00fcdlich der Fahrzeughalle und orientiert<\/div>\n<div class=\"t pg-1m0 pg-1x0 pg-1h4 pg-1y29 pg-1ff2 pg-1fs0 pg-1fc0 pg-1sc0 pg-1ls0 pg-1ws0\">sich an deren L\u00e4nge. Nach erfolgtem Einsatz setzen die Einsatzfahrzeuge \u00fcber den Alarmhof r\u00fcckw\u00e4rts in ihre<\/div>\n<div class=\"t pg-1m0 pg-1x0 pg-1h4 pg-1y2a pg-1ff2 pg-1fs0 pg-1fc0 pg-1sc0 pg-1ls0 pg-1ws0\">Boxen.<\/div>\n<div class=\"t pg-1m0 pg-1x0 pg-1h4 pg-1y2b pg-1ff2 pg-1fs0 pg-1fc0 pg-1sc0 pg-1ls0 pg-1ws0\">Der kompakte Bauk\u00f6rper gliedert sich in zwei Funktionsbereiche, die die inneren Funktionen nach au\u00dfen<\/div>\n<div class=\"t pg-1m0 pg-1x0 pg-1h4 pg-1y2c pg-1ff2 pg-1fs0 pg-1fc0 pg-1sc0 pg-1ls0 pg-1ws0\">spiegeln:<\/div>\n<ul>\n<li class=\"t pg-1m0 pg-1x2 pg-1h4 pg-1y2d pg-1ff3 pg-1fs0 pg-1fc0 pg-1sc0 pg-1ls0 pg-1ws0\"><span class=\"pg-1ff2\">die Fahrzeughalle mit angeschlossener Lagerfl\u00e4che und Werkstatt, <\/span><\/li>\n<li class=\"t pg-1m0 pg-1x2 pg-1h4 pg-1y2e pg-1ff3 pg-1fs0 pg-1fc0 pg-1sc0 pg-1ls0 pg-1ws0\"><span class=\"pg-1ff2\">den zweigeschossigen Sozialteil mit Umkleiden und dar\u00fcber liegendem Schulungs- und <\/span>Verwaltungsbereich.<\/li>\n<\/ul>\n<div class=\"t pg-1m0 pg-1x0 pg-1h4 pg-1y30 pg-1ff2 pg-1fs0 pg-1fc0 pg-1sc0 pg-1ls0 pg-1ws0\">Der \u00dcbungsturm steht separat neben dem Feuerwehrhaus und erm\u00f6glicht ein Anleitern und Abseilen von allen<\/div>\n<div class=\"t pg-1m0 pg-1x0 pg-1h4 pg-1y31 pg-1ff2 pg-1fs0 pg-1fc0 pg-1sc0 pg-1ls0 pg-1ws0\">Seiten aus.<\/div>\n<div class=\"t pg-1m0 pg-1x0 pg-1h4 pg-1y32 pg-1ff2 pg-1fs0 pg-1fc0 pg-1sc0 pg-1ls0 pg-1ws0\">Das gesamte Feuerwehrhaus ist kompakt, wirtschaftlich, nachhaltig und \u00f6kologisch geplant. Die<\/div>\n<div class=\"t pg-1m0 pg-1x0 pg-1h4 pg-1y33 pg-1ff2 pg-1fs0 pg-1fc0 pg-1sc0 pg-1ls0 pg-1ws0\">Grundrissorganisation ist \u00fcbersichtlich gestaltet, sodass eine schnelle Orientierung leichtf\u00e4llt.<\/div>\n<div>\u00a0<\/div>\n<\/div>\n<\/div>\n<\/div>\n<\/div>\n<\/div>\n<div id=\"pf2\" class=\"dp-page-outer\">\n<div class=\"dp-page-inner\">\n<div id=\"pg-2pf2\" class=\"pf pg-2w0 pg-2h0\">\n<div class=\"pc pg-2pc2 pg-2w0 pg-2h0\">\n<div class=\"c pg-2x0 pg-2y0 pg-2w1 pg-2h1\">\n<div class=\"t pg-2m0 pg-2x1 pg-2h2 pg-2y1 pg-2ff1 pg-2fs0 pg-2fc0 pg-2sc0 pg-2ls0 pg-2ws0\">Die hohe Funktionalit\u00e4t beruht auf der Kombination von feuerwehrspezifischen, energetischen und<\/div>\n<div class=\"t pg-2m0 pg-2x1 pg-2h2 pg-2y2 pg-2ff1 pg-2fs0 pg-2fc0 pg-2sc0 pg-2ls0 pg-2ws0\">st\u00e4dtebaulichen Anforderungen. Der Entwurf basiert auf dem Prinzip der kurzen Wege im Alarmfall, einer<\/div>\n<div class=\"t pg-2m0 pg-2x1 pg-2h2 pg-2y3 pg-2ff1 pg-2fs0 pg-2fc0 pg-2sc0 pg-2ls0 pg-2ws0\">Zonierung der unterschiedlichen Funktionseinheiten im Geb\u00e4ude und der strikten Verkehrstrennung zwischen<\/div>\n<div class=\"t pg-2m0 pg-2x1 pg-2h2 pg-2y4 pg-2ff1 pg-2fs0 pg-2fc0 pg-2sc0 pg-2ls0 pg-2ws0\">ausr\u00fcckenden Einsatzkr\u00e4ften (Alarmfall) und \u00dcbungs- sowie Schulungsteilnehmern.<\/div>\n<div>\u00a0<\/div>\n<div class=\"t pg-2m0 pg-2x1 pg-2h2 pg-2y5 pg-2ff1 pg-2fs0 pg-2fc0 pg-2sc0 pg-2ls0 pg-2ws0\">Die Fahrzeughalle wird durch die schlichte Reihung der Sektionaltore betont, die gew\u00fcnschte Transparenz gibt<\/div>\n<div class=\"t pg-2m0 pg-2x1 pg-2h2 pg-2y6 pg-2ff1 pg-2fs0 pg-2fc0 pg-2sc0 pg-2ls0 pg-2ws0\">den Blick auf die dahinter parkenden Feuerwehrfahrzeuge frei. Im r\u00fcckw\u00e4rtigen Teil der Fahrzeughalle befinden<\/div>\n<div class=\"t pg-2m0 pg-2x1 pg-2h2 pg-2y7 pg-2ff1 pg-2fs0 pg-2fc0 pg-2sc0 pg-2ls0 pg-2ws0\">sich die Werkstatt- und Lagerr\u00e4ume. Dieser Geb\u00e4udeteil ist mit dunklen anthrazitfarbenen Fassadenplatten<\/div>\n<div class=\"t pg-2m0 pg-2x1 pg-2h2 pg-2y8 pg-2ff1 pg-2fs0 pg-2fc0 pg-2sc0 pg-2ls0 pg-2ws0\">verkleidet. Der Alarmweg geht direkt von den PKW-Stellpl\u00e4tzen in die Umkleiden, in der sich die<\/div>\n<div class=\"t pg-2m0 pg-2x1 pg-2h2 pg-2y9 pg-2ff1 pg-2fs0 pg-2fc0 pg-2sc0 pg-2ls0 pg-2ws0\">Einsatzbekleidung befindet, und von dort aus ohne Umwege in die Fahrzeughalle. In den Umkleiden befinden<\/div>\n<div class=\"t pg-2m0 pg-2x1 pg-2h2 pg-2ya pg-2ff1 pg-2fs0 pg-2fc0 pg-2sc0 pg-2ls0 pg-2ws0\">sich Spinde mit einem geschlossenen Abteil f\u00fcr die pers\u00f6nliche Ausr\u00fcstung und einem offenen Abteil f\u00fcr die<\/div>\n<div class=\"t pg-2m0 pg-2x1 pg-2h2 pg-2yb pg-2ff1 pg-2fs0 pg-2fc0 pg-2sc0 pg-2ls0 pg-2ws0\">Brandschutzbekleidung, sodass eine Schwarz-Wei\u00df-Trennung sichergestellt ist und eine<\/div>\n<div class=\"t pg-2m0 pg-2x1 pg-2h2 pg-2yc pg-2ff1 pg-2fs0 pg-2fc0 pg-2sc0 pg-2ls0 pg-2ws0\">Kontaminationsverschleppung verhindert wird.<\/div>\n<div>\u00a0<\/div>\n<div class=\"t pg-2m0 pg-2x1 pg-2h2 pg-2yd pg-2ff1 pg-2fs0 pg-2fc0 pg-2sc0 pg-2ls0 pg-2ws0\">Die Stellplatzgr\u00f6\u00dfen f\u00fcr die Einsatzfahrzeuge sind entsprechend den Vorgaben der DIN 14092 bemessen.<\/div>\n<div class=\"t pg-2m0 pg-2x1 pg-2h2 pg-2ye pg-2ff1 pg-2fs0 pg-2fc0 pg-2sc0 pg-2ls0 pg-2ws0\">Der R\u00fcckweg der Einsatzkr\u00e4fte erfolgt von der Fahrzeughalle vorbei an der Stiefelw\u00e4sche zur Reinigung der<\/div>\n<div class=\"t pg-2m0 pg-2x1 pg-2h2 pg-2yf pg-2ff1 pg-2fs0 pg-2fc0 pg-2sc0 pg-2ls0 pg-2ws0\">Einsatzstiefel.<\/div>\n<div>\u00a0<\/div>\n<div class=\"t pg-2m0 pg-2x1 pg-2h2 pg-2y10 pg-2ff1 pg-2fs0 pg-2fc0 pg-2sc0 pg-2ls0 pg-2ws0\">Das zweigeschossige Sozialgeb\u00e4ude grenzt an die eingeschossige Fahrzeughalle. Neben den R\u00e4umen f\u00fcr die<\/div>\n<div class=\"t pg-2m0 pg-2x1 pg-2h2 pg-2y11 pg-2ff1 pg-2fs0 pg-2fc0 pg-2sc0 pg-2ls0 pg-2ws0\">Alarmabwicklung (Umkleiden, Sanit\u00e4rbereiche f\u00fcr M\u00e4nner und Frauen) befinden sich der Eingangsbereich mit<\/div>\n<div class=\"t pg-2m0 pg-2x1 pg-2h2 pg-2y12 pg-2ff1 pg-2fs0 pg-2fc0 pg-2sc0 pg-2ls0 pg-2ws0\">Treppenhaus, die Zentrale und der Besprechungsraum.<\/div>\n<div>\u00a0<\/div>\n<div class=\"t pg-2m0 pg-2x1 pg-2h2 pg-2y13 pg-2ff1 pg-2fs0 pg-2fc0 pg-2sc0 pg-2ls0 pg-2ws0\">Im Obergeschoss befinden sich die Schulungs- und Verwaltungsbereiche, sowie eine K\u00fcche. Ebenso sind hier<\/div>\n<div class=\"t pg-2m0 pg-2x1 pg-2h2 pg-2y14 pg-2ff1 pg-2fs0 pg-2fc0 pg-2sc0 pg-2ls0 pg-2ws0\">die \u00f6ffentlichen Toilettenr\u00e4ume verortet. Der Schulungsbereich mit seiner variablen Nutzung kann durch die<\/div>\n<div class=\"t pg-2m0 pg-2x1 pg-2h2 pg-2y15 pg-2ff1 pg-2fs0 pg-2fc0 pg-2sc0 pg-2ls0 pg-2ws0\">mobilen Stellw\u00e4nde geteilt werden ist gro\u00dfz\u00fcgig verglast. Ein Teil dieses Raums kann als Aufenthalts- und<\/div>\n<div class=\"t pg-2m0 pg-2x1 pg-2h2 pg-2y16 pg-2ff1 pg-2fs0 pg-2fc0 pg-2sc0 pg-2ls0 pg-2ws0\">Bereitschaftsraum genutzt werden und wird mit einer Theke zur Ausgabe von Getr\u00e4nken ausgestattet. Die<\/div>\n<div class=\"t pg-2m0 pg-2x1 pg-2h2 pg-2y17 pg-2ff1 pg-2fs0 pg-2fc0 pg-2sc0 pg-2ls0 pg-2ws0\">Jugendfeuerwehr hat seinen Raum ebenfalls im Obergeschoss des Sozialteils. Der freistehende \u00dcbungsturm<\/div>\n<div class=\"t pg-2m0 pg-2x1 pg-2h2 pg-2y18 pg-2ff1 pg-2fs0 pg-2fc0 pg-2sc0 pg-2ls0 pg-2ws0\">steht s\u00fcdlich des Sozialbaus und ist mit Fahrzeugen und Leitern von allen Seiten aus zu erreichen. Dies<\/div>\n<div class=\"t pg-2m0 pg-2x1 pg-2h2 pg-2y19 pg-2ff1 pg-2fs0 pg-2fc0 pg-2sc0 pg-2ls0 pg-2ws0\">erleichtert das Anleitern und Abseilen und diverse andere \u00dcbungen.<\/div>\n<\/div>\n<\/div>\n<\/div>\n<\/div>\n<\/div>\n<p>\u00a0<\/p>\n\n\n<figure class=\"wp-block-gallery columns-2 is-cropped wp-block-gallery-1 is-layout-flex wp-block-gallery-is-layout-flex\"><ul class=\"blocks-gallery-grid\"><li class=\"blocks-gallery-item\"><figure><a href=\"https:\/\/feuerwehr-rehau.de\/wp-content\/uploads\/2020\/07\/Schnitt-OST-1-1600x440.jpg\"><img decoding=\"async\" width=\"1600\" height=\"440\" src=\"https:\/\/feuerwehr-rehau.de\/wp-content\/uploads\/2020\/07\/Schnitt-OST-1-1600x440.jpg\" alt=\"\" data-id=\"3578\" data-link=\"https:\/\/feuerwehr-rehau.de\/?attachment_id=3578\" class=\"wp-image-3578\" srcset=\"https:\/\/feuerwehr-rehau.de\/wp-content\/uploads\/2020\/07\/Schnitt-OST-1-1600x440.jpg 1600w, https:\/\/feuerwehr-rehau.de\/wp-content\/uploads\/2020\/07\/Schnitt-OST-1-1536x422.jpg 1536w, https:\/\/feuerwehr-rehau.de\/wp-content\/uploads\/2020\/07\/Schnitt-OST-1-2048x563.jpg 2048w\" sizes=\"(max-width: 1600px) 100vw, 1600px\" \/><\/a><figcaption class=\"blocks-gallery-item__caption\">Schnitt Ost<\/figcaption><\/figure><\/li><li class=\"blocks-gallery-item\"><figure><a href=\"https:\/\/feuerwehr-rehau.de\/wp-content\/uploads\/2020\/07\/Schnitt-S\u00dcD-1-1600x446.jpg\"><img decoding=\"async\" width=\"1600\" height=\"446\" src=\"https:\/\/feuerwehr-rehau.de\/wp-content\/uploads\/2020\/07\/Schnitt-S\u00dcD-1-1600x446.jpg\" alt=\"\" data-id=\"3579\" data-link=\"https:\/\/feuerwehr-rehau.de\/?attachment_id=3579\" class=\"wp-image-3579\" srcset=\"https:\/\/feuerwehr-rehau.de\/wp-content\/uploads\/2020\/07\/Schnitt-S\u00dcD-1-1600x446.jpg 1600w, https:\/\/feuerwehr-rehau.de\/wp-content\/uploads\/2020\/07\/Schnitt-S\u00dcD-1-1536x428.jpg 1536w, https:\/\/feuerwehr-rehau.de\/wp-content\/uploads\/2020\/07\/Schnitt-S\u00dcD-1-2048x570.jpg 2048w\" sizes=\"(max-width: 1600px) 100vw, 1600px\" \/><\/a><figcaption class=\"blocks-gallery-item__caption\">Schnitt S\u00fcd<\/figcaption><\/figure><\/li><li class=\"blocks-gallery-item\"><figure><a href=\"https:\/\/feuerwehr-rehau.de\/wp-content\/uploads\/2020\/07\/Bautafel-1-2.jpg\"><img decoding=\"async\" width=\"1600\" height=\"1029\" src=\"https:\/\/feuerwehr-rehau.de\/wp-content\/uploads\/2020\/07\/Bautafel-1-2-1600x1029.jpg\" alt=\"\" data-id=\"3581\" data-full-url=\"https:\/\/feuerwehr-rehau.de\/wp-content\/uploads\/2020\/07\/Bautafel-1-2.jpg\" data-link=\"https:\/\/feuerwehr-rehau.de\/?attachment_id=3581\" class=\"wp-image-3581\" srcset=\"https:\/\/feuerwehr-rehau.de\/wp-content\/uploads\/2020\/07\/Bautafel-1-2-1600x1029.jpg 1600w, https:\/\/feuerwehr-rehau.de\/wp-content\/uploads\/2020\/07\/Bautafel-1-2-1536x988.jpg 1536w, https:\/\/feuerwehr-rehau.de\/wp-content\/uploads\/2020\/07\/Bautafel-1-2.jpg 1723w\" sizes=\"(max-width: 1600px) 100vw, 1600px\" \/><\/a><\/figure><\/li><\/ul><\/figure>\n","protected":false},"excerpt":{"rendered":"<p>Was bisher geschah: \u00a0 2009\u00a0 \u00a0 \u00a0 \u00a0 \u00a0 \u00a0 \u00a0 \u00a0 Erste Gespr\u00e4che und Planungen zu Sanierung oder Neubau des Ger\u00e4tehauses 2011\u00a0 \u00a0 \u00a0 \u00a0 \u00a0 \u00a0 \u00a0 \u00a0 \u00a0 Erste Planungen f\u00fcr den Neubau auf dem Gel\u00e4nde der Stadtwerke 17.04.2013\u00a0 \u00a0 \u00a0 \u00a0 \u00a0Stadtratsbeschluss \u00fcber Neubau Ger\u00e4tehaus und Standortfestlegung Stadtwerkegel\u00e4nde 10.10.2016\u00a0 \u00a0 \u00a0 [&hellip;]<\/p>\n","protected":false},"author":72,"featured_media":0,"parent":3260,"menu_order":1,"comment_status":"closed","ping_status":"closed","template":"","meta":{"footnotes":""},"class_list":["post-3546","page","type-page","status-publish","czr-hentry"],"_links":{"self":[{"href":"https:\/\/feuerwehr-rehau.de\/index.php?rest_route=\/wp\/v2\/pages\/3546","targetHints":{"allow":["GET"]}}],"collection":[{"href":"https:\/\/feuerwehr-rehau.de\/index.php?rest_route=\/wp\/v2\/pages"}],"about":[{"href":"https:\/\/feuerwehr-rehau.de\/index.php?rest_route=\/wp\/v2\/types\/page"}],"author":[{"embeddable":true,"href":"https:\/\/feuerwehr-rehau.de\/index.php?rest_route=\/wp\/v2\/users\/72"}],"replies":[{"embeddable":true,"href":"https:\/\/feuerwehr-rehau.de\/index.php?rest_route=%2Fwp%2Fv2%2Fcomments&post=3546"}],"version-history":[{"count":27,"href":"https:\/\/feuerwehr-rehau.de\/index.php?rest_route=\/wp\/v2\/pages\/3546\/revisions"}],"predecessor-version":[{"id":3583,"href":"https:\/\/feuerwehr-rehau.de\/index.php?rest_route=\/wp\/v2\/pages\/3546\/revisions\/3583"}],"up":[{"embeddable":true,"href":"https:\/\/feuerwehr-rehau.de\/index.php?rest_route=\/wp\/v2\/pages\/3260"}],"wp:attachment":[{"href":"https:\/\/feuerwehr-rehau.de\/index.php?rest_route=%2Fwp%2Fv2%2Fmedia&parent=3546"}],"curies":[{"name":"wp","href":"https:\/\/api.w.org\/{rel}","templated":true}]}}