{"id":3584,"date":"2020-07-18T14:07:41","date_gmt":"2020-07-18T12:07:41","guid":{"rendered":"https:\/\/feuerwehr-rehau.de\/?page_id=3584"},"modified":"2020-07-18T14:13:58","modified_gmt":"2020-07-18T12:13:58","slug":"vorstellung-projektgruppen","status":"publish","type":"page","link":"https:\/\/feuerwehr-rehau.de\/?page_id=3584","title":{"rendered":"Vorstellung Projektgruppen"},"content":{"rendered":"<div class=\"o9v6fnle cxmmr5t8 oygrvhab hcukyx3x c1et5uql ii04i59q\">\n<div dir=\"auto\">In den n\u00e4chsten Wochen und Monaten wollen wir Euch \u00fcber die laufenden Aktivit\u00e4ten zum Bau unserer neuen Feuerwache informieren.<\/div>\n<div dir=\"auto\">Los geht es heute mit der Vorstellung der Projektteams und der Planungsarbeit, die seitens Feuerwehr geleistet wird.<\/div>\n<div dir=\"auto\"><\/div>\n<\/div>\n<div class=\"o9v6fnle cxmmr5t8 oygrvhab hcukyx3x c1et5uql ii04i59q\">\n<div dir=\"auto\"><\/div>\n<div dir=\"auto\">Bei den w\u00f6chentlichen Besprechungen im Rathaus bzw. auf der Baustelle und den laufenden Abstimmungen zwischen Architekt, Baufirma und Stadtverwaltung ist die Feuerwehr st\u00e4ndig mit vertreten. Hierzu wurde seitens Feuerwehr ein eigener Bauausschuss eingesetzt, der an allen Terminen teilnimmt und in die Entscheidungen eingebunden wird und stets mit mindestens zwei Personen vertreten sein soll:<\/div>\n<div dir=\"auto\"><\/div>\n<\/div>\n<div class=\"o9v6fnle cxmmr5t8 oygrvhab hcukyx3x c1et5uql ii04i59q\">\n<div dir=\"auto\">Dieser setzt sich zusammen aus:<\/div>\n<ul>\n<li dir=\"auto\">1.Kommandant Manuel H\u00f6ll \/ 2.Kdt. Volker Bucher<\/li>\n<li dir=\"auto\">&nbsp;Zugf\u00fchrer Thomas Schaller<\/li>\n<li dir=\"auto\">Gruppenf\u00fchrer Markus D\u00fcrr \/ Ger\u00e4tewart Michael L\u00f6ffler<\/li>\n<\/ul>\n<\/div>\n<div class=\"o9v6fnle cxmmr5t8 oygrvhab hcukyx3x c1et5uql ii04i59q\">\n<div dir=\"auto\">Zur detaillierten Planung der R\u00e4umlichkeiten inkl. deren technische Ausstattung und Einrichtung sowie die Betrachtung aller Arbeitsprozesse, innerhalb und au\u00dferhalb des Geb\u00e4udes, wurden innerhalb der Feuerwehr mehrere Projektgruppen gebildet, die sich nun regelm\u00e4\u00dfig w\u00e4hrend der Planungs- und Bauphase mit ihrem zugeteilten Bereich auseinandersetzen. Allen aktiven Mitgliedern, egal ob Teil der F\u00fchrung oder Mannschaft wird so die M\u00f6glichkeit gegeben, sich in den Neubau mit ihren Ideen einzubringen.<\/div>\n<div dir=\"auto\"><\/div>\n<\/div>\n<div class=\"o9v6fnle cxmmr5t8 oygrvhab hcukyx3x c1et5uql ii04i59q\">\n<div dir=\"auto\">Folgende Projektgruppen wurden gebildet:<\/div>\n<div dir=\"auto\"><\/div>\n<div dir=\"auto\"><\/div>\n<div dir=\"auto\"><strong>Alarmsteuerung\/Netzwerk\/Geb\u00e4udesteuerung: <\/strong><\/div>\n<div dir=\"auto\">Projektleiter Volker Spahn<\/div>\n<div dir=\"auto\"><\/div>\n<div dir=\"auto\"><\/div>\n<\/div>\n<div class=\"o9v6fnle cxmmr5t8 oygrvhab hcukyx3x c1et5uql ii04i59q\">\n<div dir=\"auto\"><strong>Geb\u00e4udetechnik\/Au\u00dfenanlagen:<\/strong><\/div>\n<div dir=\"auto\">Projektleiter Gerd Fischer<\/div>\n<div dir=\"auto\"><\/div>\n<div dir=\"auto\"><\/div>\n<\/div>\n<div class=\"o9v6fnle cxmmr5t8 oygrvhab hcukyx3x c1et5uql ii04i59q\">\n<div dir=\"auto\"><strong>Atem- und Chemieschutz:<\/strong><\/div>\n<div dir=\"auto\">Projektleiter Michael Bielert<\/div>\n<div dir=\"auto\"><\/div>\n<div dir=\"auto\"><\/div>\n<\/div>\n<div class=\"o9v6fnle cxmmr5t8 oygrvhab hcukyx3x c1et5uql ii04i59q\">\n<div dir=\"auto\"><strong>Schlauchpflege<\/strong>:<\/div>\n<div dir=\"auto\">Projektleiter Sebastian Pohl<\/div>\n<div dir=\"auto\"><\/div>\n<div dir=\"auto\"><\/div>\n<\/div>\n<div class=\"o9v6fnle cxmmr5t8 oygrvhab hcukyx3x c1et5uql ii04i59q\">\n<div dir=\"auto\"><strong>Fahrzeuge\/Ger\u00e4te\/Werkst\u00e4tten\/Lager:<\/strong><\/div>\n<div dir=\"auto\">Projektleiter Alexander Rumpf<\/div>\n<div dir=\"auto\"><\/div>\n<div dir=\"auto\"><\/div>\n<\/div>\n<div class=\"o9v6fnle cxmmr5t8 oygrvhab hcukyx3x c1et5uql ii04i59q\">\n<div dir=\"auto\"><strong>Pers\u00f6nliche Schutzkleidung\/Umkleide:<\/strong><\/div>\n<div dir=\"auto\">Projektleiter Markus D\u00fcrr<\/div>\n<div dir=\"auto\"><\/div>\n<div dir=\"auto\"><\/div>\n<\/div>\n<div class=\"o9v6fnle cxmmr5t8 oygrvhab hcukyx3x c1et5uql ii04i59q\">\n<div dir=\"auto\"><strong>Sozialbereich (K\u00fcche\/Verein\/Bereitschaft):<\/strong><\/div>\n<div dir=\"auto\">Projektleiter Heike Bucher<\/div>\n<div dir=\"auto\"><\/div>\n<div dir=\"auto\"><\/div>\n<\/div>\n<div class=\"o9v6fnle cxmmr5t8 oygrvhab hcukyx3x c1et5uql ii04i59q\">\n<div dir=\"auto\">Daneben gibt es noch drei Projektgruppen deren Aufgaben lauten:<\/div>\n<div dir=\"auto\"><\/div>\n<div dir=\"auto\"><strong>Umzug:<\/strong><\/div>\n<div dir=\"auto\">Projektleiter Volker Bucher<\/div>\n<div dir=\"auto\"><\/div>\n<div dir=\"auto\"><\/div>\n<\/div>\n<div class=\"o9v6fnle cxmmr5t8 oygrvhab hcukyx3x c1et5uql ii04i59q\">\n<div dir=\"auto\"><strong>Einweihung:<\/strong><\/div>\n<div dir=\"auto\">Projektleiter Manuel H\u00f6ll<\/div>\n<div dir=\"auto\"><\/div>\n<div dir=\"auto\"><\/div>\n<\/div>\n<div class=\"o9v6fnle cxmmr5t8 oygrvhab hcukyx3x c1et5uql ii04i59q\">\n<div dir=\"auto\"><strong>\u00d6ffentlichkeitsarbeit und Festschrift :<\/strong><\/div>\n<div dir=\"auto\">Projektleiter Thomas Schaller<\/div>\n<div dir=\"auto\"><\/div>\n<div dir=\"auto\"><\/div>\n<\/div>\n<div class=\"o9v6fnle cxmmr5t8 oygrvhab hcukyx3x c1et5uql ii04i59q\">\n<div dir=\"auto\">Zur optimalen Kommunikation und Zusammenarbeit des gesamten Teams wurde eigens eine Plattform zum Projektmanagement eingerichtet, auf die alle Beteiligten Zugriff haben. So k\u00f6nnen Dokumente abgelegt, Aufgaben und Termine koordiniert und Gedanken und Ideen optimal gesammelt werden. Dies hat sich bereits in den ersten Wochen als \u00e4u\u00dferst n\u00fctzlich erwiesen.<\/div>\n<div dir=\"auto\"><\/div>\n<\/div>\n<div class=\"o9v6fnle cxmmr5t8 oygrvhab hcukyx3x c1et5uql ii04i59q\">\n<div dir=\"auto\">Regelm\u00e4\u00dfig treffen sich die Projektgruppen und bringen ihre Ideen zusammen, Referenzbesuche anderer Neubauprojekte in der weiteren Umgebung und die Sichtung von Infomaterial sowie Anbietervergleiche z\u00e4hlen ebenfalls zu den laufenden Aufgaben.<\/div>\n<div dir=\"auto\"><\/div>\n<\/div>\n<div class=\"o9v6fnle cxmmr5t8 oygrvhab hcukyx3x c1et5uql ii04i59q\">\n<div dir=\"auto\">Permanente Abstimmungen mit den Projektleitern und den Mitgliedern des Bauausschusses garantieren einen l\u00fcckenlosen Informationsfluss.<\/div>\n<\/div>\n","protected":false},"excerpt":{"rendered":"<p>In den n\u00e4chsten Wochen und Monaten wollen wir Euch \u00fcber die laufenden Aktivit\u00e4ten zum Bau unserer neuen Feuerwache informieren. Los geht es heute mit der Vorstellung der Projektteams und der Planungsarbeit, die seitens Feuerwehr geleistet wird. Bei den w\u00f6chentlichen Besprechungen im Rathaus bzw. auf der Baustelle und den laufenden Abstimmungen zwischen Architekt, Baufirma und Stadtverwaltung [&hellip;]<\/p>\n","protected":false},"author":72,"featured_media":0,"parent":3260,"menu_order":3,"comment_status":"closed","ping_status":"closed","template":"","meta":{"footnotes":""},"class_list":["post-3584","page","type-page","status-publish","czr-hentry"],"_links":{"self":[{"href":"https:\/\/feuerwehr-rehau.de\/index.php?rest_route=\/wp\/v2\/pages\/3584","targetHints":{"allow":["GET"]}}],"collection":[{"href":"https:\/\/feuerwehr-rehau.de\/index.php?rest_route=\/wp\/v2\/pages"}],"about":[{"href":"https:\/\/feuerwehr-rehau.de\/index.php?rest_route=\/wp\/v2\/types\/page"}],"author":[{"embeddable":true,"href":"https:\/\/feuerwehr-rehau.de\/index.php?rest_route=\/wp\/v2\/users\/72"}],"replies":[{"embeddable":true,"href":"https:\/\/feuerwehr-rehau.de\/index.php?rest_route=%2Fwp%2Fv2%2Fcomments&post=3584"}],"version-history":[{"count":6,"href":"https:\/\/feuerwehr-rehau.de\/index.php?rest_route=\/wp\/v2\/pages\/3584\/revisions"}],"predecessor-version":[{"id":3592,"href":"https:\/\/feuerwehr-rehau.de\/index.php?rest_route=\/wp\/v2\/pages\/3584\/revisions\/3592"}],"up":[{"embeddable":true,"href":"https:\/\/feuerwehr-rehau.de\/index.php?rest_route=\/wp\/v2\/pages\/3260"}],"wp:attachment":[{"href":"https:\/\/feuerwehr-rehau.de\/index.php?rest_route=%2Fwp%2Fv2%2Fmedia&parent=3584"}],"curies":[{"name":"wp","href":"https:\/\/api.w.org\/{rel}","templated":true}]}}