{"id":8490,"date":"2025-06-22T20:28:15","date_gmt":"2025-06-22T18:28:15","guid":{"rendered":"https:\/\/feuerwehr-rehau.de\/?page_id=8490"},"modified":"2025-07-01T23:02:31","modified_gmt":"2025-07-01T21:02:31","slug":"1-gruendung-der-feuerwehr-rehau","status":"publish","type":"page","link":"https:\/\/feuerwehr-rehau.de\/?page_id=8490","title":{"rendered":"1. Gr\u00fcndung der Feuerwehr Rehau"},"content":{"rendered":"\n<p><strong>Mit diesem Beitrag startet unsere Serie \u201e160 Jahre Feuerwehr Rehau\u201c. In den kommenden Wochen werfen wir einen Blick zur\u00fcck auf die ereignisreiche Geschichte unserer Wehr \u2014 von den mutigen Anf\u00e4ngen 1865 bis in die Gegenwart. <\/strong><\/p>\n\n\n\n<h1 class=\"wp-block-heading\">Ein starkes Zeichen der B\u00fcrgerschaft<\/h1>\n\n\n\n<hr class=\"wp-block-separator has-alpha-channel-opacity\"\/>\n\n\n\n<p>Am 13. Juni 1865 versammelte sich in Rehau eine engagierte Gruppe von B\u00fcrgern, um einen wichtigen Grundstein f\u00fcr die Sicherheit ihrer Heimatstadt zu legen: die Gr\u00fcndung der Freiwilligen Feuerwehr Rehau.<\/p>\n\n\n\n<p>Nach vorheriger Einladung kamen Mitglieder des \u00f6rtlichen Turnvereins sowie Vertreter aus Handwerk, Verwaltung und B\u00fcrgerschaft im Beisein von Bezirksamtmann von Rauner zusammen. In einer eindringlichen Ansprache wurde an alle Anwesenden appelliert, sich dem neuen Feuerwehrwesen anzuschlie\u00dfen und durch ihre Unterschrift die Bereitschaft zum aktiven Mitwirken zu bekr\u00e4ftigen.<\/p>\n\n\n\n<p><strong>\u201eEs sey zum Schutze unserer Stadt, zum Wohle der B\u00fcrger und aus Pflichtgef\u00fchl gegen\u00fcber der Gemeinschaft.\u201c<\/strong><br>(Aus der Gr\u00fcndungsversammlung, 1865)<\/p>\n\n\n\n<p>Noch am selben Tag verpflichteten sich die ersten Freiwilligen, k\u00fcnftig f\u00fcr den Schutz der Bev\u00f6lkerung einzutreten.<\/p>\n\n\n\n<hr class=\"wp-block-separator has-alpha-channel-opacity\"\/>\n\n\n\n<h1 class=\"wp-block-heading\">Die erste Organisation<\/h1>\n\n\n\n<p>Zur weiteren Organisation und zur Erarbeitung der Statuten w\u00e4hlte die Versammlung per Akklamation ein Komitee, bestehend aus Pers\u00f6nlichkeiten des \u00f6ffentlichen Lebens:<\/p>\n\n\n\n<ul class=\"wp-block-list\">\n<li>Bezirksamtmann von Rauner<\/li>\n\n\n\n<li>Maurermeister Kropf<\/li>\n\n\n\n<li>Magistratsrat Jacob<\/li>\n\n\n\n<li>Buchbindermeister Sch\u00f6del<\/li>\n\n\n\n<li>Magistratsrat Rothemund<\/li>\n\n\n\n<li>Postexpeditor Schwarz<\/li>\n\n\n\n<li>Schreiner Steinh\u00e4user<\/li>\n\n\n\n<li>Georg Pohrer<\/li>\n\n\n\n<li>Culturtechniker Kolb<\/li>\n\n\n\n<li>Hans Zeh<\/li>\n\n\n\n<li>Turnwart Zapf<\/li>\n\n\n\n<li>Sattlermeister Kropf<\/li>\n<\/ul>\n\n\n\n<p>Diese Herren nahmen ihre Wahl an und begannen unmittelbar mit den Vorbereitungen zur endg\u00fcltigen Gr\u00fcndung und Organisation der Feuerwehr.<\/p>\n\n\n\n<hr class=\"wp-block-separator has-alpha-channel-opacity\"\/>\n\n\n\n<h1 class=\"wp-block-heading\">Ein Verm\u00e4chtnis bis heute<\/h1>\n\n\n\n<p>Die Gr\u00fcndungsurkunde wurde schlie\u00dflich von den anwesenden Mitgliedern unterzeichnet und markiert bis heute den offiziellen Beginn einer nunmehr 160-j\u00e4hrigen Geschichte im Dienst der Sicherheit und des Gemeinwohls unserer Stadt.<\/p>\n\n\n\n<figure class=\"wp-block-image size-full\"><img decoding=\"async\" width=\"1390\" height=\"1027\" src=\"https:\/\/feuerwehr-rehau.de\/wp-content\/uploads\/2025\/06\/IMG_4368.jpeg\" alt=\"\" class=\"wp-image-8500\"\/><\/figure>\n\n\n\n<p>1870-1882 Hauptmann Rothemund mit seinen beiden Adjutanten Millitzer und Neubing<\/p>\n\n\n\n<div style=\"text-align: right; font-style: italic; margin-top: 2em;\">\n  Ein Bericht von Lukas Bucher\n<\/div>\n\n","protected":false},"excerpt":{"rendered":"<p>Mit diesem Beitrag startet unsere Serie \u201e160 Jahre Feuerwehr Rehau\u201c. In den kommenden Wochen werfen wir einen Blick zur\u00fcck auf die ereignisreiche Geschichte unserer Wehr \u2014 von den mutigen Anf\u00e4ngen 1865 bis in die Gegenwart. Ein starkes Zeichen der B\u00fcrgerschaft Am 13. Juni 1865 versammelte sich in Rehau eine engagierte Gruppe von B\u00fcrgern, um einen [&hellip;]<\/p>\n","protected":false},"author":184,"featured_media":0,"parent":0,"menu_order":0,"comment_status":"closed","ping_status":"closed","template":"","meta":{"footnotes":""},"class_list":["post-8490","page","type-page","status-publish","czr-hentry"],"_links":{"self":[{"href":"https:\/\/feuerwehr-rehau.de\/index.php?rest_route=\/wp\/v2\/pages\/8490","targetHints":{"allow":["GET"]}}],"collection":[{"href":"https:\/\/feuerwehr-rehau.de\/index.php?rest_route=\/wp\/v2\/pages"}],"about":[{"href":"https:\/\/feuerwehr-rehau.de\/index.php?rest_route=\/wp\/v2\/types\/page"}],"author":[{"embeddable":true,"href":"https:\/\/feuerwehr-rehau.de\/index.php?rest_route=\/wp\/v2\/users\/184"}],"replies":[{"embeddable":true,"href":"https:\/\/feuerwehr-rehau.de\/index.php?rest_route=%2Fwp%2Fv2%2Fcomments&post=8490"}],"version-history":[{"count":6,"href":"https:\/\/feuerwehr-rehau.de\/index.php?rest_route=\/wp\/v2\/pages\/8490\/revisions"}],"predecessor-version":[{"id":8582,"href":"https:\/\/feuerwehr-rehau.de\/index.php?rest_route=\/wp\/v2\/pages\/8490\/revisions\/8582"}],"wp:attachment":[{"href":"https:\/\/feuerwehr-rehau.de\/index.php?rest_route=%2Fwp%2Fv2%2Fmedia&parent=8490"}],"curies":[{"name":"wp","href":"https:\/\/api.w.org\/{rel}","templated":true}]}}

1. Gründung der Feuerwehr Rehau

<p><strong>Mit diesem Beitrag startet unsere Serie „160 Jahre Feuerwehr Rehau“. In den kommenden Wochen werfen wir einen Blick zurück auf die ereignisreiche Geschichte unserer Wehr — von den mutigen Anfängen 1865 bis in die Gegenwart. </strong></p>



<h1 class="wp-block-heading">Ein starkes Zeichen der Bürgerschaft</h1>



<hr class="wp-block-separator has-alpha-channel-opacity"/>



<p>Am 13. Juni 1865 versammelte sich in Rehau eine engagierte Gruppe von Bürgern, um einen wichtigen Grundstein für die Sicherheit ihrer Heimatstadt zu legen: die Gründung der Freiwilligen Feuerwehr Rehau.</p>



<p>Nach vorheriger Einladung kamen Mitglieder des örtlichen Turnvereins sowie Vertreter aus Handwerk, Verwaltung und Bürgerschaft im Beisein von Bezirksamtmann von Rauner zusammen. In einer eindringlichen Ansprache wurde an alle Anwesenden appelliert, sich dem neuen Feuerwehrwesen anzuschließen und durch ihre Unterschrift die Bereitschaft zum aktiven Mitwirken zu bekräftigen.</p>



<p><strong>„Es sey zum Schutze unserer Stadt, zum Wohle der Bürger und aus Pflichtgefühl gegenüber der Gemeinschaft.“</strong><br>(Aus der Gründungsversammlung, 1865)</p>



<p>Noch am selben Tag verpflichteten sich die ersten Freiwilligen, künftig für den Schutz der Bevölkerung einzutreten.</p>



<hr class="wp-block-separator has-alpha-channel-opacity"/>



<h1 class="wp-block-heading">Die erste Organisation</h1>



<p>Zur weiteren Organisation und zur Erarbeitung der Statuten wählte die Versammlung per Akklamation ein Komitee, bestehend aus Persönlichkeiten des öffentlichen Lebens:</p>



<ul class="wp-block-list">
<li>Bezirksamtmann von Rauner</li>



<li>Maurermeister Kropf</li>



<li>Magistratsrat Jacob</li>



<li>Buchbindermeister Schödel</li>



<li>Magistratsrat Rothemund</li>



<li>Postexpeditor Schwarz</li>



<li>Schreiner Steinhäuser</li>



<li>Georg Pohrer</li>



<li>Culturtechniker Kolb</li>



<li>Hans Zeh</li>



<li>Turnwart Zapf</li>



<li>Sattlermeister Kropf</li>
</ul>



<p>Diese Herren nahmen ihre Wahl an und begannen unmittelbar mit den Vorbereitungen zur endgültigen Gründung und Organisation der Feuerwehr.</p>



<hr class="wp-block-separator has-alpha-channel-opacity"/>



<h1 class="wp-block-heading">Ein Vermächtnis bis heute</h1>



<p>Die Gründungsurkunde wurde schließlich von den anwesenden Mitgliedern unterzeichnet und markiert bis heute den offiziellen Beginn einer nunmehr 160-jährigen Geschichte im Dienst der Sicherheit und des Gemeinwohls unserer Stadt.</p>



<figure class="wp-block-image size-full"><img decoding="async" width="1390" height="1027" src="https://feuerwehr-rehau.de/wp-content/uploads/2025/06/IMG_4368.jpeg" alt="" class="wp-image-8500"/></figure>



<p>1870-1882 Hauptmann Rothemund mit seinen beiden Adjutanten Millitzer und Neubing</p>



<div style="text-align: right; font-style: italic; margin-top: 2em;">
  Ein Bericht von Lukas Bucher
</div>

<p>Mit diesem Beitrag startet unsere Serie „160 Jahre Feuerwehr Rehau“. In den kommenden Wochen werfen wir einen Blick zurück auf die ereignisreiche Geschichte unserer Wehr — von den mutigen Anfängen 1865 bis in die Gegenwart. Ein starkes Zeichen der Bürgerschaft Am 13. Juni 1865 versammelte sich in Rehau eine engagierte Gruppe von Bürgern, um einen [&hellip;]</p>
