{"id":8688,"date":"2025-07-13T18:05:43","date_gmt":"2025-07-13T16:05:43","guid":{"rendered":"https:\/\/feuerwehr-rehau.de\/?page_id=8688"},"modified":"2025-07-19T11:35:16","modified_gmt":"2025-07-19T09:35:16","slug":"4-schutzanzuege-der-feuerwehr-rehau","status":"publish","type":"page","link":"https:\/\/feuerwehr-rehau.de\/?page_id=8688","title":{"rendered":"4. Schutzanz\u00fcge der Feuerwehr Rehau"},"content":{"rendered":"\n<p>Die Ausr\u00fcstung der Feuerwehr spiegelt nicht nur den technischen Fortschritt wider, sondern auch das stetig wachsende Verst\u00e4ndnis f\u00fcr Sicherheit und Gesundheitsschutz im Einsatzdienst. Besonders deutlich wird dieser Wandel bei der Schutzkleidung. Vom schweren Drillichanzug vergangener Jahrzehnte bis hin zu modernen, mehrlagigen Hightech-Textilien \u2013 die Einsatzkleidung der Feuerwehr Rehau hat sich im Laufe der Zeit erheblich ver\u00e4ndert.<\/p>\n\n\n\n<p>Starten wir Mitte des 20. Jahrhunderts&#8230;<\/p>\n\n\n\n<p>Bei diesem Schutzanzugunserer Ortsteilwehr Wurlitz handelt es sich um einen <strong>L\u00f6schanzug aus schwerem Drillich<\/strong>. Der Anzug besteht aus schwerem und gewachstem Baumwoll- oder Leinen-Drillich. Das Material war damals schon schwer entflammbar und bot einen gewissen Hitzeschutz.<\/p>\n\n\n\n<figure class=\"wp-block-image size-large is-resized is-style-default\"><a href=\"https:\/\/feuerwehr-rehau.de\/wp-content\/uploads\/2025\/07\/IMG_5118-scaled.jpeg\"><img decoding=\"async\" width=\"1875\" height=\"2500\" src=\"https:\/\/feuerwehr-rehau.de\/wp-content\/uploads\/2025\/07\/IMG_5118-1875x2500.jpeg\" alt=\"\" class=\"wp-image-8693\" style=\"width:272px;height:auto\" srcset=\"https:\/\/feuerwehr-rehau.de\/wp-content\/uploads\/2025\/07\/IMG_5118-1875x2500.jpeg 1875w, https:\/\/feuerwehr-rehau.de\/wp-content\/uploads\/2025\/07\/IMG_5118-1200x1600.jpeg 1200w, https:\/\/feuerwehr-rehau.de\/wp-content\/uploads\/2025\/07\/IMG_5118-1152x1536.jpeg 1152w, https:\/\/feuerwehr-rehau.de\/wp-content\/uploads\/2025\/07\/IMG_5118-1536x2048.jpeg 1536w, https:\/\/feuerwehr-rehau.de\/wp-content\/uploads\/2025\/07\/IMG_5118-scaled.jpeg 1920w\" sizes=\"(max-width: 1875px) 100vw, 1875px\" \/><\/a><figcaption class=\"wp-element-caption\">L\u00f6schanzug aus schwerem Drillich<\/figcaption><\/figure>\n\n\n\n<p><\/p>\n\n\n\n<p>Nach dem Drillichanzugfolgte der genormte <strong>&#8222;Bayern 2&#8220;<\/strong>, dieses Modell wurde Bayernweit ausgeliefert und bestand aus einer Hose mit Hosentr\u00e4gern, und einer Jacke mit Olivgr\u00fcnem Koller und einem Refelexstreifen am R\u00fccken.  Er wurde aus einer flammenhemmenden Baumwolle gefertigt und hat so einen Besseren Schutz gegen Hitze, aber auch gegen die Mechanische Belastung geboten. Getragen wurde er ca. ab 1980 bis Anfang der 2000er.<\/p>\n\n\n\n<figure class=\"wp-block-image size-large is-resized\"><img decoding=\"async\" width=\"1875\" height=\"2500\" src=\"https:\/\/feuerwehr-rehau.de\/wp-content\/uploads\/2025\/07\/IMG_5120-1875x2500.jpeg\" alt=\"\" class=\"wp-image-8691\" style=\"width:290px;height:auto\" srcset=\"https:\/\/feuerwehr-rehau.de\/wp-content\/uploads\/2025\/07\/IMG_5120-1875x2500.jpeg 1875w, https:\/\/feuerwehr-rehau.de\/wp-content\/uploads\/2025\/07\/IMG_5120-1200x1600.jpeg 1200w, https:\/\/feuerwehr-rehau.de\/wp-content\/uploads\/2025\/07\/IMG_5120-1152x1536.jpeg 1152w, https:\/\/feuerwehr-rehau.de\/wp-content\/uploads\/2025\/07\/IMG_5120-1536x2048.jpeg 1536w, https:\/\/feuerwehr-rehau.de\/wp-content\/uploads\/2025\/07\/IMG_5120-scaled.jpeg 1920w\" sizes=\"(max-width: 1875px) 100vw, 1875px\" \/><figcaption class=\"wp-element-caption\">Bayern 2<\/figcaption><\/figure>\n\n\n\n<p>Mit dem <strong>\u201eBayern 2000\u201c<\/strong> f\u00fchrte der Freistaat Bayern ab den sp\u00e4ten 1990er-Jahren eine moderne Schutzkleidung ein, die auf den Erfahrungen mit dem Bayern-II-Anzug aufbaute, aber deutlich verbesserte Schutzeigenschaften bot. Ziel war es, den Feuerwehrdienstleistenden eine zeitgem\u00e4\u00dfe Einsatzkleidung zur Verf\u00fcgung zu stellen, die sowohl im Innen- als auch im Au\u00dfeneinsatz optimal sch\u00fctzt.<br>In Rehau wurde sich gegen den Bayern 2000 entschieden, stattdessen nahm man einen Schutzanzug der Firma BARTH.<\/p>\n\n\n\n<figure class=\"wp-block-image size-large is-resized\"><img decoding=\"async\" width=\"1875\" height=\"2500\" src=\"https:\/\/feuerwehr-rehau.de\/wp-content\/uploads\/2025\/07\/IMG_5121-1-1875x2500.jpeg\" alt=\"\" class=\"wp-image-8696\" style=\"width:297px;height:auto\" srcset=\"https:\/\/feuerwehr-rehau.de\/wp-content\/uploads\/2025\/07\/IMG_5121-1-1875x2500.jpeg 1875w, https:\/\/feuerwehr-rehau.de\/wp-content\/uploads\/2025\/07\/IMG_5121-1-1200x1600.jpeg 1200w, https:\/\/feuerwehr-rehau.de\/wp-content\/uploads\/2025\/07\/IMG_5121-1-1152x1536.jpeg 1152w, https:\/\/feuerwehr-rehau.de\/wp-content\/uploads\/2025\/07\/IMG_5121-1-1536x2048.jpeg 1536w, https:\/\/feuerwehr-rehau.de\/wp-content\/uploads\/2025\/07\/IMG_5121-1-scaled.jpeg 1920w\" sizes=\"(max-width: 1875px) 100vw, 1875px\" \/><figcaption class=\"wp-element-caption\">Schutzanzug von BARTH<\/figcaption><\/figure>\n\n\n\n<p>Den neuesten Stand in Sachen Schutz und Komfort bietet seit 2017 der bei der Feuerwehr Rehau eingesetzte <strong>Schutzanzug &#8222;Texport X-Treme&#8220;<\/strong>. Diese hochmoderne Einsatzkleidung erf\u00fcllt die aktuellsten Normen (HuPF Teil 1 &amp; 4) und bietet optimalen Schutz f\u00fcr den Innen- wie Au\u00dfenangriff. <\/p>\n\n\n\n<figure class=\"wp-block-gallery has-nested-images columns-default is-cropped wp-block-gallery-1 is-layout-flex wp-block-gallery-is-layout-flex\">\n<figure class=\"wp-block-image size-large\"><a href=\"https:\/\/feuerwehr-rehau.de\/wp-content\/uploads\/2025\/07\/IMG_5372-scaled.jpeg\"><img decoding=\"async\" width=\"1875\" height=\"2500\" data-id=\"8697\" src=\"https:\/\/feuerwehr-rehau.de\/wp-content\/uploads\/2025\/07\/IMG_5372-1875x2500.jpeg\" alt=\"\" class=\"wp-image-8697\" srcset=\"https:\/\/feuerwehr-rehau.de\/wp-content\/uploads\/2025\/07\/IMG_5372-1875x2500.jpeg 1875w, https:\/\/feuerwehr-rehau.de\/wp-content\/uploads\/2025\/07\/IMG_5372-1200x1600.jpeg 1200w, https:\/\/feuerwehr-rehau.de\/wp-content\/uploads\/2025\/07\/IMG_5372-1152x1536.jpeg 1152w, https:\/\/feuerwehr-rehau.de\/wp-content\/uploads\/2025\/07\/IMG_5372-1536x2048.jpeg 1536w, https:\/\/feuerwehr-rehau.de\/wp-content\/uploads\/2025\/07\/IMG_5372-scaled.jpeg 1920w\" sizes=\"(max-width: 1875px) 100vw, 1875px\" \/><\/a><figcaption class=\"wp-element-caption\">Texport X-Treme im Einsatz<\/figcaption><\/figure>\n\n\n\n<figure class=\"wp-block-image size-large\"><a href=\"https:\/\/feuerwehr-rehau.de\/wp-content\/uploads\/2025\/07\/IMG_0793-scaled.jpeg\"><img decoding=\"async\" width=\"2500\" height=\"1667\" data-id=\"8699\" src=\"https:\/\/feuerwehr-rehau.de\/wp-content\/uploads\/2025\/07\/IMG_0793-2500x1667.jpeg\" alt=\"\" class=\"wp-image-8699\" srcset=\"https:\/\/feuerwehr-rehau.de\/wp-content\/uploads\/2025\/07\/IMG_0793-2500x1667.jpeg 2500w, https:\/\/feuerwehr-rehau.de\/wp-content\/uploads\/2025\/07\/IMG_0793-1600x1067.jpeg 1600w, https:\/\/feuerwehr-rehau.de\/wp-content\/uploads\/2025\/07\/IMG_0793-1536x1024.jpeg 1536w, https:\/\/feuerwehr-rehau.de\/wp-content\/uploads\/2025\/07\/IMG_0793-2048x1365.jpeg 2048w\" sizes=\"(max-width: 2500px) 100vw, 2500px\" \/><\/a><figcaption class=\"wp-element-caption\">Texport X-Treme im Einsatz<\/figcaption><\/figure>\n<\/figure>\n\n\n\n<p>Im Januar 2025 wurde zus\u00e4tzlich eine Leichte Schutzjacke angeschafft, um unsere Einsatzkr\u00e4fte im Sommer zu entlasten, diese Jacke ist deutlich d\u00fcnner und leichter als die Standard Schutzjacke, aber auch nicht f\u00fcr den Innenangriff geeignet.<\/p>\n\n\n\n<figure class=\"wp-block-gallery has-nested-images columns-default is-cropped wp-block-gallery-2 is-layout-flex wp-block-gallery-is-layout-flex\">\n<figure class=\"wp-block-image size-large\"><a href=\"https:\/\/feuerwehr-rehau.de\/wp-content\/uploads\/2025\/07\/IMG_2343-scaled.jpeg\"><img decoding=\"async\" width=\"1875\" height=\"2500\" data-id=\"8701\" src=\"https:\/\/feuerwehr-rehau.de\/wp-content\/uploads\/2025\/07\/IMG_2343-1875x2500.jpeg\" alt=\"\" class=\"wp-image-8701\" srcset=\"https:\/\/feuerwehr-rehau.de\/wp-content\/uploads\/2025\/07\/IMG_2343-1875x2500.jpeg 1875w, https:\/\/feuerwehr-rehau.de\/wp-content\/uploads\/2025\/07\/IMG_2343-1200x1600.jpeg 1200w, https:\/\/feuerwehr-rehau.de\/wp-content\/uploads\/2025\/07\/IMG_2343-1152x1536.jpeg 1152w, https:\/\/feuerwehr-rehau.de\/wp-content\/uploads\/2025\/07\/IMG_2343-1536x2048.jpeg 1536w, https:\/\/feuerwehr-rehau.de\/wp-content\/uploads\/2025\/07\/IMG_2343-scaled.jpeg 1920w\" sizes=\"(max-width: 1875px) 100vw, 1875px\" \/><\/a><figcaption class=\"wp-element-caption\">Texport GUARDIAN RSQ<\/figcaption><\/figure>\n\n\n\n<figure class=\"wp-block-image size-large\"><a href=\"https:\/\/feuerwehr-rehau.de\/wp-content\/uploads\/2025\/07\/IMG_2344-scaled.jpeg\"><img decoding=\"async\" width=\"1875\" height=\"2500\" data-id=\"8700\" src=\"https:\/\/feuerwehr-rehau.de\/wp-content\/uploads\/2025\/07\/IMG_2344-1875x2500.jpeg\" alt=\"\" class=\"wp-image-8700\" srcset=\"https:\/\/feuerwehr-rehau.de\/wp-content\/uploads\/2025\/07\/IMG_2344-1875x2500.jpeg 1875w, https:\/\/feuerwehr-rehau.de\/wp-content\/uploads\/2025\/07\/IMG_2344-1200x1600.jpeg 1200w, https:\/\/feuerwehr-rehau.de\/wp-content\/uploads\/2025\/07\/IMG_2344-1152x1536.jpeg 1152w, https:\/\/feuerwehr-rehau.de\/wp-content\/uploads\/2025\/07\/IMG_2344-1536x2048.jpeg 1536w, https:\/\/feuerwehr-rehau.de\/wp-content\/uploads\/2025\/07\/IMG_2344-scaled.jpeg 1920w\" sizes=\"(max-width: 1875px) 100vw, 1875px\" \/><\/a><figcaption class=\"wp-element-caption\">Texport GUARDIAN RSQ<\/figcaption><\/figure>\n<\/figure>\n\n\n\n<p>Die Schutzkleidung der Feuerwehr Rehau hat sich im Laufe der Jahrzehnte stetig weiterentwickelt \u2013 von einfachen Stoffanz\u00fcgen bis hin zur modernen Hightech-Ausr\u00fcstung. In den fr\u00fchen Jahren kamen schwere Drillichanz\u00fcge aus gewachstem Baumwollgewebe zum Einsatz, die nur begrenzten Schutz vor Hitze boten. Ab den 1980er-Jahren wurde der sogenannte \u201eBayern II\u201c-Anzug eingef\u00fchrt \u2013 ein dunkelblauer Schutzanzug mit Reflexstreifen aus flammhemmendem Material, der bereits deutlich mehr Sicherheit und Sichtbarkeit bot. Erg\u00e4nzt wurde er oft durch orangefarbene Warnjacken f\u00fcr Verkehrsunf\u00e4lle und Absicherungen. Ende der 1990er-Jahre folgte der \u201eBayern 2000\u201c, eine modernere Variante mit besserer Passform, strapazierf\u00e4higem Gewebe und verbessertem N\u00e4sseschutz. Den gr\u00f6\u00dften Sprung machte die Einsatzkleidung im Jahr 2017 mit der Einf\u00fchrung des <strong>Texport X-Treme<\/strong>. Dieser mehrlagige Schutzanzug erf\u00fcllt die aktuellen HuPF-Normen und besteht aus hitzebest\u00e4ndigem Au\u00dfenmaterial, feuerfester Membran und w\u00e4rmeisolierendem Innenfutter. Reflexstreifen, ergonomischer Schnitt, integrierter Rettungsgriff und zahlreiche funktionale Details bieten seither h\u00f6chsten Schutz und Komfort \u2013 f\u00fcr den Innenangriff ebenso wie f\u00fcr Technische Hilfeleistungen. <\/p>\n\n\n\n<p><strong>Die Entwicklung der Schutzkleidung zeigt eindrucksvoll, wie sich die Anforderungen an den Feuerwehrdienst ver\u00e4ndert haben \u2013 immer mit dem Ziel, Leben zu retten und dabei bestm\u00f6glich gesch\u00fctzt zu sein.<\/strong><\/p>\n\n\n\n<div style=\"text-align: right; font-style: italic; margin-top: 2em;\">\n  Ein Bericht von Lukas Bucher\n<\/div>\n","protected":false},"excerpt":{"rendered":"<p>Die Ausr\u00fcstung der Feuerwehr spiegelt nicht nur den technischen Fortschritt wider, sondern auch das stetig wachsende Verst\u00e4ndnis f\u00fcr Sicherheit und Gesundheitsschutz im Einsatzdienst. Besonders deutlich wird dieser Wandel bei der Schutzkleidung. Vom schweren Drillichanzug vergangener Jahrzehnte bis hin zu modernen, mehrlagigen Hightech-Textilien \u2013 die Einsatzkleidung der Feuerwehr Rehau hat sich im Laufe der Zeit erheblich [&hellip;]<\/p>\n","protected":false},"author":184,"featured_media":0,"parent":0,"menu_order":0,"comment_status":"closed","ping_status":"closed","template":"","meta":{"footnotes":""},"class_list":["post-8688","page","type-page","status-publish","czr-hentry"],"_links":{"self":[{"href":"https:\/\/feuerwehr-rehau.de\/index.php?rest_route=\/wp\/v2\/pages\/8688","targetHints":{"allow":["GET"]}}],"collection":[{"href":"https:\/\/feuerwehr-rehau.de\/index.php?rest_route=\/wp\/v2\/pages"}],"about":[{"href":"https:\/\/feuerwehr-rehau.de\/index.php?rest_route=\/wp\/v2\/types\/page"}],"author":[{"embeddable":true,"href":"https:\/\/feuerwehr-rehau.de\/index.php?rest_route=\/wp\/v2\/users\/184"}],"replies":[{"embeddable":true,"href":"https:\/\/feuerwehr-rehau.de\/index.php?rest_route=%2Fwp%2Fv2%2Fcomments&post=8688"}],"version-history":[{"count":3,"href":"https:\/\/feuerwehr-rehau.de\/index.php?rest_route=\/wp\/v2\/pages\/8688\/revisions"}],"predecessor-version":[{"id":8753,"href":"https:\/\/feuerwehr-rehau.de\/index.php?rest_route=\/wp\/v2\/pages\/8688\/revisions\/8753"}],"wp:attachment":[{"href":"https:\/\/feuerwehr-rehau.de\/index.php?rest_route=%2Fwp%2Fv2%2Fmedia&parent=8688"}],"curies":[{"name":"wp","href":"https:\/\/api.w.org\/{rel}","templated":true}]}}