{"id":8950,"date":"2025-09-14T20:14:42","date_gmt":"2025-09-14T18:14:42","guid":{"rendered":"https:\/\/feuerwehr-rehau.de\/?page_id=8950"},"modified":"2025-09-14T20:16:10","modified_gmt":"2025-09-14T18:16:10","slug":"13-die-chroniken-der-feuerwehr-rehau","status":"publish","type":"page","link":"https:\/\/feuerwehr-rehau.de\/?page_id=8950","title":{"rendered":"13. Die Chroniken der Feuerwehr Rehau"},"content":{"rendered":"\n<!-- Google Font laden -->\n<link href=\"https:\/\/fonts.googleapis.com\/css2?family=Dancing+Script:wght@400;700&#038;display=swap\" rel=\"stylesheet\">\n\n<div class=\"goethe-zitat\">\n  Im Anfang war die Tat\n  <span class=\"citation\">(Goethe, Faust 1. Teil)<\/span>\n<\/div>\n\n<style>\n.goethe-zitat {\n  font-family: \"Dancing Script\", cursive;\n  font-size: 2.2rem;\n  text-align: center;\n  color: #1a1a1a;\n  line-height: 1.3;\n  margin: 2rem 0;\n}\n\n.goethe-zitat .citation {\n  display: block;\n  margin-top: 1.4rem;\n  font-size: 1rem;\n  font-family: Georgia, \"Times New Roman\", serif;\n  font-style: italic;\n  opacity: 0.7;\n}\n<\/style>\n\n\n\n<p>Als Abschluss meiner Serie von R\u00fcckblicken auf die Geschichte der Feuerwehr Rehau wollen wir einmal nicht auf gro\u00dfe Eins\u00e4tze, neue Fahrzeuge oder besondere Jubil\u00e4en blicken, sondern auf etwas, das still und leise im Hintergrund geschah \u2013 und dennoch unbezahlbar ist. Denn all die Geschichten, die in den letzten Wochen geteilt werden konnten, w\u00e4ren heute l\u00e4ngst vergessen, h\u00e4tte es nicht Menschen gegeben, die sie mit Geduld, Sorgfalt und Herzblut f\u00fcr uns bewahrt haben. Sie haben Erinnerungen nicht nur gesammelt, sondern ihnen ein Zuhause gegeben \u2013 in unseren Chroniken.<\/p>\n\n\n\n<p>Diese Chroniken beginnen im Jahr 1953 und wurden ab 1963 bis 2003 nahezu l\u00fcckenlos gef\u00fchrt. Den Anfang machte damals der damalige Kommandant Georg Renz, der mit gro\u00dfem Eifer begann, die kleinen und gro\u00dfen Momente der Feuerwehr Rehau festzuhalten. In einer Zeit ohne Computer, ohne digitale Kameras und ohne die Bequemlichkeit moderner Technik war dies eine m\u00fchsame Aufgabe: Berichte wurden von Hand geschrieben, Fotos mussten entwickelt, gesammelt und beschriftet werden. Doch Renz tat all das mit dem Bewusstsein, wie wichtig es ist, die Geschichte der eigenen Feuerwehr zu bewahren.<\/p>\n\n\n\n<figure class=\"wp-block-gallery has-nested-images columns-default is-cropped wp-block-gallery-1 is-layout-flex wp-block-gallery-is-layout-flex\">\n<figure class=\"wp-block-image size-large\"><a href=\"https:\/\/feuerwehr-rehau.de\/wp-content\/uploads\/2025\/09\/IMG_6251-scaled.jpeg\"><img decoding=\"async\" width=\"1875\" height=\"2500\" data-id=\"8954\" src=\"https:\/\/feuerwehr-rehau.de\/wp-content\/uploads\/2025\/09\/IMG_6251-1875x2500.jpeg\" alt=\"\" class=\"wp-image-8954\" srcset=\"https:\/\/feuerwehr-rehau.de\/wp-content\/uploads\/2025\/09\/IMG_6251-1875x2500.jpeg 1875w, https:\/\/feuerwehr-rehau.de\/wp-content\/uploads\/2025\/09\/IMG_6251-1200x1600.jpeg 1200w, https:\/\/feuerwehr-rehau.de\/wp-content\/uploads\/2025\/09\/IMG_6251-1152x1536.jpeg 1152w, https:\/\/feuerwehr-rehau.de\/wp-content\/uploads\/2025\/09\/IMG_6251-1536x2048.jpeg 1536w, https:\/\/feuerwehr-rehau.de\/wp-content\/uploads\/2025\/09\/IMG_6251-scaled.jpeg 1920w\" sizes=\"(max-width: 1875px) 100vw, 1875px\" \/><\/a><figcaption class=\"wp-element-caption\">1. Chronik<\/figcaption><\/figure>\n\n\n\n<figure class=\"wp-block-image size-large\"><a href=\"https:\/\/feuerwehr-rehau.de\/wp-content\/uploads\/2025\/09\/IMG_6252-scaled.jpeg\"><img decoding=\"async\" width=\"2014\" height=\"2500\" data-id=\"8953\" src=\"https:\/\/feuerwehr-rehau.de\/wp-content\/uploads\/2025\/09\/IMG_6252-2014x2500.jpeg\" alt=\"\" class=\"wp-image-8953\" srcset=\"https:\/\/feuerwehr-rehau.de\/wp-content\/uploads\/2025\/09\/IMG_6252-2014x2500.jpeg 2014w, https:\/\/feuerwehr-rehau.de\/wp-content\/uploads\/2025\/09\/IMG_6252-1289x1600.jpeg 1289w, https:\/\/feuerwehr-rehau.de\/wp-content\/uploads\/2025\/09\/IMG_6252-1238x1536.jpeg 1238w, https:\/\/feuerwehr-rehau.de\/wp-content\/uploads\/2025\/09\/IMG_6252-1650x2048.jpeg 1650w\" sizes=\"(max-width: 2014px) 100vw, 2014px\" \/><\/a><figcaption class=\"wp-element-caption\">Vorwort von G. Renz<\/figcaption><\/figure>\n<\/figure>\n\n\n\n<p>Nach ihm \u00fcbernahm Gustav Winterling diese besondere Aufgabe. Mit viel Liebe zum Detail und einem feinen Gesp\u00fcr f\u00fcr die Bedeutung jedes einzelnen Ereignisses setzte er das Werk fort. Unter seiner Feder wurden die Chroniken zu einem lebendigen Spiegel der Kameradschaft, der Freude und manchmal auch der Sorgen, die das Feuerwehrleben mit sich bringt.<\/p>\n\n\n\n<figure class=\"wp-block-gallery has-nested-images columns-default is-cropped wp-block-gallery-2 is-layout-flex wp-block-gallery-is-layout-flex\">\n<figure class=\"wp-block-image size-large\"><a href=\"https:\/\/feuerwehr-rehau.de\/wp-content\/uploads\/2025\/09\/IMG_6253-scaled.jpeg\"><img decoding=\"async\" width=\"1875\" height=\"2500\" data-id=\"8952\" src=\"https:\/\/feuerwehr-rehau.de\/wp-content\/uploads\/2025\/09\/IMG_6253-1875x2500.jpeg\" alt=\"\" class=\"wp-image-8952\" srcset=\"https:\/\/feuerwehr-rehau.de\/wp-content\/uploads\/2025\/09\/IMG_6253-1875x2500.jpeg 1875w, https:\/\/feuerwehr-rehau.de\/wp-content\/uploads\/2025\/09\/IMG_6253-1200x1600.jpeg 1200w, https:\/\/feuerwehr-rehau.de\/wp-content\/uploads\/2025\/09\/IMG_6253-1152x1536.jpeg 1152w, https:\/\/feuerwehr-rehau.de\/wp-content\/uploads\/2025\/09\/IMG_6253-1536x2048.jpeg 1536w, https:\/\/feuerwehr-rehau.de\/wp-content\/uploads\/2025\/09\/IMG_6253-scaled.jpeg 1920w\" sizes=\"(max-width: 1875px) 100vw, 1875px\" \/><\/a><figcaption class=\"wp-element-caption\">Die Titelbilder der Chroniken<\/figcaption><\/figure>\n\n\n\n<figure class=\"wp-block-image size-large\"><a href=\"https:\/\/feuerwehr-rehau.de\/wp-content\/uploads\/2025\/09\/IMG_6254-scaled.jpeg\"><img decoding=\"async\" width=\"2500\" height=\"1875\" data-id=\"8951\" src=\"https:\/\/feuerwehr-rehau.de\/wp-content\/uploads\/2025\/09\/IMG_6254-2500x1875.jpeg\" alt=\"\" class=\"wp-image-8951\" srcset=\"https:\/\/feuerwehr-rehau.de\/wp-content\/uploads\/2025\/09\/IMG_6254-2500x1875.jpeg 2500w, https:\/\/feuerwehr-rehau.de\/wp-content\/uploads\/2025\/09\/IMG_6254-1600x1200.jpeg 1600w, https:\/\/feuerwehr-rehau.de\/wp-content\/uploads\/2025\/09\/IMG_6254-1536x1152.jpeg 1536w, https:\/\/feuerwehr-rehau.de\/wp-content\/uploads\/2025\/09\/IMG_6254-2048x1536.jpeg 2048w\" sizes=\"(max-width: 2500px) 100vw, 2500px\" \/><\/a><figcaption class=\"wp-element-caption\">Ausschnitt der Chroniken<\/figcaption><\/figure>\n<\/figure>\n\n\n\n<p>Sp\u00e4ter f\u00fchrte Sandro H\u00f6ll diese Arbeit fort. Er kn\u00fcpfte nahtlos an die Arbeit seiner Vorg\u00e4nger an und setzte sie mit derselben Sorgfalt und Hingabe fort. Es war keine spektakul\u00e4re Neuerfindung, sondern ein behutsames Weitertragen des Feuers, das andere zuvor entz\u00fcndet hatten \u2013 und genau darin liegt der besondere Wert seines Beitrags.<\/p>\n\n\n\n<p>Den vorl\u00e4ufigen Abschluss dieser Reihe an Chronisten bildete schlie\u00dflich Volker Bucher, der damals wie heute noch aktiver Feuerwehrmann in Rehau ist, und nun als Kreisbrandmeister t\u00e4tig ist. Mit gro\u00dfem Engagement f\u00fchrte er die Chroniken bis ins Jahr 2003 weiter und bewahrte damit nicht nur die Geschichte der Feuerwehr Rehau, sondern auch ein St\u00fcck Heimat, auf das wir alle stolz sein k\u00f6nnen.<\/p>\n\n\n\n<p>Nat\u00fcrlich waren es nicht allein die Chronisten, die dieses Werk m\u00f6glich gemacht haben. Viele Kameradinnen und Kameraden oder Verwandte steuerten Informationen, Fotos, Zeitungsausschnitte und Erinnerungen bei. Doch es brauchte Menschen wie sie, die alles sammelten, ordneten und zu einer fortlaufenden Geschichte verwoben haben.<\/p>\n\n\n\n<p>Diese Chroniken sind viel mehr als nur vergilbte Seiten in alten B\u00fcchern. Sie sind unser Ged\u00e4chtnis. Sie erz\u00e4hlen davon, wer wir sind, was uns verbindet und was uns seit Generationen antreibt: Zusammenhalt, Hilfsbereitschaft und der Wille, f\u00fcr andere da zu sein. Mit diesem R\u00fcckblick m\u00f6chten wir all jenen danken, die dieses Erbe geschaffen und bewahrt haben. Sie haben nicht nur Geschichte aufgeschrieben \u2013 sie haben sie lebendig gehalten.<\/p>\n\n\n\n<p><\/p>\n\n\n\n<div style=\"text-align: right; font-style: italic; margin-top: 2em;\">\n  Ein Bericht von Lukas Bucher\n","protected":false},"excerpt":{"rendered":"<p>Im Anfang war die Tat (Goethe, Faust 1. Teil) Als Abschluss meiner Serie von R\u00fcckblicken auf die Geschichte der Feuerwehr Rehau wollen wir einmal nicht auf gro\u00dfe Eins\u00e4tze, neue Fahrzeuge oder besondere Jubil\u00e4en blicken, sondern auf etwas, das still und leise im Hintergrund geschah \u2013 und dennoch unbezahlbar ist. Denn all die Geschichten, die in [&hellip;]<\/p>\n","protected":false},"author":184,"featured_media":0,"parent":0,"menu_order":0,"comment_status":"closed","ping_status":"closed","template":"","meta":{"footnotes":""},"class_list":["post-8950","page","type-page","status-publish","czr-hentry"],"_links":{"self":[{"href":"https:\/\/feuerwehr-rehau.de\/index.php?rest_route=\/wp\/v2\/pages\/8950","targetHints":{"allow":["GET"]}}],"collection":[{"href":"https:\/\/feuerwehr-rehau.de\/index.php?rest_route=\/wp\/v2\/pages"}],"about":[{"href":"https:\/\/feuerwehr-rehau.de\/index.php?rest_route=\/wp\/v2\/types\/page"}],"author":[{"embeddable":true,"href":"https:\/\/feuerwehr-rehau.de\/index.php?rest_route=\/wp\/v2\/users\/184"}],"replies":[{"embeddable":true,"href":"https:\/\/feuerwehr-rehau.de\/index.php?rest_route=%2Fwp%2Fv2%2Fcomments&post=8950"}],"version-history":[{"count":2,"href":"https:\/\/feuerwehr-rehau.de\/index.php?rest_route=\/wp\/v2\/pages\/8950\/revisions"}],"predecessor-version":[{"id":8959,"href":"https:\/\/feuerwehr-rehau.de\/index.php?rest_route=\/wp\/v2\/pages\/8950\/revisions\/8959"}],"wp:attachment":[{"href":"https:\/\/feuerwehr-rehau.de\/index.php?rest_route=%2Fwp%2Fv2%2Fmedia&parent=8950"}],"curies":[{"name":"wp","href":"https:\/\/api.w.org\/{rel}","templated":true}]}}

<!-- Google Font laden -->
<link href="https://fonts.googleapis.com/css2?family=Dancing+Script:wght@400;700&#038;display=swap" rel="stylesheet">

<div class="goethe-zitat">
  Im Anfang war die Tat
  <span class="citation">(Goethe, Faust 1. Teil)</span>
</div>

<style>
.goethe-zitat {
  font-family: "Dancing Script", cursive;
  font-size: 2.2rem;
  text-align: center;
  color: #1a1a1a;
  line-height: 1.3;
  margin: 2rem 0;
}

.goethe-zitat .citation {
  display: block;
  margin-top: 1.4rem;
  font-size: 1rem;
  font-family: Georgia, "Times New Roman", serif;
  font-style: italic;
  opacity: 0.7;
}
</style>



<p>Als Abschluss meiner Serie von Rückblicken auf die Geschichte der Feuerwehr Rehau wollen wir einmal nicht auf große Einsätze, neue Fahrzeuge oder besondere Jubiläen blicken, sondern auf etwas, das still und leise im Hintergrund geschah – und dennoch unbezahlbar ist. Denn all die Geschichten, die in den letzten Wochen geteilt werden konnten, wären heute längst vergessen, hätte es nicht Menschen gegeben, die sie mit Geduld, Sorgfalt und Herzblut für uns bewahrt haben. Sie haben Erinnerungen nicht nur gesammelt, sondern ihnen ein Zuhause gegeben – in unseren Chroniken.</p>



<p>Diese Chroniken beginnen im Jahr 1953 und wurden ab 1963 bis 2003 nahezu lückenlos geführt. Den Anfang machte damals der damalige Kommandant Georg Renz, der mit großem Eifer begann, die kleinen und großen Momente der Feuerwehr Rehau festzuhalten. In einer Zeit ohne Computer, ohne digitale Kameras und ohne die Bequemlichkeit moderner Technik war dies eine mühsame Aufgabe: Berichte wurden von Hand geschrieben, Fotos mussten entwickelt, gesammelt und beschriftet werden. Doch Renz tat all das mit dem Bewusstsein, wie wichtig es ist, die Geschichte der eigenen Feuerwehr zu bewahren.</p>



<figure class="wp-block-gallery has-nested-images columns-default is-cropped wp-block-gallery-1 is-layout-flex wp-block-gallery-is-layout-flex">
<figure class="wp-block-image size-large"><a href="https://feuerwehr-rehau.de/wp-content/uploads/2025/09/IMG_6251-scaled.jpeg"><img decoding="async" width="1875" height="2500" data-id="8954" src="https://feuerwehr-rehau.de/wp-content/uploads/2025/09/IMG_6251-1875x2500.jpeg" alt="" class="wp-image-8954" srcset="https://feuerwehr-rehau.de/wp-content/uploads/2025/09/IMG_6251-1875x2500.jpeg 1875w, https://feuerwehr-rehau.de/wp-content/uploads/2025/09/IMG_6251-1200x1600.jpeg 1200w, https://feuerwehr-rehau.de/wp-content/uploads/2025/09/IMG_6251-1152x1536.jpeg 1152w, https://feuerwehr-rehau.de/wp-content/uploads/2025/09/IMG_6251-1536x2048.jpeg 1536w, https://feuerwehr-rehau.de/wp-content/uploads/2025/09/IMG_6251-scaled.jpeg 1920w" sizes="(max-width: 1875px) 100vw, 1875px" /></a><figcaption class="wp-element-caption">1. Chronik</figcaption></figure>



<figure class="wp-block-image size-large"><a href="https://feuerwehr-rehau.de/wp-content/uploads/2025/09/IMG_6252-scaled.jpeg"><img decoding="async" width="2014" height="2500" data-id="8953" src="https://feuerwehr-rehau.de/wp-content/uploads/2025/09/IMG_6252-2014x2500.jpeg" alt="" class="wp-image-8953" srcset="https://feuerwehr-rehau.de/wp-content/uploads/2025/09/IMG_6252-2014x2500.jpeg 2014w, https://feuerwehr-rehau.de/wp-content/uploads/2025/09/IMG_6252-1289x1600.jpeg 1289w, https://feuerwehr-rehau.de/wp-content/uploads/2025/09/IMG_6252-1238x1536.jpeg 1238w, https://feuerwehr-rehau.de/wp-content/uploads/2025/09/IMG_6252-1650x2048.jpeg 1650w" sizes="(max-width: 2014px) 100vw, 2014px" /></a><figcaption class="wp-element-caption">Vorwort von G. Renz</figcaption></figure>
</figure>



<p>Nach ihm übernahm Gustav Winterling diese besondere Aufgabe. Mit viel Liebe zum Detail und einem feinen Gespür für die Bedeutung jedes einzelnen Ereignisses setzte er das Werk fort. Unter seiner Feder wurden die Chroniken zu einem lebendigen Spiegel der Kameradschaft, der Freude und manchmal auch der Sorgen, die das Feuerwehrleben mit sich bringt.</p>



<figure class="wp-block-gallery has-nested-images columns-default is-cropped wp-block-gallery-2 is-layout-flex wp-block-gallery-is-layout-flex">
<figure class="wp-block-image size-large"><a href="https://feuerwehr-rehau.de/wp-content/uploads/2025/09/IMG_6253-scaled.jpeg"><img decoding="async" width="1875" height="2500" data-id="8952" src="https://feuerwehr-rehau.de/wp-content/uploads/2025/09/IMG_6253-1875x2500.jpeg" alt="" class="wp-image-8952" srcset="https://feuerwehr-rehau.de/wp-content/uploads/2025/09/IMG_6253-1875x2500.jpeg 1875w, https://feuerwehr-rehau.de/wp-content/uploads/2025/09/IMG_6253-1200x1600.jpeg 1200w, https://feuerwehr-rehau.de/wp-content/uploads/2025/09/IMG_6253-1152x1536.jpeg 1152w, https://feuerwehr-rehau.de/wp-content/uploads/2025/09/IMG_6253-1536x2048.jpeg 1536w, https://feuerwehr-rehau.de/wp-content/uploads/2025/09/IMG_6253-scaled.jpeg 1920w" sizes="(max-width: 1875px) 100vw, 1875px" /></a><figcaption class="wp-element-caption">Die Titelbilder der Chroniken</figcaption></figure>



<figure class="wp-block-image size-large"><a href="https://feuerwehr-rehau.de/wp-content/uploads/2025/09/IMG_6254-scaled.jpeg"><img decoding="async" width="2500" height="1875" data-id="8951" src="https://feuerwehr-rehau.de/wp-content/uploads/2025/09/IMG_6254-2500x1875.jpeg" alt="" class="wp-image-8951" srcset="https://feuerwehr-rehau.de/wp-content/uploads/2025/09/IMG_6254-2500x1875.jpeg 2500w, https://feuerwehr-rehau.de/wp-content/uploads/2025/09/IMG_6254-1600x1200.jpeg 1600w, https://feuerwehr-rehau.de/wp-content/uploads/2025/09/IMG_6254-1536x1152.jpeg 1536w, https://feuerwehr-rehau.de/wp-content/uploads/2025/09/IMG_6254-2048x1536.jpeg 2048w" sizes="(max-width: 2500px) 100vw, 2500px" /></a><figcaption class="wp-element-caption">Ausschnitt der Chroniken</figcaption></figure>
</figure>



<p>Später führte Sandro Höll diese Arbeit fort. Er knüpfte nahtlos an die Arbeit seiner Vorgänger an und setzte sie mit derselben Sorgfalt und Hingabe fort. Es war keine spektakuläre Neuerfindung, sondern ein behutsames Weitertragen des Feuers, das andere zuvor entzündet hatten – und genau darin liegt der besondere Wert seines Beitrags.</p>



<p>Den vorläufigen Abschluss dieser Reihe an Chronisten bildete schließlich Volker Bucher, der damals wie heute noch aktiver Feuerwehrmann in Rehau ist, und nun als Kreisbrandmeister tätig ist. Mit großem Engagement führte er die Chroniken bis ins Jahr 2003 weiter und bewahrte damit nicht nur die Geschichte der Feuerwehr Rehau, sondern auch ein Stück Heimat, auf das wir alle stolz sein können.</p>



<p>Natürlich waren es nicht allein die Chronisten, die dieses Werk möglich gemacht haben. Viele Kameradinnen und Kameraden oder Verwandte steuerten Informationen, Fotos, Zeitungsausschnitte und Erinnerungen bei. Doch es brauchte Menschen wie sie, die alles sammelten, ordneten und zu einer fortlaufenden Geschichte verwoben haben.</p>



<p>Diese Chroniken sind viel mehr als nur vergilbte Seiten in alten Büchern. Sie sind unser Gedächtnis. Sie erzählen davon, wer wir sind, was uns verbindet und was uns seit Generationen antreibt: Zusammenhalt, Hilfsbereitschaft und der Wille, für andere da zu sein. Mit diesem Rückblick möchten wir all jenen danken, die dieses Erbe geschaffen und bewahrt haben. Sie haben nicht nur Geschichte aufgeschrieben – sie haben sie lebendig gehalten.</p>



<p></p>



<div style="text-align: right; font-style: italic; margin-top: 2em;">
  Ein Bericht von Lukas Bucher

<p>Im Anfang war die Tat (Goethe, Faust 1. Teil) Als Abschluss meiner Serie von Rückblicken auf die Geschichte der Feuerwehr Rehau wollen wir einmal nicht auf große Einsätze, neue Fahrzeuge oder besondere Jubiläen blicken, sondern auf etwas, das still und leise im Hintergrund geschah – und dennoch unbezahlbar ist. Denn all die Geschichten, die in [&hellip;]</p>
